{"id":11,"date":"2017-10-17T10:56:59","date_gmt":"2017-10-17T08:56:59","guid":{"rendered":"https:\/\/2018.pontevedra.wordcamp.org\/location\/"},"modified":"2018-07-16T12:26:13","modified_gmt":"2018-07-16T10:26:13","slug":"localizacion","status":"publish","type":"page","link":"https:\/\/pontevedra.wordcamp.org\/2018\/localizacion\/","title":{"rendered":"Localizaci\u00f3n"},"content":{"rendered":"<h1>Localizaci\u00f3n \/ Location<\/h1>\n<p>La WordCamp Pontevedra se celebrar\u00e1 en la <strong>Facultad de Ciencias Sociales y de la Comunicaci\u00f3n<\/strong>, en el Campus de Pontevedra de la Universidad de Vigo.<\/p>\n<p><span style=\"color: #3576ba\">A WordCamp Pontevedra celebrarase na <strong>Facultade de Ciencias Sociais e da Comunicaci\u00f3n<\/strong>, no Campus de Pontevedra da Universidade de Vigo.<\/span><\/p>\n<p><span style=\"color: #999\">WordCamp Pontevedra will be held at the <strong>Faculty of Social Sciences and Communication<\/strong>, in the Pontevedra Campus of University of Vigo.<\/span><\/p>\n<h2>Mapa \/ Map<\/h2>\n<p style=\"text-align: center\">Campus Universitario da Xunqueira, s\/n<br \/>\n36005 &#8211; Pontevedra<\/p>\n<div class=\"googlemaps\">\n\t\t\t\t<iframe loading=\"lazy\" width=\"600\" height=\"450\" frameborder=\"0\" scrolling=\"no\" marginheight=\"0\" marginwidth=\"0\"  src=\"https:\/\/www.google.com\/maps\/embed?pb=!1m18!1m12!1m3!1d2944.4200172590604!2d-8.640164984541167!3d42.44007867918149!2m3!1f0!2f0!3f0!3m2!1i1024!2i768!4f13.1!3m3!1m2!1s0xd2f71bff8678d99:0x9dd6bce210bb559!2sUniversidad%20de%20Vigo:%20Facultade%20de%20Ciencias%20Sociais%20e%20da%20Comunicaci\u00f3n!5e0!3m2!1ses!2ses!4v1531489198528\"><\/iframe>\n\t\t\t<\/div>\n<h2>\u00bfC\u00f3mo llegar? \/ Como chegar? \/ How to get there?<\/h2>\n<p>Si ya est\u00e1s en Pontevedra, la mejor manera de llegar a la WordCamp es andando. Est\u00e1s en una ciudad peque\u00f1a pensada para el peat\u00f3n y, desde el centro, no te va a llevar m\u00e1s de 15 minutos de paseo cruzando el Puente de Santiago.<\/p>\n<p>Para que te hagas una idea de la ciudad, aqu\u00ed debajo dejamos un par de mapas. El primero, con los puntos m\u00e1s relevantes: las dos estaciones, la facultad en la que ser\u00e1 la WordCamp, la facultad en la que se realizar\u00e1 la meetup del viernes 21\/09, la Peregrina como punto de referencia en la ciudad y la zona del casco viejo, donde ser\u00e1 la <em>after party<\/em> del s\u00e1bado y donde podr\u00e1s comer sin miedo a equivocarte.<\/p>\n<hr \/>\n<p><span style=\"color: #3576ba\">Se xa est\u00e1s en Pontevedra, a mellor forma de chegar \u00e1 WordCamp \u00e9 a p\u00e9. Est\u00e1s nunha pequena cidade pensada para o pe\u00f3n e, dende o centro, non son m\u00e1is de 15 minutos de andaina atravesando pola Ponte de Santiago.<\/span><\/p>\n<p><span style=\"color: #3576ba\">\u00c9 a primeira vez que visitas Pontevedra? Aqu\u00ed tes un par de mapas para co\u00f1ecer a cidade. O primeiro abrengue os puntos m\u00e1is destacados: \u00e1mbalas d\u00faas estaci\u00f3ns, a facultade na que se realizar\u00e1 a WordCamp, a facultade na que se realizar\u00e1 a meetup o venres 21\/09, a Peregrina como punto de referencia da cidade maila \u00e1rea do casco vello, que acoller\u00e1 a <em>after party<\/em> do s\u00e1bado e onde un pode comer sen enganarse na elecci\u00f3n.<\/span><\/p>\n<hr \/>\n<p><span style=\"color: #999\">If you are already in Pontevedra, the best way to get to the WordCamp is walking. You are in a small city designed for the pedestrian and from the center of the city it will not take you more than 15 minutes walking across the bridge of Santiago.<\/span><\/p>\n<p><span style=\"color: #999\">To give you an idea of the city, here we leave a couple of maps. The first with the most relevant points; the two stations, the faculty in which the WordCamp will take place, the faculty in which the meetup will take place on Friday 21\/09, the Peregrina, the city\u2019s reference point, and the Old town area, where the after party will take place on Saturday night and where you will have lots of choice for eating out.<\/span><\/p>\n<p><img loading=\"lazy\" decoding=\"async\" class=\"alignnone size-large wp-image-465\" src=\"https:\/\/2018.pontevedra.wordcamp.org\/files\/2018\/07\/mapa-pontevedra-805x1024.jpg\" alt=\"Mapa de Pontevedra\" width=\"805\" height=\"1024\" srcset=\"https:\/\/pontevedra.wordcamp.org\/2018\/files\/2018\/07\/mapa-pontevedra-805x1024.jpg 805w, https:\/\/pontevedra.wordcamp.org\/2018\/files\/2018\/07\/mapa-pontevedra-236x300.jpg 236w, https:\/\/pontevedra.wordcamp.org\/2018\/files\/2018\/07\/mapa-pontevedra-768x976.jpg 768w, https:\/\/pontevedra.wordcamp.org\/2018\/files\/2018\/07\/mapa-pontevedra.jpg 1194w\" sizes=\"auto, (max-width: 805px) 85vw, 805px\" \/><\/p>\n<p>&nbsp;<\/p>\n<p>Y el segundo un mapa, creado por el Concello de Pontevedra, que refleja el tiempo que se tarda en llegar desde unas partes de la ciudad a otras\u2026 caminando. S\u00ed, \u00a1es como un mapa de metro pero para peatones!<\/p>\n<p><span style=\"color: #3576ba\">E o segundo \u00e9 un mapa creado polo Concello de Pontevedra que marca canto tempo leva desprazarse por diferentes zonas da cidade, dun lado a outro\u2026 cami\u00f1ando. Si, coma se fose un mapa do metro, pero para pe\u00f3ns!<\/span><\/p>\n<p><span style=\"color: #999\">And the second map, created by the Council of Pontevedra, reflects the time it takes to get from different parts of the city to others\u2026 walking. Yes, it\u2019s like a subway map but for pedestrians.<\/span><\/p>\n<p>&nbsp;<\/p>\n<p><img loading=\"lazy\" decoding=\"async\" class=\"alignnone size-full wp-image-467\" src=\"https:\/\/2018.pontevedra.wordcamp.org\/files\/2018\/07\/Metrominuto-traz.jpg\" alt=\"Metrominuto Pontevedra\" width=\"953\" height=\"824\" srcset=\"https:\/\/pontevedra.wordcamp.org\/2018\/files\/2018\/07\/Metrominuto-traz.jpg 953w, https:\/\/pontevedra.wordcamp.org\/2018\/files\/2018\/07\/Metrominuto-traz-300x259.jpg 300w, https:\/\/pontevedra.wordcamp.org\/2018\/files\/2018\/07\/Metrominuto-traz-768x664.jpg 768w, https:\/\/pontevedra.wordcamp.org\/2018\/files\/2018\/07\/Metrominuto-traz-347x300.jpg 347w\" sizes=\"auto, (max-width: 709px) 85vw, (max-width: 909px) 67vw, (max-width: 1362px) 62vw, 840px\" \/><\/p>\n<p>&nbsp;<\/p>\n<p>Si vienes en tu propio veh\u00edculo, en la zona de la Universidad hay aparcamiento de sobra para dejar el coche. No ser\u00e1 ning\u00fan problema.<\/p>\n<p>Y si tu duda es m\u00e1s bien c\u00f3mo llegar a Pontevedra, \u00e9chale un ojo a nuestra p\u00e1gina de <a href=\"https:\/\/2018.pontevedra.wordcamp.org\/transporte\/\">transporte<\/a>.<\/p>\n<p><span style=\"color: #3576ba\">Se viaxas no teu autom\u00f3bil, na zona da Universidade atopar\u00e1s espazo de aparcamento dabondo no que deixar o coche. Non ter\u00e1s problema ning\u00fan.<\/span><\/p>\n<p><span style=\"color: #3576ba\">E se a t\u00faa d\u00fabida ten m\u00e1is que ver con como chegar a Pontevedra, consulta a nosa p\u00e1xina de <a href=\"https:\/\/2018.pontevedra.wordcamp.org\/transporte\/\">transporte<\/a>.<\/span><\/p>\n<p><span style=\"color: #999\">If you come by car, in the University area there is plenty of parking places to leave the car, it will not be a problem.<\/span><\/p>\n<p><span style=\"color: #999\">And if your doubt is how to arrive to Pontevedra, take a look at our <a href=\"https:\/\/2018.pontevedra.wordcamp.org\/transporte\/\">transport<\/a> page.<\/span><\/p>\n","protected":false},"excerpt":{"rendered":"<p>Localizaci\u00f3n \/ Location La WordCamp Pontevedra se celebrar\u00e1 en la Facultad de Ciencias Sociales y de la Comunicaci\u00f3n, en el Campus de Pontevedra de la Universidad de Vigo. A WordCamp Pontevedra celebrarase na Facultade de Ciencias Sociais e da Comunicaci\u00f3n, no Campus de Pontevedra da Universidade de Vigo. WordCamp Pontevedra will be held at the &hellip; <a href=\"https:\/\/pontevedra.wordcamp.org\/2018\/localizacion\/\" class=\"more-link\">Continuar leyendo<span class=\"screen-reader-text\"> \u00abLocalizaci\u00f3n\u00bb<\/span><\/a><\/p>\n","protected":false},"author":14240579,"featured_media":0,"parent":0,"menu_order":0,"comment_status":"closed","ping_status":"closed","template":"","meta":{"jetpack_post_was_ever_published":false,"footnotes":""},"class_list":["post-11","page","type-page","status-publish","hentry"],"jetpack_sharing_enabled":true,"jetpack_shortlink":"https:\/\/wp.me\/P9i2Dj-b","_links":{"self":[{"href":"https:\/\/pontevedra.wordcamp.org\/2018\/wp-json\/wp\/v2\/pages\/11","targetHints":{"allow":["GET"]}}],"collection":[{"href":"https:\/\/pontevedra.wordcamp.org\/2018\/wp-json\/wp\/v2\/pages"}],"about":[{"href":"https:\/\/pontevedra.wordcamp.org\/2018\/wp-json\/wp\/v2\/types\/page"}],"author":[{"embeddable":true,"href":"https:\/\/pontevedra.wordcamp.org\/2018\/wp-json\/wp\/v2\/users\/14240579"}],"replies":[{"embeddable":true,"href":"https:\/\/pontevedra.wordcamp.org\/2018\/wp-json\/wp\/v2\/comments?post=11"}],"version-history":[{"count":14,"href":"https:\/\/pontevedra.wordcamp.org\/2018\/wp-json\/wp\/v2\/pages\/11\/revisions"}],"predecessor-version":[{"id":784,"href":"https:\/\/pontevedra.wordcamp.org\/2018\/wp-json\/wp\/v2\/pages\/11\/revisions\/784"}],"wp:attachment":[{"href":"https:\/\/pontevedra.wordcamp.org\/2018\/wp-json\/wp\/v2\/media?parent=11"}],"curies":[{"name":"wp","href":"https:\/\/api.w.org\/{rel}","templated":true}]}}