{"id":254,"date":"2018-07-05T22:19:51","date_gmt":"2018-07-05T20:19:51","guid":{"rendered":"https:\/\/2018.pontevedra.wordcamp.org\/?page_id=254"},"modified":"2018-07-16T19:42:02","modified_gmt":"2018-07-16T17:42:02","slug":"transporte","status":"publish","type":"page","link":"https:\/\/pontevedra.wordcamp.org\/2018\/transporte\/","title":{"rendered":"Transporte"},"content":{"rendered":"<p style=\"text-align: right\"><a class=\"lang\" href=\"#gal\">[Galego]<\/a> <a class=\"lang\" href=\"#eng\">[English]<\/a><\/p>\n<h1>C\u00f3mo llegar a Pontevedra<\/h1>\n<p><strong>POR CARRETERA<\/strong><br \/>\nPontevedra est\u00e1 comunicada por la Autopista del Atl\u00e1ntico (AP-9) que vertebra la Galicia costera de norte a sur pasando por las ciudades m\u00e1s importantes de la comunidad. Desde Portugal, la A3 conecta ciudades portuguesas como Lisboa, Braga u Oporto con la AP-9 que llega a Pontevedra. La autov\u00eda de las R\u00edas Baixas (A-52) comunica la ciudad con la meseta central y Madrid.<\/p>\n<p>&nbsp;<\/p>\n<p><strong>EN AVI\u00d3N<\/strong><br \/>\nLos dos aeropuertos m\u00e1s cercanos son el <a href=\"http:\/\/www.aena.es\/es\/aeropuerto-vigo\/index.html\">Aeropuerto de Vigo (VGO)<\/a> (a 9 km de Vigo y a 28 km de Pontevedra) y el <a href=\"http:\/\/www.aena.es\/es\/aeropuerto-santiago\/index.html\">Aeropuerto de Santiago de Compostela (SCQ)<\/a> (a 10 km de Santiago y 64 km de Pontevedra). Ambos tienen conexi\u00f3n con las principales ciudades del pa\u00eds a diario. Despu\u00e9s puedes coger el coche para llegar r\u00e1pidamente a Pontevedra o utilizar el autob\u00fas urbano, que lleva directamente a la estaci\u00f3n de tren correspondiente y desplazarte en tren hasta Pontevedra (unos 20 minutos desde Vigo y unos 35 minutos desde Santiago).<\/p>\n<p>&nbsp;<\/p>\n<p><strong>EN TREN<\/strong><br \/>\nEn la web de <a href=\"https:\/\/renfe.com\">Renfe<\/a> puedes consultar las conexiones directas que existen en tren hasta Pontevedra. Hay varias rutas diarias desde Madrid y conexiones desde Alicante y otras ciudades del sur y este de Espa\u00f1a. Adem\u00e1s, tienes trenes cada hora que conectan el Eje Atl\u00e1ntico entre Vigo y A Coru\u00f1a pasando por Pontevedra, Vilagarc\u00eda de Arousa y Santiago de Compostela. El viaje desde Madrid dura entre 6 y 7 horas, \u00a1pero es una buena opci\u00f3n si necesitas trabajar o descansar de camino a la WordCamp!<\/p>\n<p>&nbsp;<\/p>\n<p><strong>EN AUTOB\u00daS<\/strong><br \/>\nVenir en autob\u00fas, no te vamos a enga\u00f1ar, es una alternativa para valientes. Desde Galicia no supone mayor problema y en la web de <a href=\"http:\/\/www.monbus.es\/\">Monbus<\/a> encontrar\u00e1s muchas opciones para llegar hasta aqu\u00ed. Si haces el viaje desde la cornisa cant\u00e1brica (Asturias, Cantabria, Pa\u00eds Vasco\u2026 hasta Irun) o desde Castilla y Le\u00f3n, puedes ver las opciones que ofrece <a href=\"https:\/\/www.alsa.es\/\">ALSA<\/a>. Y si quieres venir desde Madrid o m\u00e1s abajo, en la web de <a href=\"https:\/\/www.avanzabus.com\/\">Avanza<\/a> encontrar\u00e1s los trayectos.<\/p>\n<hr \/>\n<h1 id=\"gal\">Como chegar a Pontevedra<\/h1>\n<p><strong>POR ESTRADA<\/strong><br \/>\n<span style=\"color: #3576ba\">Pontevedra comunica coa Autoestrada do Atl\u00e1ntico (AP-9) que vertebra a Galicia costeira de norte a sur sen esquecer as cidades m\u00e1is importantes da comunidade. Dende Portugal, a A3 conecta cidades portuguesas como Lisboa, Braga ou Porto coa AP-9 que vai a Pontevedra. A autov\u00eda das R\u00edas Baixas (A-52) enlaza a cidade coa meseta central e Madrid.<\/span><\/p>\n<p>&nbsp;<\/p>\n<p><strong>EN AVI\u00d3N<\/strong><br \/>\n<span style=\"color: #3576ba\">Os dous aeroportos que se atopan m\u00e1is preto son o <a href=\"http:\/\/www.aena.es\/es\/aeropuerto-vigo\/index.html\">Aeroporto de Vigo (VGO)<\/a> (a 9 km de Vigo e a 28 km de Pontevedra) e o <a href=\"http:\/\/www.aena.es\/es\/aeropuerto-santiago\/index.html\">Aeroporto de Santiago de Compostela (SCQ)<\/a> (a 10 km de Compostela e a 64 km de Pontevedra). \u00c1mbolos dous mante\u00f1en conexi\u00f3ns diarias coas principais cidades do pa\u00eds. Despois podes conducir ata Pontevedra, de xeito que non tardar\u00e1s moito, ou usar o autob\u00fas urbano que vai directamente \u00e1 estaci\u00f3n de tren correspondente e viaxar en tren ata Pontevedra (arredor de 20 minutos dende Vigo e arredor de 35 minutos dende Santiago).<\/span><\/p>\n<p>&nbsp;<\/p>\n<p><strong>EN TREN<\/strong><br \/>\n<span style=\"color: #3576ba\">No sitio web de <a href=\"https:\/\/renfe.com\/\">Renfe<\/a> podes consultar as conexi\u00f3ns directas que existen con Pontevedra por medio do tren. Existen varias rutas diarias dende Madrid e outras conexi\u00f3ns dende Alacante e m\u00e1is cidades do sur e leste de Espa\u00f1a. Amais, hai trens que conectan o Eixe Atl\u00e1ntico entre Vigo e A Coru\u00f1a cada hora pasando por Pontevedra, Vilagarc\u00eda de Arousa e Santiago de Compostela. A viaxe dende Madrid dura entre 6 e 7 horas, pero \u00e9 unha boa opci\u00f3n se tes que traballar ou queres descansar no traxecto!<\/span><\/p>\n<p>&nbsp;<\/p>\n<p><strong>EN AUTOB\u00daS<\/strong><br \/>\n<span style=\"color: #3576ba\">Vir en autob\u00fas, non imos mentir, est\u00e1 reservado para a xente afouta. Dende Galicia non implica moito trastorno e no sitio web de <a href=\"http:\/\/www.monbus.es\/\">Monbus<\/a> atopar\u00e1s diferentes opci\u00f3ns para chegar ata aqu\u00ed. Se fas a viaxe dende a costa cant\u00e1brica (Asturias, Cantabria, Pa\u00eds Vasco&#8230; ata Irun) ou dende Castela e Le\u00f3n, mira as alternativas que ofrece <a href=\"https:\/\/www.alsa.es\/\">ALSA<\/a>. E se queres visitarnos dende Madrid ou dende m\u00e1is abaixo, na p\u00e1xina web de <a href=\"https:\/\/www.avanzabus.com\/\">Avanza<\/a> ofr\u00e9cenche m\u00e1is rutas.<\/span><\/p>\n<hr \/>\n<h1 id=\"eng\">How to arrive to Pontevedra<\/h1>\n<p><strong>BY ROAD<\/strong><br \/>\n<span style=\"color: #999\">Pontevedra is linked through the highway Autopista del Atl\u00e1ntico (AP-9), which communicates the coastal areas of Galicia from North to South, crossing the most important cities of the region. From Portugal, the A3 links Portuguese cities like Lisboa, Braga or Porto with the AP-9 that takes you to Pontevedra. The highway of As R\u00edas Baixas (A-52) links the city with Madrid.<\/span><\/p>\n<p>&nbsp;<\/p>\n<p><strong>BY PLANE<\/strong><br \/>\n<span style=\"color: #999\">The two closest airports are\u00a0<a href=\"http:\/\/www.aena.es\/es\/aeropuerto-vigo\/index.html\">Vigo Airport (VGO)<\/a> (9 km from Vigo and 28 km from Pontevedra) and\u00a0<a href=\"http:\/\/www.aena.es\/es\/aeropuerto-santiago\/index.html\">Santiago de Compostela Airport (SCQ)<\/a> (10 km from Santiago and 64 km from Pontevedra). Both have a connection to the main cities in the country on a daily basis. Once landed, you can either choose a short drive to Pontevedra or get the city bus that will take you directly to the corresponding train station and come by train to Pontevedra (~20 minutes from Vigo and ~35 minutes from Santiago).<\/span><\/p>\n<p>&nbsp;<\/p>\n<p><strong>BY TRAIN<\/strong><br \/>\n<span style=\"color: #999\">From the <a href=\"https:\/\/renfe.com\/\">Renfe<\/a> website you can check the connections that exist for direct trains to Pontevedra. There are several daily routes from Madrid and connections from Alicante and other cities in the south and east of Spain. In addition, there are trains every hour that connect the Atlantic Axis between Vigo and A Coru\u00f1a passing through Pontevedra, Vilagarc\u00eda de Arousa and Santiago de Compostela. The trip from Madrid takes about 6 to 7 hours, but it is a good option if you need to work or rest on the way to WordCamp!<\/span><\/p>\n<p>&nbsp;<\/p>\n<p><strong>BY BUS<\/strong><br \/>\n<span style=\"color: #999\">Coming by bus, we&#8217;re not going to kid you, it&#8217;s just for the brave ones. From Galicia is not a major problem and on the <a href=\"http:\/\/www.monbus.es\/\">Monbus<\/a> website you have many options to get here. If you make the trip from the Cantabrian coast (Asturias, Cantabria, Basque Country&#8230; to Irun) or from Castilla Le\u00f3n you can see the options offered by <a href=\"https:\/\/www.alsa.es\/\">ALSA<\/a>. And if you want to come from Madrid or below, on the <a href=\"https:\/\/www.avanzabus.com\/\">Avanza<\/a> website you will find the routes.<\/span><\/p>\n","protected":false},"excerpt":{"rendered":"<p>[Galego] [English] C\u00f3mo llegar a Pontevedra POR CARRETERA Pontevedra est\u00e1 comunicada por la Autopista del Atl\u00e1ntico (AP-9) que vertebra la Galicia costera de norte a sur pasando por las ciudades m\u00e1s importantes de la comunidad. Desde Portugal, la A3 conecta ciudades portuguesas como Lisboa, Braga u Oporto con la AP-9 que llega a Pontevedra. La &hellip; <a href=\"https:\/\/pontevedra.wordcamp.org\/2018\/transporte\/\" class=\"more-link\">Continuar leyendo<span class=\"screen-reader-text\"> \u00abTransporte\u00bb<\/span><\/a><\/p>\n","protected":false},"author":13430849,"featured_media":0,"parent":0,"menu_order":0,"comment_status":"closed","ping_status":"closed","template":"","meta":{"jetpack_post_was_ever_published":false,"footnotes":""},"class_list":["post-254","page","type-page","status-publish","hentry"],"jetpack_sharing_enabled":true,"jetpack_shortlink":"https:\/\/wp.me\/P9i2Dj-46","_links":{"self":[{"href":"https:\/\/pontevedra.wordcamp.org\/2018\/wp-json\/wp\/v2\/pages\/254","targetHints":{"allow":["GET"]}}],"collection":[{"href":"https:\/\/pontevedra.wordcamp.org\/2018\/wp-json\/wp\/v2\/pages"}],"about":[{"href":"https:\/\/pontevedra.wordcamp.org\/2018\/wp-json\/wp\/v2\/types\/page"}],"author":[{"embeddable":true,"href":"https:\/\/pontevedra.wordcamp.org\/2018\/wp-json\/wp\/v2\/users\/13430849"}],"replies":[{"embeddable":true,"href":"https:\/\/pontevedra.wordcamp.org\/2018\/wp-json\/wp\/v2\/comments?post=254"}],"version-history":[{"count":11,"href":"https:\/\/pontevedra.wordcamp.org\/2018\/wp-json\/wp\/v2\/pages\/254\/revisions"}],"predecessor-version":[{"id":827,"href":"https:\/\/pontevedra.wordcamp.org\/2018\/wp-json\/wp\/v2\/pages\/254\/revisions\/827"}],"wp:attachment":[{"href":"https:\/\/pontevedra.wordcamp.org\/2018\/wp-json\/wp\/v2\/media?parent=254"}],"curies":[{"name":"wp","href":"https:\/\/api.w.org\/{rel}","templated":true}]}}