{"id":11,"date":"2018-11-16T17:58:51","date_gmt":"2018-11-16T17:58:51","guid":{"rendered":"https:\/\/2019.pontevedra.wordcamp.org\/location\/"},"modified":"2019-06-20T14:45:42","modified_gmt":"2019-06-20T12:45:42","slug":"localizacion","status":"publish","type":"page","link":"https:\/\/pontevedra.wordcamp.org\/2019\/localizacion\/","title":{"rendered":"Localizaci\u00f3n"},"content":{"rendered":"\n<p class=\"wp-block-paragraph\">La WordCamp Pontevedra se celebrar\u00e1 en la <strong>Facultad de Ciencias Sociales y de la Comunicaci\u00f3n<\/strong>, en el Campus de Pontevedra de la Universidad de Vigo.<\/p>\n\n\n\n<p style=\"color:#0071a1\" class=\"has-text-color wp-block-paragraph\">A WordCamp Pontevedra celebrarase na <strong>Facultade de Ciencias Sociais e da Comunicaci\u00f3n<\/strong>, no Campus de Pontevedra da Universidade de Vigo.<\/p>\n\n\n\n<h2 class=\"wp-block-heading\">Mapa<\/h2>\n\n\n\n<p class=\"wp-block-paragraph\">Campus Universitario da Xunqueira, s\/n<br>36005 &#8211; Pontevedra<\/p>\n\n\n<div class=\"googlemaps\">\n\t\t\t\t<iframe loading=\"lazy\" width=\"600\" height=\"450\" frameborder=\"0\" scrolling=\"no\" marginheight=\"0\" marginwidth=\"0\"  src=\"https:\/\/www.google.com\/maps\/embed?pb=!1m18!1m12!1m3!1d2944.4200172590604!2d-8.640164984541167!3d42.44007867918149!2m3!1f0!2f0!3f0!3m2!1i1024!2i768!4f13.1!3m3!1m2!1s0xd2f71bff8678d99:0x9dd6bce210bb559!2sUniversidad%20de%20Vigo:%20Facultade%20de%20Ciencias%20Sociais%20e%20da%20Comunicaci\u00f3n!5e0!3m2!1ses!2ses!4v1531489198528\"><\/iframe>\n\t\t\t<\/div>\n\n\n\n<h2 class=\"wp-block-heading\">\u00bfC\u00f3mo llegar? \/ Como chegar?<\/h2>\n\n\n\n<p class=\"wp-block-paragraph\">Si ya est\u00e1s en Pontevedra, la mejor manera de llegar a la WordCamp es andando. Est\u00e1s en una ciudad peque\u00f1a pensada para el peat\u00f3n y, desde el centro, no te va a llevar m\u00e1s de 15 minutos de paseo cruzando el Puente de Santiago.<\/p>\n\n\n\n<p class=\"wp-block-paragraph\">Para que te hagas una idea de la ciudad, aqu\u00ed debajo dejamos un par de mapas. El primero, con los puntos m\u00e1s relevantes: las dos estaciones, la facultad en la que ser\u00e1 la WordCamp, la facultad en la que se realizar\u00e1 la meetup del viernes 20\/09, la Peregrina como punto de referencia en la ciudad y la zona del casco viejo, donde ser\u00e1 la <em>after party<\/em> del s\u00e1bado y donde podr\u00e1s comer sin miedo a equivocarte.<\/p>\n\n\n\n<hr class=\"wp-block-separator\" \/>\n\n\n\n<p style=\"color:#0071a1\" class=\"has-text-color wp-block-paragraph\">Se xa est\u00e1s en Pontevedra, a mellor forma de chegar \u00e1 WordCamp \u00e9 a p\u00e9. Est\u00e1s nunha pequena cidade pensada para o pe\u00f3n e, dende o centro, non son m\u00e1is de 15 minutos de andaina atravesando pola Ponte de Santiago.<\/p>\n\n\n\n<p style=\"color:#0071a1\" class=\"has-text-color wp-block-paragraph\">\u00c9 a primeira vez que visitas Pontevedra? Aqu\u00ed tes un par de mapas para co\u00f1ecer a cidade. O primeiro abrengue os puntos m\u00e1is destacados: \u00e1mbalas d\u00faas estaci\u00f3ns, a facultade na que se realizar\u00e1 a WordCamp, a facultade na que se realizar\u00e1 a meetup o venres 20\/09, a Peregrina como punto de referencia da cidade maila \u00e1rea do casco vello, que acoller\u00e1 a <em>after party<\/em> do s\u00e1bado e onde un pode comer sen enganarse na elecci\u00f3n.<\/p>\n\n\n\n<hr class=\"wp-block-separator\" \/>\n\n\n\n<figure class=\"wp-block-image\"><img loading=\"lazy\" decoding=\"async\" width=\"819\" height=\"1000\" src=\"https:\/\/2019.pontevedra.wordcamp.org\/files\/2019\/06\/mapa-wordcamp.jpg\" alt=\"\" class=\"wp-image-261\" srcset=\"https:\/\/pontevedra.wordcamp.org\/2019\/files\/2019\/06\/mapa-wordcamp.jpg 819w, https:\/\/pontevedra.wordcamp.org\/2019\/files\/2019\/06\/mapa-wordcamp-246x300.jpg 246w, https:\/\/pontevedra.wordcamp.org\/2019\/files\/2019\/06\/mapa-wordcamp-768x938.jpg 768w\" sizes=\"auto, (max-width: 819px) 100vw, 819px\" \/><\/figure>\n\n\n\n<p class=\"wp-block-paragraph\">Y el segundo un mapa, creado por el Concello de Pontevedra, que refleja el tiempo que se tarda en llegar desde unas partes de la ciudad a otras\u2026 caminando. S\u00ed, \u00a1es como un mapa de metro pero para peatones!<\/p>\n\n\n\n<p style=\"color:#0071a1\" class=\"has-text-color wp-block-paragraph\">E o segundo \u00e9 un mapa creado polo Concello de Pontevedra que marca canto tempo leva desprazarse por diferentes zonas da cidade, dun lado a outro\u2026 cami\u00f1ando. Si, coma se fose un mapa do metro, pero para pe\u00f3ns!<\/p>\n\n\n\n<figure class=\"wp-block-image\"><img decoding=\"async\" src=\"https:\/\/2018.pontevedra.wordcamp.org\/files\/2018\/07\/Metrominuto-traz.jpg\" alt=\"Metrominuto Pontevedra\" class=\"wp-image-467\" \/><\/figure>\n\n\n\n<p class=\"wp-block-paragraph\">Si vienes en tu propio veh\u00edculo, en la zona de la Universidad hay aparcamiento de sobra para dejar el coche. No ser\u00e1 ning\u00fan problema.<\/p>\n\n\n\n<p class=\"wp-block-paragraph\">Y si tu duda es m\u00e1s bien c\u00f3mo llegar a Pontevedra, \u00e9chale un ojo a nuestra p\u00e1gina de <a href=\"https:\/\/2019.pontevedra.wordcamp.org\/transporte\/\">transporte<\/a>.<\/p>\n\n\n\n<p style=\"color:#0071a1\" class=\"has-text-color wp-block-paragraph\">Se viaxas no teu autom\u00f3bil, na zona da Universidade atopar\u00e1s espazo de aparcamento dabondo no que deixar o coche. Non ter\u00e1s problema ning\u00fan.<\/p>\n\n\n\n<p style=\"color:#0071a1\" class=\"has-text-color wp-block-paragraph\">E se a t\u00faa d\u00fabida ten m\u00e1is que ver con como chegar a Pontevedra, consulta a nosa p\u00e1xina de <a href=\"https:\/\/2019.pontevedra.wordcamp.org\/transporte\/\">transporte<\/a>.<\/p>\n","protected":false},"excerpt":{"rendered":"<p>La WordCamp Pontevedra se celebrar\u00e1 en la Facultad de Ciencias Sociales y de la Comunicaci\u00f3n, en el Campus de Pontevedra de la Universidad de Vigo. A WordCamp Pontevedra celebrarase na Facultade de Ciencias Sociais e da Comunicaci\u00f3n, no Campus de Pontevedra da Universidade de Vigo. Mapa Campus Universitario da Xunqueira, s\/n36005 &#8211; Pontevedra \u00bfC\u00f3mo llegar? &hellip; <a href=\"https:\/\/pontevedra.wordcamp.org\/2019\/localizacion\/\" class=\"more-link\">Sigue leyendo <span class=\"screen-reader-text\">Localizaci\u00f3n<\/span><\/a><\/p>\n","protected":false},"author":14240579,"featured_media":263,"parent":0,"menu_order":0,"comment_status":"closed","ping_status":"closed","template":"","meta":{"_crdt_document":"","jetpack_post_was_ever_published":false,"footnotes":""},"class_list":["post-11","page","type-page","status-publish","has-post-thumbnail","hentry"],"jetpack_sharing_enabled":true,"jetpack_shortlink":"https:\/\/wp.me\/PasL87-b","_links":{"self":[{"href":"https:\/\/pontevedra.wordcamp.org\/2019\/wp-json\/wp\/v2\/pages\/11","targetHints":{"allow":["GET"]}}],"collection":[{"href":"https:\/\/pontevedra.wordcamp.org\/2019\/wp-json\/wp\/v2\/pages"}],"about":[{"href":"https:\/\/pontevedra.wordcamp.org\/2019\/wp-json\/wp\/v2\/types\/page"}],"author":[{"embeddable":true,"href":"https:\/\/pontevedra.wordcamp.org\/2019\/wp-json\/wp\/v2\/users\/14240579"}],"replies":[{"embeddable":true,"href":"https:\/\/pontevedra.wordcamp.org\/2019\/wp-json\/wp\/v2\/comments?post=11"}],"version-history":[{"count":4,"href":"https:\/\/pontevedra.wordcamp.org\/2019\/wp-json\/wp\/v2\/pages\/11\/revisions"}],"predecessor-version":[{"id":302,"href":"https:\/\/pontevedra.wordcamp.org\/2019\/wp-json\/wp\/v2\/pages\/11\/revisions\/302"}],"wp:featuredmedia":[{"embeddable":true,"href":"https:\/\/pontevedra.wordcamp.org\/2019\/wp-json\/wp\/v2\/media\/263"}],"wp:attachment":[{"href":"https:\/\/pontevedra.wordcamp.org\/2019\/wp-json\/wp\/v2\/media?parent=11"}],"curies":[{"name":"wp","href":"https:\/\/api.w.org\/{rel}","templated":true}]}}