{"id":13,"date":"2023-01-13T08:02:48","date_gmt":"2023-01-13T07:02:48","guid":{"rendered":"https:\/\/pontevedra.wordcamp.org\/2023\/?page_id=13"},"modified":"2023-07-28T13:27:16","modified_gmt":"2023-07-28T11:27:16","slug":"entradas","status":"publish","type":"page","link":"https:\/\/pontevedra.wordcamp.org\/2023\/entradas\/","title":{"rendered":"Entradas"},"content":{"rendered":"\n<p>\u00bfEst\u00e1s preparado o preparada para asistir a una de las <strong>mejores WordCamps<\/strong> del mundo mundial? \ud83d\ude09 Fiesta, WordPress y mucho networking. <\/p>\n\n\n\n<p>Nuestro encuentro de WordPress anual de toda Galicia en nuestra querida Pontevedra. Lo hacemos con mucho cari\u00f1o y ese es todo el secreto del \u00e9xito de nuestro evento. \u2764\ufe0f<\/p>\n\n\n\n<p>Con tu entrada est\u00e1s apoyando el <em>open source<\/em>. Como ves, tiene un monto muy reducido, gracias a nuestros <a href=\"https:\/\/pontevedra.wordcamp.org\/2023\/patrocinadores\/\" data-type=\"page\" data-id=\"10\">patrocinadores<\/a>, que nos apoyan econ\u00f3mica y moralmente, para que esto sea posible. <\/p>\n\n\n\n<div style=\"height:30px\" aria-hidden=\"true\" class=\"wp-block-spacer\"><\/div>\n\n\n\n<h2 class=\"wp-block-heading\">\u00bfQu\u00e9 incluye mi entrada?<\/h2>\n\n\n\n<p>La entrada da&nbsp;<strong>acceso a todas las actividades<\/strong>&nbsp;los d\u00edas&nbsp;<strong>16 y 17 de septiembre<\/strong>: por un lado, las&nbsp;<strong>conferencias<\/strong>&nbsp;del s\u00e1bado (habr\u00e1n dos&nbsp;<em>tracks<\/em>&nbsp;con charlas de todos los niveles, que detallaremos en el programa) y, por otro, el&nbsp;<strong>D\u00eda de la Comunidad<\/strong>&nbsp;o&nbsp;<em>Contributor day<\/em>, el domingo.<\/p>\n\n\n\n<p>Est\u00e1n incluidas las&nbsp;<strong>comidas<\/strong>&nbsp;durante el evento, tanto el s\u00e1bado como el domingo. As\u00ed como el&nbsp;<strong>caf\u00e9 \/ t\u00e9 \/ agua<\/strong>&nbsp;durante las pausas del evento, que se realizar\u00e1n por la ma\u00f1ana y por la tarde.<\/p>\n\n\n\n<p>Tambi\u00e9n te permitir\u00e1 acudir a la&nbsp;<em>after party<\/em>&nbsp;(o&nbsp;<em>festa rachada<\/em>) del s\u00e1bado por la noche, donde podr\u00e1s tomar algo de forma distendida con otros asistentes al evento. <\/p>\n\n\n\n<p>Adem\u00e1s, recibir\u00e1s una&nbsp;<strong>camiseta conmemorativa<\/strong>&nbsp;de la WordCamp Pontevedra 2023 (eliges tu talla al comprar la entrada), una&nbsp;<strong>acreditaci\u00f3n personalizada<\/strong>\u2026 \u00a1y alguna sorpresa m\u00e1s!<\/p>\n\n\n\n<p>La inscripci\u00f3n taller de WordPress<em><strong>\u00a0<\/strong><\/em>que se celebra el d\u00eda 15, es diferente a la\u00a0<strong>entrada general<\/strong>. Esa actividad es GRATIS y puedes inscribirte en el siguiente enlace: <a href=\"https:\/\/pontevedra.wordcamp.org\/2023\/taller-do-action\/\" data-type=\"page\" data-id=\"651\">Taller de WordPress y <em>Do_action<\/em><\/a>. <\/p>\n\n\n\n<div style=\"height:30px\" aria-hidden=\"true\" class=\"wp-block-spacer\"><\/div>\n\n\n\n<h2 class=\"wp-block-heading\">Importante: antes de comprar<\/h2>\n\n\n\n<ul class=\"wp-block-list\">\n<li><strong>\u00bfEres estudiante o profesor de la&nbsp;<\/strong><a rel=\"noreferrer noopener\" href=\"https:\/\/www.uvigo.gal\/es\" target=\"_blank\">Universidad de Vigo<\/a>?&nbsp;Tenemos un&nbsp;<strong>descuento del 60 %<\/strong>&nbsp;para las primeras 55 entradas de personas de esta comunidad que lo acrediten, quedando el precio de la entrada en&nbsp;<strong>10 \u20ac<\/strong>.&nbsp;<a href=\"https:\/\/pontevedra.wordcamp.org\/2023\/contacto\/\" data-type=\"page\" data-id=\"17\">Contacta con nosotros<\/a>&nbsp;para que generemos tu cup\u00f3n personalizado. Solo tienes que enviarnos tus datos y una acreditaci\u00f3n que formas parte de la comunidad universitaria. <\/li>\n\n\n\n<li>\u00bfQuieres optar a ser&nbsp;ponente,&nbsp;<strong>voluntario&nbsp;<\/strong>o&nbsp;patrocinador? No compres a\u00fan tu entrada. Si resultas seleccionado, la&nbsp;<strong>asistencia ser\u00e1 gratis para ti<\/strong>.<\/li>\n\n\n\n<li>Utilizamos el sistema&nbsp;<a href=\"https:\/\/es.gravatar.com\/\" target=\"_blank\" rel=\"noreferrer noopener\">Gravatar<\/a>&nbsp;para mostrar la foto o avatar de los asistentes en la p\u00e1gina de asistentes. Si quieres que tu foto aparezca en el listado y en tu acreditaci\u00f3n personalizada, basta con crear una cuenta y asignarle tu avatar o foto al correo electr\u00f3nico que utilizar\u00e1s para adquirir tu entrada.<\/li>\n\n\n\n<li><strong>AUTORIZACI\u00d3N<\/strong>: Por el bien de la comunidad y con fines de promoci\u00f3n, habr\u00e1 voluntarios y\/o fot\u00f3grafos profesionales en la WordCamp Pontevedra 2023. Al acudir al evento autorizas la utilizaci\u00f3n de tu imagen si apareces en fotos o v\u00eddeos que se puedan tomar que muestren tu participaci\u00f3n en la WordCamp.<\/li>\n<\/ul>\n\n\n\n<div style=\"height:50px\" aria-hidden=\"true\" class=\"wp-block-spacer\"><\/div>\n\n\n<a href=\"https:\/\/pontevedra.wordcamp.org\/2023\/entradas\/\">Por favor, ve esta p\u00e1gina en un navegador para hacer una compra o gestionar entradas.<\/a>\n","protected":false},"excerpt":{"rendered":"<p>\u00bfEst\u00e1s preparado o preparada para asistir a una de las mejores WordCamps del mundo mundial? \ud83d\ude09 Fiesta, WordPress y mucho networking. Nuestro encuentro de WordPress anual de toda Galicia en nuestra querida Pontevedra. Lo hacemos con mucho cari\u00f1o y ese es todo el secreto del \u00e9xito de nuestro evento. \u2764\ufe0f Con tu entrada est\u00e1s apoyando [&hellip;]<\/p>\n","protected":false},"author":15205422,"featured_media":0,"parent":0,"menu_order":0,"comment_status":"closed","ping_status":"closed","template":"","meta":{"jetpack_post_was_ever_published":false,"footnotes":""},"class_list":["post-13","page","type-page","status-publish","hentry"],"jetpack_sharing_enabled":true,"_links":{"self":[{"href":"https:\/\/pontevedra.wordcamp.org\/2023\/wp-json\/wp\/v2\/pages\/13","targetHints":{"allow":["GET"]}}],"collection":[{"href":"https:\/\/pontevedra.wordcamp.org\/2023\/wp-json\/wp\/v2\/pages"}],"about":[{"href":"https:\/\/pontevedra.wordcamp.org\/2023\/wp-json\/wp\/v2\/types\/page"}],"author":[{"embeddable":true,"href":"https:\/\/pontevedra.wordcamp.org\/2023\/wp-json\/wp\/v2\/users\/15205422"}],"replies":[{"embeddable":true,"href":"https:\/\/pontevedra.wordcamp.org\/2023\/wp-json\/wp\/v2\/comments?post=13"}],"version-history":[{"count":7,"href":"https:\/\/pontevedra.wordcamp.org\/2023\/wp-json\/wp\/v2\/pages\/13\/revisions"}],"predecessor-version":[{"id":1409,"href":"https:\/\/pontevedra.wordcamp.org\/2023\/wp-json\/wp\/v2\/pages\/13\/revisions\/1409"}],"wp:attachment":[{"href":"https:\/\/pontevedra.wordcamp.org\/2023\/wp-json\/wp\/v2\/media?parent=13"}],"curies":[{"name":"wp","href":"https:\/\/api.w.org\/{rel}","templated":true}]}}