{"id":1301,"date":"2023-07-21T12:05:29","date_gmt":"2023-07-21T10:05:29","guid":{"rendered":"https:\/\/pontevedra.wordcamp.org\/2023\/?page_id=1301"},"modified":"2023-07-21T12:05:29","modified_gmt":"2023-07-21T10:05:29","slug":"alojamiento","status":"publish","type":"page","link":"https:\/\/pontevedra.wordcamp.org\/2023\/alojamiento\/","title":{"rendered":"Alojamiento"},"content":{"rendered":"\n<p>Pontevedra es una <strong>ciudad peatonalizada<\/strong>. Llegar desde el centro de la ciudad hasta la Universidad <a href=\"https:\/\/pontevedra.wordcamp.org\/2023\/ubicacion\/\" data-type=\"page\" data-id=\"11\">donde se celebra la WordCamp<\/a> es un paseo de 10 minutos caminando. Solo tienes que cruzar el r\u00edo. En el mapa: <\/p>\n\n\n\n<div class=\"googlemaps\">\n\t\t\t\t<iframe loading=\"lazy\" width=\"600\" height=\"450\" frameborder=\"0\" scrolling=\"no\" marginheight=\"0\" marginwidth=\"0\"  src=\"https:\/\/www.google.com\/maps\/embed?pb=!1m18!1m12!1m3!1d11779.04843405111!2d-8.644341875702585!3d42.432798291562996!2m3!1f0!2f0!3f0!3m2!1i1024!2i768!4f13.1!3m3!1m2!1s0xd2f71955ad165e7:0x78520295ce332cff!2sCampus%20Universitario%20de%20Pontevedra!5e0!3m2!1ses!2ses!4v1689933477481!5m2!1ses!2ses\"><\/iframe>\n\t\t\t<\/div>\n\n\n\n<div style=\"height:30px\" aria-hidden=\"true\" class=\"wp-block-spacer\"><\/div>\n\n\n\n<h2 class=\"wp-block-heading\">Hoteles, hostales, albergues<\/h2>\n\n\n\n<p>Pontevedra tiene una\u00a0<strong>oferta de alojamiento variada y adaptada a todos los precios<\/strong>. <\/p>\n\n\n\n<p>Desde\u00a0<strong>albergues\u00a0<\/strong>y\u00a0<strong>hostales<\/strong>, frecuentados por los peregrinos que siguen el Camino de Santiago, a\u00a0<strong>hoteles<\/strong>\u00a0c\u00e9ntricos, o incluso el\u00a0<strong>parador<\/strong>\u00a0de la ciudad. Por lo que puedes elegir la que mejor se adapte a tus gustos, necesidades o presupuesto.<\/p>\n\n\n\n<p>Por eso, puedes buscar alojamiento en cualquier zona, o en el <strong>casco viejo<\/strong>, y desplazarte c\u00f3modamente a pie hasta el\u00a0lugar en el que se celebra\u00a0las actividades. <\/p>\n\n\n\n<p>Mientras paseas por sus calles disfrutando de todo lo que tiene que ofrecer la capital de las R\u00edas Baixas.<\/p>\n\n\n\n<p>\ud83d\udccd Os dejamos\u00a0<a href=\"https:\/\/www.google.es\/search?num=100&amp;safe=off&amp;rlz=1C5CHFA_enES787ES787&amp;q=hoteles+en+pontevedra+maps&amp;npsic=0&amp;rflfq=1&amp;rldoc=1&amp;rlha=1&amp;rlla=0&amp;rlhsc=CiAI5dP-uJHV0YMYCMyam-GcttCijQEI-NT9lsmnj4abATAC&amp;rllag=42430694,-8645256,512&amp;tbm=lcl&amp;sa=X&amp;ved=2ahUKEwjl-5Oq9-TcAhUBQhoKHZeDCfoQtgN6BAgCEAQ&amp;biw=2160&amp;bih=982#rlfi=hd:2019-09-20,2019-09-23;si:;mv:!1m2!1d42.437335899013306!2d-8.618971839679602!2m2!1d42.42076914837452!2d-8.661930099262122!4m2!1d42.42905307100563!2d-8.640450969470862!5i15\"><strong>un mapa<\/strong><\/a><strong>\u00a0en el que visualizar hoteles y distancias, o su ubicaci\u00f3n.<\/strong><\/p>\n\n\n\n<div style=\"height:30px\" aria-hidden=\"true\" class=\"wp-block-spacer\"><\/div>\n\n\n\n<h2 class=\"wp-block-heading\">Donde caben 2 caben\u2026<\/h2>\n\n\n\n<p>Si vienes en familia o conoces a m\u00e1s participantes de la WordCamp con los que quieres compartir gastos y espacio. <\/p>\n\n\n\n<p>La opci\u00f3n de hotel igual no es la m\u00e1s id\u00f3nea. Por lo que pod\u00e9is probar con los pisos y dem\u00e1s alojamientos ofertados a trav\u00e9s de plataformas como\u00a0<a href=\"https:\/\/www.airbnb.es\/s\/Pontevedra--Galicia\/homes?refinement_paths%5B%5D=%2Fhomes%C2%A4t_tab_id=home_tab&amp;selected_tab_id=home_tab&amp;toddlers=0&amp;source=mc_search_bar&amp;search_type=unknown&amp;screen_size=large&amp;ne_lat=42.441154385044555&amp;ne_lng=-8.624649809265179&amp;sw_lat=42.41182085063351&amp;sw_lng=-8.6655910476685&amp;zoom=14&amp;search_by_map=true&amp;checkin=2019-09-20&amp;checkout=2019-09-23&amp;adults=4\"><strong>Airbnb<\/strong><\/a>.<\/p>\n\n\n\n<p>Y si tienes dudas, puedes <a href=\"https:\/\/pontevedra.wordcamp.org\/2023\/gl\/contacto\/\" data-type=\"page\" data-id=\"607\">contactar<\/a> con el equipo. Estaremos encantados de ayudarte. <\/p>\n","protected":false},"excerpt":{"rendered":"<p>Pontevedra es una ciudad peatonalizada. Llegar desde el centro de la ciudad hasta la Universidad donde se celebra la WordCamp es un paseo de 10 minutos caminando. Solo tienes que cruzar el r\u00edo. En el mapa: Hoteles, hostales, albergues Pontevedra tiene una\u00a0oferta de alojamiento variada y adaptada a todos los precios. Desde\u00a0albergues\u00a0y\u00a0hostales, frecuentados por los [&hellip;]<\/p>\n","protected":false},"author":15205422,"featured_media":1313,"parent":0,"menu_order":0,"comment_status":"closed","ping_status":"closed","template":"","meta":{"jetpack_post_was_ever_published":false,"footnotes":""},"class_list":["post-1301","page","type-page","status-publish","has-post-thumbnail","hentry"],"jetpack_sharing_enabled":true,"_links":{"self":[{"href":"https:\/\/pontevedra.wordcamp.org\/2023\/wp-json\/wp\/v2\/pages\/1301","targetHints":{"allow":["GET"]}}],"collection":[{"href":"https:\/\/pontevedra.wordcamp.org\/2023\/wp-json\/wp\/v2\/pages"}],"about":[{"href":"https:\/\/pontevedra.wordcamp.org\/2023\/wp-json\/wp\/v2\/types\/page"}],"author":[{"embeddable":true,"href":"https:\/\/pontevedra.wordcamp.org\/2023\/wp-json\/wp\/v2\/users\/15205422"}],"replies":[{"embeddable":true,"href":"https:\/\/pontevedra.wordcamp.org\/2023\/wp-json\/wp\/v2\/comments?post=1301"}],"version-history":[{"count":3,"href":"https:\/\/pontevedra.wordcamp.org\/2023\/wp-json\/wp\/v2\/pages\/1301\/revisions"}],"predecessor-version":[{"id":1312,"href":"https:\/\/pontevedra.wordcamp.org\/2023\/wp-json\/wp\/v2\/pages\/1301\/revisions\/1312"}],"wp:featuredmedia":[{"embeddable":true,"href":"https:\/\/pontevedra.wordcamp.org\/2023\/wp-json\/wp\/v2\/media\/1313"}],"wp:attachment":[{"href":"https:\/\/pontevedra.wordcamp.org\/2023\/wp-json\/wp\/v2\/media?parent=1301"}],"curies":[{"name":"wp","href":"https:\/\/api.w.org\/{rel}","templated":true}]}}