{"id":651,"date":"2023-07-26T11:12:52","date_gmt":"2023-07-26T09:12:52","guid":{"rendered":"https:\/\/pontevedra.wordcamp.org\/2023\/?page_id=651"},"modified":"2023-09-15T09:27:02","modified_gmt":"2023-09-15T07:27:02","slug":"taller-do-action","status":"publish","type":"page","link":"https:\/\/pontevedra.wordcamp.org\/2023\/taller-do-action\/","title":{"rendered":"WordPress en Acci\u00f3n: taller de Iniciaci\u00f3n y do_action"},"content":{"rendered":"\n<p>Un a\u00f1o m\u00e1s, desde la Comunidad de <em>WordPress<\/em> Pontevedra, queremos pasar de la <strong>teor\u00eda a la pr\u00e1ctica<\/strong>. Organizar un evento en el que juntar a principiantes, aficionados y profesionales de <em>WordPress<\/em> colaborando por una buena causa.<\/p>\n\n\n\n<p>Para ello, celebramos un nuevo <strong><em>WordPress<\/em> en Acci\u00f3n<\/strong>, un evento en base a dos objetivos:<\/p>\n\n\n\n<ul class=\"wp-block-list\">\n<li><strong>Ense\u00f1ar a personas sin conocimientos<\/strong> a crear p\u00e1ginas webs con <em>WordPress<\/em>. O incluso mejorar como profesional, si ya te dedicas a ello.<\/li>\n\n\n\n<li><strong>Regalar a distintas asociaciones sin \u00e1nimo de lucro una p\u00e1gina web<\/strong> con la que mejorar su visibilidad y presencia digital. Y de ese modo, ayudar a que sus proyectos tengan un mayor alcance.<\/li>\n<\/ul>\n\n\n\n<p>Constar\u00e1 de <strong>dos actividades principales<\/strong> en las que podr\u00e1s <strong>participar en ambas, o en la t\u00fa que prefieras<\/strong>:<\/p>\n\n\n\n<ol class=\"wp-block-list\">\n<li>Taller te\u00f3rico\/pr\u00e1ctico de iniciaci\u00f3n a<em> WordPress<\/em>. <\/li>\n\n\n\n<li>do_action hackathon (Trabajo colaborativo). <\/li>\n<\/ol>\n\n\n\n<p>Se celebrar\u00e1 el <strong>viernes 15 de septiembre<\/strong> del 2023 en la <a rel=\"noreferrer noopener\" href=\"https:\/\/goo.gl\/maps\/2UxTGQHwiH5tbUA96\" target=\"_blank\">Facultad de Ciencias Sociais e da Comunicaci\u00f3n<\/a> , en el Campus de Pontevedra de la Universidad de Vigo.<\/p>\n\n\n\n<p><strong>OJO:<\/strong> Tanto el <strong>Taller de Iniciaci\u00f3n como el <em>do_action<\/em><\/strong> <strong>son gratuitos<\/strong> e <strong>independientes<\/strong> de la celebraci\u00f3n de la <strong><em>WordCamp<\/em> al d\u00eda siguiente<\/strong>. Para participar en la <em>WordCamp<\/em> necesitas comprar tu <a href=\"https:\/\/pontevedra.wordcamp.org\/2023\/entradas\/\">entrada<\/a>.<\/p>\n\n\n\n<div style=\"height:30px\" aria-hidden=\"true\" class=\"wp-block-spacer\"><\/div>\n\n\n\n<h2 class=\"wp-block-heading\">Taller te\u00f3rico\/pr\u00e1ctico de iniciaci\u00f3n a WordPress<\/h2>\n\n\n\n<p>Aunque est\u00e1 dentro del programa de la PonteWordCamp, puedes participar en el taller sin necesidad de ser asistente de la <em>WordCamp<\/em>.&nbsp;<\/p>\n\n\n\n<p>Pensado para cualquiera que le interese descubrir c\u00f3mo va eso de crear webs. Que siempre haya querido tener una web pero que le de pereza, o que le parezca demasiado complicado para hacerlo por su cuenta.<\/p>\n\n\n\n<p>De la mano de un gran profesional, te adentrar\u00e1s en el mundo de WordPress y descubrir\u00e1s lo sencillo y r\u00e1pido que es crear una web con este gestor.<\/p>\n\n\n\n<p>Adem\u00e1s de los conocimientos, te llevar\u00e1s:<\/p>\n\n\n\n<ul class=\"wp-block-list\">\n<li>Una <strong>nueva instalaci\u00f3n de <em>WordPress<\/em>, propia y gratis<\/strong>, y todos los detalles de inicio de sesi\u00f3n necesarios para que puedas comenzar a trabajar. Con un <strong>alojamiento gratis durante 3 meses<\/strong>, para poder poner en pr\u00e1ctica o experimentar con lo que hayas aprendido.<\/li>\n\n\n\n<li>Un <strong>certificado de asistencia<\/strong> que demuestre que tienes un dominio de los conceptos b\u00e1sicos.<\/li>\n<\/ul>\n\n\n\n<p><strong>Si est\u00e1s interesado en participar en el Taller de Iniciaci\u00f3n, marca esta opci\u00f3n en el formulario de inscripci\u00f3n<\/strong>. <\/p>\n\n\n\n<p><strong>RECUERDA<\/strong> que est\u00e1&nbsp;<strong>dirigido a principiantes sin conocimientos o conocimientos b\u00e1sicos<\/strong>.<\/p>\n\n\n\n<div style=\"height:30px\" aria-hidden=\"true\" class=\"wp-block-spacer\"><\/div>\n\n\n\n<h2 class=\"wp-block-heading\">do_action hackathon<\/h2>\n\n\n\n<p><em>do_action<\/em>, simplemente es la forma que tiene la Comunidad de <em>WordPress<\/em> de nombrar a un evento en el que nos reunimos para planificar y crear el sitio web de unas organizaciones sin \u00e1nimo de lucro de \u00e1mbito local en un s\u00f3lo d\u00eda.<\/p>\n\n\n\n<p>Podr\u00e1n participar tanto los participantes del taller de iniciaci\u00f3n, como cualquiera que desee ayudar, sin necesidad de ser asistente de la <em>WordCamp<\/em>.<\/p>\n\n\n\n<p>Crearemos unos grupos de trabajo en base a los roles de los participantes para cubrir todas las tareas necesarias a la hora de crear una web. Siguiendo las indicaciones del Director de Proyecto, se dise\u00f1ar\u00e1 y montar\u00e1 una web a medida de acuerdo a las necesidades y caracter\u00edsticas de cada Asociaci\u00f3n.<\/p>\n\n\n\n<p><strong>Si est\u00e1s interesado en participar en el <em>Do_action<\/em>, marca esta opci\u00f3n en el formulario de inscripci\u00f3n<\/strong>. <\/p>\n\n\n\n<p><strong>RECUERDA<\/strong> que est\u00e1 <strong>dirigido a usuarios con<\/strong> <strong>conocimientos medios o avanzados y profesionales<\/strong>. Aunque <strong>si participaste en el Taller de Iniciaci\u00f3n<\/strong> podr\u00e1s participar para ver lo aprendido aplicado en una experiencia real de uso.<\/p>\n\n\n\n<div style=\"height:30px\" aria-hidden=\"true\" class=\"wp-block-spacer\"><\/div>\n\n\n\n<h2 class=\"wp-block-heading\">\u00bfQu\u00e9 incluye la inscripci\u00f3n? <\/h2>\n\n\n\n<p>La inscripci\u00f3n<strong> <\/strong>es <strong>totalmente gratuita<\/strong> e incluye: <\/p>\n\n\n\n<ul class=\"wp-block-list\">\n<li>Poder <strong>participar en la actividad o actividades<\/strong> en las que te inscribas.<\/li>\n\n\n\n<li><strong>Caf\u00e9<\/strong> a media ma\u00f1ana.<\/li>\n\n\n\n<li>Un <strong>almuerzo <\/strong>en la cafeter\u00eda de la Universidad, gracias a patrocinadores.<\/li>\n\n\n\n<li>Per\u00edodo de<strong> alojamiento gratuito<\/strong> en alguna de las empresas de <em>hosting<\/em> patrocinadoras del evento. (Participantes del <strong>Taller de Iniciaci\u00f3n<\/strong>). <\/li>\n\n\n\n<li><strong>Certificado de participaci\u00f3n<\/strong> firmado por el ponente y el grupo de <em><a href=\"https:\/\/wppontevedra.org\/\">WordPress de Pontevedra<\/a>,<\/em> (Participantes del<strong> Taller de Iniciaci\u00f3n<\/strong>). <\/li>\n<\/ul>\n\n\n\n<div style=\"height:30px\" aria-hidden=\"true\" class=\"wp-block-spacer\"><\/div>\n\n\n\n<h2 class=\"wp-block-heading\">\u00bfQu\u00e9 necesitas para participar? <\/h2>\n\n\n\n<ul class=\"wp-block-list\">\n<li>Ganas de aprender, colaborar y un <strong>port\u00e1til<\/strong>. Te daremos WiFi<strong> <\/strong>para poder trabajar, pero no dispondremos de equipos inform\u00e1ticos.<\/li>\n\n\n\n<li>Deber\u00e1s contar con una <strong>cuenta de correo<\/strong> y poder acceder a ella. Recomendamos acceso a una <strong>cuenta de Google<\/strong> para poder compartir recursos gr\u00e1ficos para la web a trav\u00e9s de Drive. <\/li>\n\n\n\n<li><strong>Responsabilidad<\/strong>. Son <strong>cupos limitados<\/strong>. As\u00ed que, buscamos el m\u00e1ximo nivel de compromiso. Por ello, contactaremos contigo previamente para conocerte mejor y darte m\u00e1s informaci\u00f3n sobre el evento. De manera que podamos organizar los grupos de trabajo para el d<em>o_action<\/em>. <\/li>\n<\/ul>\n\n\n\n<div style=\"height:30px\" aria-hidden=\"true\" class=\"wp-block-spacer\"><\/div>\n\n\n\n<h2 class=\"wp-block-heading\">Programa propuesto<\/h2>\n\n\n\n<ul class=\"wp-block-list\">\n<li><strong>09:00 \u2013 11:00<\/strong>&nbsp;&gt; Taller&nbsp;<em>WordPress<\/em>&nbsp;desde cero.<\/li>\n\n\n\n<li><strong>11:00 \u2013 11:30<\/strong>&nbsp;&gt; Descanso para caf\u00e9.<\/li>\n\n\n\n<li><strong>11:30 \u2013 13:30<\/strong>&nbsp;&gt; Preguntas y respuestas del taller de iniciaci\u00f3n. Comienzo del&nbsp;do_action.<\/li>\n\n\n\n<li><strong>13:30 \u2013 15:00<\/strong>&nbsp;&gt; Almuerzo.<\/li>\n\n\n\n<li><strong>15:00 \u2013 17:00<\/strong>&nbsp;&gt; Continuaci\u00f3n del&nbsp;do_action.<\/li>\n\n\n\n<li><strong>17:30 \u2013 18:30<\/strong>&nbsp;&gt; Presentaci\u00f3n de los proyectos realizados.<\/li>\n<\/ul>\n\n\n\n<div style=\"height:30px\" aria-hidden=\"true\" class=\"wp-block-spacer\"><\/div>\n\n\n\n<p>\u00a1Ser\u00e1 una experiencia incre\u00edble! Y aprender\u00e1s de la mejor manera, practicando con una web real y viendo como trabajan otros, mientras ayudas a una BUENA CAUSA. <\/p>\n\n\n\n<p>Si tienes alguna duda, cons\u00faltanos lo que quieras en <a rel=\"noreferrer noopener\" href=\"https:\/\/pontevedra.wordcamp.org\/2022\/wp-admin\/post.php?post=17&amp;action=edit\" target=\"_blank\">contacto<\/a>.<\/p>\n\n\n\n<div style=\"height:50px\" aria-hidden=\"true\" class=\"wp-block-spacer\"><\/div>\n\n\n\n<h2 class=\"wp-block-heading has-text-align-center\">Las organizaciones beneficiarias<\/h2>\n\n\n\n<div style=\"height:30px\" aria-hidden=\"true\" class=\"wp-block-spacer\"><\/div>\n\n\n\n<figure class=\"wp-block-gallery has-nested-images columns-default wp-block-gallery-1 is-layout-flex wp-block-gallery-is-layout-flex\">\n<figure class=\"wp-block-image size-full\"><img loading=\"lazy\" decoding=\"async\" width=\"500\" height=\"525\" data-id=\"2009\" src=\"https:\/\/pontevedra.wordcamp.org\/2023\/files\/2023\/09\/Imagen-destacada-v1-5.png\" alt=\"\" class=\"wp-image-2009\" srcset=\"https:\/\/pontevedra.wordcamp.org\/2023\/files\/2023\/09\/Imagen-destacada-v1-5.png 500w, https:\/\/pontevedra.wordcamp.org\/2023\/files\/2023\/09\/Imagen-destacada-v1-5-286x300.png 286w\" sizes=\"auto, (max-width: 500px) 100vw, 500px\" \/><\/figure>\n\n\n\n<figure class=\"wp-block-image size-full\"><img loading=\"lazy\" decoding=\"async\" width=\"500\" height=\"525\" data-id=\"2010\" src=\"https:\/\/pontevedra.wordcamp.org\/2023\/files\/2023\/09\/Imagen-destacada-v1-6.png\" alt=\"\" class=\"wp-image-2010\" srcset=\"https:\/\/pontevedra.wordcamp.org\/2023\/files\/2023\/09\/Imagen-destacada-v1-6.png 500w, https:\/\/pontevedra.wordcamp.org\/2023\/files\/2023\/09\/Imagen-destacada-v1-6-286x300.png 286w\" sizes=\"auto, (max-width: 500px) 100vw, 500px\" \/><\/figure>\n\n\n\n<figure class=\"wp-block-image size-full\"><img loading=\"lazy\" decoding=\"async\" width=\"500\" height=\"525\" data-id=\"2011\" src=\"https:\/\/pontevedra.wordcamp.org\/2023\/files\/2023\/09\/Imagen-destacada-v1-7.png\" alt=\"\" class=\"wp-image-2011\" srcset=\"https:\/\/pontevedra.wordcamp.org\/2023\/files\/2023\/09\/Imagen-destacada-v1-7.png 500w, https:\/\/pontevedra.wordcamp.org\/2023\/files\/2023\/09\/Imagen-destacada-v1-7-286x300.png 286w\" sizes=\"auto, (max-width: 500px) 100vw, 500px\" \/><\/figure>\n<\/figure>\n\n\n\n<h2 class=\"wp-block-heading has-text-align-center\">Patrocinadores del taller y do_action<\/h2>\n\n\n\n<figure class=\"wp-block-gallery has-nested-images columns-default wp-block-gallery-2 is-layout-flex wp-block-gallery-is-layout-flex\">\n<figure class=\"wp-block-image size-medium\"><img decoding=\"async\" data-id=\"3954\" src=\"https:\/\/pontevedra.wordcamp.org\/2022\/files\/2022\/09\/logo_asociacion_pontupstore_horizontal_color_2022-300x138.png\" alt=\"\" class=\"wp-image-3954\" \/><\/figure>\n\n\n\n<figure class=\"wp-block-image size-full\"><img loading=\"lazy\" decoding=\"async\" width=\"800\" height=\"300\" data-id=\"212\" src=\"https:\/\/pontevedra.wordcamp.org\/2023\/files\/2023\/04\/siteground.jpg\" alt=\"SiteGround\" class=\"wp-image-212\" srcset=\"https:\/\/pontevedra.wordcamp.org\/2023\/files\/2023\/04\/siteground.jpg 800w, https:\/\/pontevedra.wordcamp.org\/2023\/files\/2023\/04\/siteground-300x113.jpg 300w, https:\/\/pontevedra.wordcamp.org\/2023\/files\/2023\/04\/siteground-768x288.jpg 768w, https:\/\/pontevedra.wordcamp.org\/2023\/files\/2023\/04\/siteground-500x188.jpg 500w\" sizes=\"auto, (max-width: 800px) 100vw, 800px\" \/><\/figure>\n\n\n\n<figure class=\"wp-block-image size-full\"><img loading=\"lazy\" decoding=\"async\" width=\"800\" height=\"300\" data-id=\"222\" src=\"https:\/\/pontevedra.wordcamp.org\/2023\/files\/2023\/04\/lucushost.jpg\" alt=\"LucusHost\" class=\"wp-image-222\" srcset=\"https:\/\/pontevedra.wordcamp.org\/2023\/files\/2023\/04\/lucushost.jpg 800w, https:\/\/pontevedra.wordcamp.org\/2023\/files\/2023\/04\/lucushost-300x113.jpg 300w, https:\/\/pontevedra.wordcamp.org\/2023\/files\/2023\/04\/lucushost-768x288.jpg 768w, https:\/\/pontevedra.wordcamp.org\/2023\/files\/2023\/04\/lucushost-500x188.jpg 500w\" sizes=\"auto, (max-width: 800px) 100vw, 800px\" \/><\/figure>\n<\/figure>\n\n\n\n<div style=\"height:50px\" aria-hidden=\"true\" class=\"wp-block-spacer\"><\/div>\n\n\n\n<h2 class=\"wp-block-heading\">Inscripci\u00f3n (Cerrada)<\/h2>\n","protected":false},"excerpt":{"rendered":"<p>Un a\u00f1o m\u00e1s, desde la Comunidad de WordPress Pontevedra, queremos pasar de la teor\u00eda a la pr\u00e1ctica. Organizar un evento en el que juntar a principiantes, aficionados y profesionales de WordPress colaborando por una buena causa. Para ello, celebramos un nuevo WordPress en Acci\u00f3n, un evento en base a dos objetivos: Constar\u00e1 de dos actividades [&hellip;]<\/p>\n","protected":false},"author":17330482,"featured_media":1271,"parent":0,"menu_order":0,"comment_status":"closed","ping_status":"closed","template":"","meta":{"jetpack_post_was_ever_published":false,"footnotes":""},"class_list":["post-651","page","type-page","status-publish","has-post-thumbnail","hentry"],"jetpack_sharing_enabled":true,"_links":{"self":[{"href":"https:\/\/pontevedra.wordcamp.org\/2023\/wp-json\/wp\/v2\/pages\/651","targetHints":{"allow":["GET"]}}],"collection":[{"href":"https:\/\/pontevedra.wordcamp.org\/2023\/wp-json\/wp\/v2\/pages"}],"about":[{"href":"https:\/\/pontevedra.wordcamp.org\/2023\/wp-json\/wp\/v2\/types\/page"}],"author":[{"embeddable":true,"href":"https:\/\/pontevedra.wordcamp.org\/2023\/wp-json\/wp\/v2\/users\/17330482"}],"replies":[{"embeddable":true,"href":"https:\/\/pontevedra.wordcamp.org\/2023\/wp-json\/wp\/v2\/comments?post=651"}],"version-history":[{"count":13,"href":"https:\/\/pontevedra.wordcamp.org\/2023\/wp-json\/wp\/v2\/pages\/651\/revisions"}],"predecessor-version":[{"id":2312,"href":"https:\/\/pontevedra.wordcamp.org\/2023\/wp-json\/wp\/v2\/pages\/651\/revisions\/2312"}],"wp:featuredmedia":[{"embeddable":true,"href":"https:\/\/pontevedra.wordcamp.org\/2023\/wp-json\/wp\/v2\/media\/1271"}],"wp:attachment":[{"href":"https:\/\/pontevedra.wordcamp.org\/2023\/wp-json\/wp\/v2\/media?parent=651"}],"curies":[{"name":"wp","href":"https:\/\/api.w.org\/{rel}","templated":true}]}}