{"id":2031,"date":"2024-04-21T16:55:21","date_gmt":"2024-04-21T14:55:21","guid":{"rendered":"https:\/\/pontevedra.wordcamp.org\/2024\/?page_id=2031"},"modified":"2024-07-21T21:38:23","modified_gmt":"2024-07-21T19:38:23","slug":"participar-como-relator","status":"publish","type":"page","link":"https:\/\/pontevedra.wordcamp.org\/2024\/participar-como-relator\/","title":{"rendered":"Participar como relator"},"content":{"rendered":"\n<div class=\"wp-block-group has-global-padding is-layout-constrained wp-container-core-group-is-layout-c4d4d252 wp-block-group-is-layout-constrained\" style=\"margin-bottom:0px;padding-top:48px;padding-right:0;padding-bottom:48px;padding-left:0\">\n<h2 class=\"wp-block-heading has-text-align-center has-accent-4-color has-text-color has-link-color wp-elements-1d6c33f5827705f00659b0964e000834\">Comparte os teus co\u00f1ecementos<\/h2>\n\n\n\n<p class=\"has-text-align-center has-medium-font-size wp-block-paragraph\">Apet\u00e9ceche vivir unha experiencia inesquecible compartindo os teus co\u00f1ecementos sobre WordPress e emprendemento?<\/p>\n\n\n\n<p class=\"has-text-align-center has-medium-font-size wp-block-paragraph\">Se respondeches que \u201cS\u00ed\u201d, est\u00e1s no lugar acertado. Podes vir \u00e1 WordCamp Pontevedra 2024, onde estaremos encantados de descubrir aquilo que decidas amosarnos.<\/p>\n\n\n\n<p class=\"has-text-align-center has-medium-font-size wp-block-paragraph\">Este ano, propux\u00e9monos crear un programa centrado no emprendemento, en ter un negocio rentable, c\u00f3mo WordPress pode axudar \u00f3 teu proxecto. E por iso, buscamos <strong>ideas innovadoras<\/strong>, <strong>historias que inspiren a outros<\/strong>, ou quiz\u00e1is <strong>consellos pr\u00e1cticos<\/strong>.<\/p>\n<\/div>\n\n\n\n<div class=\"wp-block-group alignfull is-layout-flow wp-container-core-group-is-layout-c2db5122 wp-block-group-is-layout-flow\" style=\"padding-right:0px;padding-left:0px\">\n<figure class=\"wp-block-image alignfull size-large\"><img loading=\"lazy\" decoding=\"async\" width=\"1024\" height=\"47\" src=\"https:\/\/pontevedra.wordcamp.org\/2024\/files\/2024\/04\/onda_gris-1-1024x47.webp\" alt=\"\" class=\"wp-image-2396\" srcset=\"https:\/\/pontevedra.wordcamp.org\/2024\/files\/2024\/04\/onda_gris-1-1024x47.webp 1024w, https:\/\/pontevedra.wordcamp.org\/2024\/files\/2024\/04\/onda_gris-1-300x14.webp 300w, https:\/\/pontevedra.wordcamp.org\/2024\/files\/2024\/04\/onda_gris-1-768x36.webp 768w, https:\/\/pontevedra.wordcamp.org\/2024\/files\/2024\/04\/onda_gris-1-500x23.webp 500w, https:\/\/pontevedra.wordcamp.org\/2024\/files\/2024\/04\/onda_gris-1-1536x71.webp 1536w, https:\/\/pontevedra.wordcamp.org\/2024\/files\/2024\/04\/onda_gris-1.webp 1920w\" sizes=\"auto, (max-width: 1024px) 100vw, 1024px\" \/><\/figure>\n\n\n\n<div class=\"wp-block-group has-custom-gris-fondo-background-color has-background has-global-padding is-layout-constrained wp-container-core-group-is-layout-cdf2922d wp-block-group-is-layout-constrained\" style=\"padding-top:0px;padding-bottom:0px\">\n<div class=\"wp-block-media-text is-stacked-on-mobile\" style=\"padding-top:24px;padding-bottom:24px;grid-template-columns:40% auto\"><figure class=\"wp-block-media-text__media\"><img loading=\"lazy\" decoding=\"async\" width=\"499\" height=\"481\" src=\"https:\/\/pontevedra.wordcamp.org\/2024\/files\/2024\/04\/relator-1.webp\" alt=\"Foto dunha relatora\" class=\"wp-image-2692 size-full\" srcset=\"https:\/\/pontevedra.wordcamp.org\/2024\/files\/2024\/04\/relator-1.webp 499w, https:\/\/pontevedra.wordcamp.org\/2024\/files\/2024\/04\/relator-1-300x289.webp 300w, https:\/\/pontevedra.wordcamp.org\/2024\/files\/2024\/04\/relator-1-311x300.webp 311w\" sizes=\"auto, (max-width: 499px) 100vw, 499px\" \/><\/figure><div class=\"wp-block-media-text__content\">\n<h2 class=\"wp-block-heading has-text-align-left has-accent-4-color has-text-color has-link-color has-large-font-size wp-elements-108b7b3a21e76233d4a42ece9fb97f5d\"><strong>Unha experiencia inesquecible<\/strong><\/h2>\n\n\n\n<p class=\"has-medium-font-size wp-block-paragraph\">Seguramente estar\u00e1s a preguntarte, por qu\u00e9 deber\u00eda participar como relator. E a\u00ednda que non somos moi imparciais, deix\u00e1mosche algunas cousas que nos parece importante que te plantexes.<\/p>\n\n\n\n<p class=\"has-medium-font-size wp-block-paragraph\">Es unha <strong>gran oportunidade para amosar o teu talento<\/strong>, para aportar valor \u00f3s demais, e para levar boas vibraci\u00f3ns de todos os que asistiron a t\u00faa ponencia. <\/p>\n\n\n\n<p class=\"has-text-align-left has-medium-font-size wp-block-paragraph\">Unha charla sempre abre o cami\u00f1o para <strong>amosarte como experto\/a<\/strong> <strong>ou especialista<\/strong> en algo.<\/p>\n<\/div><\/div>\n\n\n\n<div class=\"wp-block-media-text has-media-on-the-right is-stacked-on-mobile\" style=\"padding-top:24px;padding-bottom:24px;grid-template-columns:auto 40%\"><div class=\"wp-block-media-text__content\">\n<p class=\"has-text-align-left has-medium-font-size wp-block-paragraph\">Sempre nos encanta ver coma os nosos relatores comparten a s\u00faa paix\u00f3n no escenario cada ano. A experiencia pode marcar unha diferenza e <strong>levar a un novo nivel a t\u00faa marca personal ou negocio.<\/strong><\/p>\n\n\n\n<p class=\"has-medium-font-size wp-block-paragraph\">Estamos a falar dunha charla presencial fronte a centos de asistentes. Persoas como ti, que son relatores, asistentes, voluntarios ou organizadores de WordCamps, cos que <strong>podes identificarte e medrar profesionalmente.<\/strong><\/p>\n\n\n\n<p class=\"has-medium-font-size wp-block-paragraph\">E por \u00faltimo, o <strong>video da t\u00faa ponencia<\/strong> ser\u00e1 <strong>subido \u00e1 p\u00e1xina web de <a href=\"https:\/\/wordpress.tv\/\">WordPress.tv<\/a> <\/strong>e quedar\u00e1 a\u00ed por sempre puidendo ser compartido e visto por incalculables personas.<\/p>\n<\/div><figure class=\"wp-block-media-text__media\"><img loading=\"lazy\" decoding=\"async\" width=\"504\" height=\"339\" src=\"https:\/\/pontevedra.wordcamp.org\/2024\/files\/2024\/04\/publico.webp\" alt=\"Foto do p\u00fablico\" class=\"wp-image-2693 size-full\" srcset=\"https:\/\/pontevedra.wordcamp.org\/2024\/files\/2024\/04\/publico.webp 504w, https:\/\/pontevedra.wordcamp.org\/2024\/files\/2024\/04\/publico-300x202.webp 300w, https:\/\/pontevedra.wordcamp.org\/2024\/files\/2024\/04\/publico-446x300.webp 446w\" sizes=\"auto, (max-width: 504px) 100vw, 504px\" \/><\/figure><\/div>\n\n\n\n<p class=\"has-text-align-center wp-block-paragraph\" style=\"font-size:clamp(14px, 0.875rem + ((1vw - 3.2px) * 0.732), 20px);\">Se queres participar como relator, <strong>le atentamente a seguinte informaci\u00f3n para saber qu\u00e9 debes facer.<\/strong><\/p>\n\n\n\n<div style=\"height:40px\" aria-hidden=\"true\" class=\"wp-block-spacer\"><\/div>\n<\/div>\n<\/div>\n\n\n\n<div class=\"wp-block-group has-global-padding is-layout-constrained wp-container-core-group-is-layout-9b6d7eae wp-block-group-is-layout-constrained\" style=\"margin-bottom:48px;padding-top:24px;padding-right:0;padding-bottom:24px;padding-left:0\">\n<h2 class=\"wp-block-heading has-text-align-left has-accent-4-color has-text-color has-link-color has-x-large-font-size wp-elements-2e2dd4367739fa5cd0c76ec40b4d1ae1\">Que estamos a buscar?<\/h2>\n\n\n\n<p class=\"has-medium-font-size wp-block-paragraph\">Estamos a buscar relatorios relacionados con WordPress e o emprendemento, en diferentes \u00e1reas, negocios dixitais, comercio electr\u00f3nico, marca persoal, redes sociais, <em>copywrtiting<\/em>, desenvolvemento web, dese\u00f1o UX\/UI, accesibilidade, m\u00e1rketing e vendas, SEO, seguridade, WPO, aspectos legais&#8230;<\/p>\n\n\n\n<p class=\"has-medium-font-size wp-block-paragraph\"><strong>Valoraremos a orixinalidade<\/strong>, se es experto en algo e normalmente fas ponencias noutras WordCamps, ped\u00edmosche que a cambies para non repetirnos.<\/p>\n\n\n\n<p class=\"has-medium-font-size wp-block-paragraph\">O noso obxectivo \u00e9 <strong>escoller ponencias din\u00e1micas, o m\u00e1is pr\u00e1cticas posibles<\/strong> e que os asistentes acaben con ga\u00f1a de probar cousas novas.<\/p>\n\n\n\n<div style=\"height:24px\" aria-hidden=\"true\" class=\"wp-block-spacer\"><\/div>\n\n\n\n<h2 class=\"wp-block-heading has-accent-4-color has-text-color has-link-color wp-elements-95e1f583b6c9fe677e4812d62f523016\">Que tem\u00e1ticas nos gustan?<\/h2>\n\n\n\n<p class=\"has-medium-font-size wp-block-paragraph\">WordPress, WordPress, ahhh e WordPress\u2026 \u00c9 obvio, non? Estamos nun evento organizado pola comunidade de WordPress, mais dentro dese marco hai cabida para moitas cousas e moitas tem\u00e1ticas, podes falarnos de:<\/p>\n\n\n\n<ul class=\"wp-block-list\">\n<li class=\"has-medium-font-size\">Desenvolvemento de webs<\/li>\n\n\n\n<li class=\"has-medium-font-size\">Dese\u00f1o web e experiencia de usuario<\/li>\n\n\n\n<li class=\"has-medium-font-size\">M\u00e1rketing dixital, SEO, SEM para emprendedores<\/li>\n\n\n\n<li class=\"has-medium-font-size\">Monetizaci\u00f3n de sitios web<\/li>\n\n\n\n<li class=\"has-medium-font-size\">Emprendemento dixital<\/li>\n\n\n\n<li class=\"has-medium-font-size\">Seguridade en WordPress<\/li>\n\n\n\n<li class=\"has-medium-font-size\">Optimizaci\u00f3n de rendemento<\/li>\n\n\n\n<li class=\"has-medium-font-size\">Desenvolvemento persoal e habilidades empresariais<\/li>\n\n\n\n<li class=\"has-medium-font-size\">E todo aquilo que consideres que pode ser interesante ou \u00fatil<\/li>\n<\/ul>\n\n\n\n<p class=\"has-medium-font-size wp-block-paragraph\">E todo aquilo que consideres que pode ser de interese ou de axuda para os asistentes.<\/p>\n\n\n\n<div style=\"height:24px\" aria-hidden=\"true\" class=\"wp-block-spacer\"><\/div>\n\n\n\n<h2 class=\"wp-block-heading has-accent-4-color has-text-color has-link-color wp-elements-106f4bd3756f879a0ab22982b307f7d1\">Que formatos de relatorios teremos?<\/h2>\n\n\n\n<p class=\"has-text-align-left has-medium-font-size wp-block-paragraph\">Este ano apostamos por unha maior participaci\u00f3n dos asistentes, e por formatos m\u00e1is din\u00e1micos e pr\u00e1cticos para afianzar co\u00f1ecementos aplicados a casos reais a trav\u00e9s da experiencia persoal.<\/p>\n\n\n\n<ul class=\"wp-block-list is-style-default\">\n<li class=\"has-medium-font-size\">Charla longa<\/li>\n\n\n\n<li class=\"has-medium-font-size\">Charla curta<\/li>\n\n\n\n<li class=\"has-medium-font-size\">Taller<\/li>\n\n\n\n<li class=\"has-medium-font-size\">Demo<\/li>\n\n\n\n<li class=\"has-medium-font-size\">Auditor\u00eda<\/li>\n\n\n\n<li class=\"has-medium-font-size\">Consultor\u00eda<\/li>\n<\/ul>\n\n\n\n<p class=\"has-medium-font-size wp-block-paragraph\">Le as descrici\u00f3ns de cada formato e <strong>escolle o que mellor se axuste<\/strong> \u00e1s t\u00faas circunstancias, ideas ou preferencias.<\/p>\n\n\n\n<div style=\"height:24px\" aria-hidden=\"true\" class=\"wp-block-spacer\"><\/div>\n\n\n\n<h3 class=\"wp-block-heading has-accent-4-color has-text-color has-link-color wp-elements-c0ff66da4bea851a70ff274bbe55a24e\"><strong>Charla longa<\/strong> (20 minutos + 5 de preguntas)<\/h3>\n\n\n\n<p class=\"has-text-align-left has-medium-font-size wp-block-paragraph\">A charla longa \u00e9 unha excelente oportunidade se queres <strong>profundizar nun tema espec\u00edfico<\/strong>. Poder\u00e1s proporcionar exemplos concretos, estudos relevantes ou consellos pr\u00e1cticos.<\/p>\n\n\n\n<p class=\"has-medium-font-size wp-block-paragraph\">Este formato \u00e9 id\u00f3neo para <strong>conectar con outros profesionais e entusiastas<\/strong> que comparten o teu mesmo interese sobre o tema que presentas.<\/p>\n\n\n\n<p class=\"has-text-align-left has-medium-font-size wp-block-paragraph\">\u00d3 finalizar, haber\u00e1 tempo para que o p\u00fablico realice preguntas. <\/p>\n\n\n\n<p class=\"has-text-align-left has-medium-font-size wp-block-paragraph\">As <strong>preguntas<\/strong> permiten entrar en m\u00e1is detalle e <strong>abordar inquedanzas<\/strong> directas dos asistentes. O trato co p\u00fablico poder\u00e1 axudarche a <strong>establecer conexi\u00f3ns significativas<\/strong> cos asistentes \u00e1 WordCamp.<\/p>\n\n\n\n<div style=\"height:24px\" aria-hidden=\"true\" class=\"wp-block-spacer\"><\/div>\n\n\n\n<h3 class=\"wp-block-heading has-accent-4-color has-text-color has-link-color wp-elements-4797d18da514b564f430080339509c61\"><strong>Charla curta<\/strong> (10 minutos)<\/h3>\n\n\n\n<p class=\"has-medium-font-size wp-block-paragraph\">Este formato est\u00e1 dise\u00f1ado para <strong>temas m\u00e1is r\u00e1pidos de explicar<\/strong>, principiantes en falar \u00f3 p\u00fablico.., xa que tan duran moi pouco tempo e non hai posibilidade de facer preguntas \u00f3 rematar.<\/p>\n\n\n\n<p class=\"has-medium-font-size wp-block-paragraph\">A brevedade de tempo obriga a <strong>concentrarse nos aspectos m\u00e1is importantes do tema<\/strong>, destacar puntos chave, ofrecer consellos pr\u00e1cticos e compartir ideas efectivas.<\/p>\n\n\n\n<p class=\"has-medium-font-size wp-block-paragraph\">Presentar una charla curta <strong>\u00e9 un desaf\u00edo creativo<\/strong>, porque tes que captar a atenci\u00f3n do p\u00fablico cunha mensaxe r\u00e1pida, clara, concisa e interesante. O que te levar\u00e1 a unha <strong>actitude innovadora e creativa coa que destacar. <\/strong><\/p>\n\n\n\n<div style=\"height:24px\" aria-hidden=\"true\" class=\"wp-block-spacer\"><\/div>\n\n\n\n<h3 class=\"wp-block-heading has-accent-4-color has-text-color has-link-color wp-elements-b5d1cf5a0f5888d8d39fa7b0fa39ac85\"><strong>Taller<\/strong> (60 minutos)<\/h3>\n\n\n\n<p class=\"has-medium-font-size wp-block-paragraph\">\u00c9 unha oportunidade \u00fanica para involucrar activamente \u00f3s asistentes  nunha experiencia pr\u00e1ctica e participativa. <\/p>\n\n\n\n<p class=\"has-text-align-left has-medium-font-size wp-block-paragraph\">Este formato \u00e9 ideal para <strong>aprender facendo<\/strong>. Poder\u00e1s propo\u00f1er exercicios pr\u00e1cticos, unha sesi\u00f3n de traballo en equipo, resolver problemas concretos, personalizar certos aspectos&#8230; De xeito que os participantes poidan aplicar conceptos e ferramentas directamente nos seus proxectos.<\/p>\n\n\n\n<p class=\"has-text-align-left has-medium-font-size wp-block-paragraph\">Ademais de guiar \u00f3s asistentes a trav\u00e9s dunha experiencia pr\u00e1ctica, ped\u00edmosche que fomentes a innovaci\u00f3n, a creatividad e o intercambio de co\u00f1ecementos cos participantes para traballar xuntos na procura de <strong>soluci\u00f3ns creativas a desaf\u00edos espec\u00edficos<\/strong>. <\/p>\n\n\n\n<div style=\"height:24px\" aria-hidden=\"true\" class=\"wp-block-spacer\"><\/div>\n\n\n\n<h3 class=\"wp-block-heading has-accent-4-color has-text-color has-link-color wp-elements-0bbfbd1aacbeb6d431bb5329f0c9e11e\"><strong>Demo<\/strong> (10 minutos)<\/h3>\n\n\n\n<p class=\"has-medium-font-size wp-block-paragraph\">Este formato \u00e9 unha oportunidade para <strong>compartir algo que saibas facer<\/strong>. Tr\u00e1tase de <strong>amosar<\/strong> <strong>de maneira pr\u00e1ctica c\u00f3mo funciona<\/strong> unha aplicaci\u00f3n, un <em>plugin<\/em>, os pasos a seguir para facer unha estratexia espec\u00edfica de\u2026<\/p>\n\n\n\n<p class=\"has-medium-font-size wp-block-paragraph\">Deber\u00e1s ser conciso e inspirador para que a audiencia comprenda r\u00e1pidamente a s\u00faa utilidade e o potencial do seu uso para que despois exploren ou o implementen nos seus proxectos.<\/p>\n\n\n\n<p class=\"has-medium-font-size wp-block-paragraph\">Pensa en algo simple para que os asistentes poidan ver dunha forma r\u00e1pida e f\u00e1cil, \u00f3 xeito de facer algo concreto e dese xeito, que poidan<strong> aprender a facelo<\/strong>.<\/p>\n\n\n\n<div style=\"height:24px\" aria-hidden=\"true\" class=\"wp-block-spacer\"><\/div>\n\n\n\n<h3 class=\"wp-block-heading has-accent-4-color has-text-color has-link-color wp-elements-0ef873f0b31ec08ff14affead1fac519\"><strong>Auditor\u00eda<\/strong> (20 minutos + 5 preguntas)<\/h3>\n\n\n\n<p class=\"has-medium-font-size wp-block-paragraph\">\u00c9 o formato id\u00f3neo <strong>se adoitas auditar proxectos<\/strong> para poder identificar \u00e1reas de mellora e oportunidades para optimizar procesos relacionados co mundo das webs ou do emprendemento. <\/p>\n\n\n\n<p class=\"has-text-align-left has-medium-font-size wp-block-paragraph\">Tr\u00e1tase de <strong>amosar a metodolox\u00eda que segues analizando os casos reais<\/strong> que ti escollas dentro das propostas que os participantes enviar\u00e1n antes do evento.  Ter\u00e1s o tempo necesario tanto para facer a elecci\u00f3n, como para realizar as revisi\u00f3ns.<\/p>\n\n\n\n<p class=\"has-medium-font-size wp-block-paragraph\">O d\u00eda do evento poder\u00e1s ofrecer consellos pr\u00e1cticos e suxerencias de mellora adaptadas \u00e1s necesidades e circunstancias \u00fanicas de cada proxecto. De xeito, que <strong>os participantes non s\u00f3 recibir\u00e1n asesoramento personalizado, sen\u00f3n que tam\u00e9n ter\u00e1n a oportunidade de aprender dos proxectos dos outros.<\/strong><\/p>\n\n\n\n<div style=\"height:24px\" aria-hidden=\"true\" class=\"wp-block-spacer\"><\/div>\n\n\n\n<h3 class=\"wp-block-heading has-accent-4-color has-text-color has-link-color wp-elements-b1261a831383e02961e55eed2d576cc3\"><strong>Consultor\u00eda<\/strong> (10 minutos)<\/h3>\n\n\n\n<p class=\"has-medium-font-size wp-block-paragraph\">Este formato \u00e9 unha oportunidade para axudar e aconsellar \u00f3s participantes grazas \u00f3s teu co\u00f1ecementos e experiencia sobre un \u00e1rea ou tema espec\u00edfico relacionados con el emprendimiento y WordPress.<\/p>\n\n\n\n<p class=\"has-medium-font-size wp-block-paragraph\">Tr\u00e1tase de <strong>dar consellos e recomendaci\u00f3ns personalizadas sobre casos espec\u00edficos do p\u00fablico<\/strong> para axudarlles a resolver as s\u00faas d\u00fabidas ou problemas. <\/p>\n\n\n\n<p class=\"has-medium-font-size wp-block-paragraph\">Para iso, os participantes <strong>poder\u00e1n mandar as s\u00faas preguntas con antelaci\u00f3n \u00f3 evento<\/strong> para seleccionar as m\u00e1is interesantes e que poidan ser de maior utilidade. Deixando espazo tam\u00e9n para as que xurdan no momento.<\/p>\n\n\n\n<div style=\"height:24px\" aria-hidden=\"true\" class=\"wp-block-spacer\"><\/div>\n\n\n\n<p class=\"wp-block-paragraph\" style=\"font-size:clamp(14px, 0.875rem + ((1vw - 3.2px) * 0.732), 20px);\">Todos os formatos plantexados son orientativos e flexibles, polo que <strong>estamos abertos a calquera modificaci\u00f3n ou proposta<\/strong> que nos queiras facer chegar. <\/p>\n\n\n\n<div style=\"height:40px\" aria-hidden=\"true\" class=\"wp-block-spacer\"><\/div>\n\n\n\n<h2 class=\"wp-block-heading has-accent-4-color has-text-color has-link-color wp-elements-2e72a7639b42dacd8b938b2447e88b58\">Informaci\u00f3n de interese<\/h2>\n\n\n\n<p class=\"has-medium-font-size wp-block-paragraph\"><strong>Para ser relator tan s\u00f3 necesitar\u00e1s<\/strong>:<\/p>\n\n\n\n<ul class=\"wp-block-list\">\n<li class=\"has-medium-font-size\"><strong>Ganas de aportar valor <\/strong>e de axudar \u00f3s demais<\/li>\n\n\n\n<li class=\"has-medium-font-size\"><strong>Prepararte (ben) a ponencia<\/strong><\/li>\n\n\n\n<li class=\"has-medium-font-size\"><strong>Estar en Pontevedra<\/strong> os d\u00edas do evento, concretamente antes da hora que che sa\u00edr a escea. <\/li>\n<\/ul>\n\n\n\n<div style=\"height:24px\" aria-hidden=\"true\" class=\"wp-block-spacer\"><\/div>\n\n\n\n<p class=\"has-medium-font-size wp-block-paragraph\"><strong>Ademais, ten en conta<\/strong>:<\/p>\n\n\n\n<ol class=\"wp-block-list\">\n<li class=\"has-medium-font-size\">En WordCamp Pontevedra 2024 enfoc\u00e1monos en promover o co\u00f1ecemento, a colaboraci\u00f3n e o intercambio de ideas en beneficio da nosa comunidade. Por esta raz\u00f3n, <strong>non aceptamos ponencias comerciais ou publicitarias.<\/strong><\/li>\n\n\n\n<li class=\"has-medium-font-size\">O noso obxectivo \u00e9 atopar <strong>contido de calidade e orixinal<\/strong> digno para ser compartido en WordPress.tv.<\/li>\n\n\n\n<li class=\"has-medium-font-size\">Na t\u00faa presentaci\u00f3n tan s\u00f3 poder\u00e1 aparecer 1 diapositiva con teus datos de contacto.<\/li>\n\n\n\n<li class=\"has-medium-font-size\">Debes respectar o esp\u00edritu de <strong>WordPress<\/strong> e a s\u00faa <a href=\"https:\/\/es.wikipedia.org\/wiki\/GNU_General_Public_License\">licenza GPL<\/a>.<\/li>\n\n\n\n<li class=\"has-medium-font-size\">O <strong>idioma <\/strong>da charla debe ser preferentemente: espa\u00f1ol, galego, portugu\u00e9s ou ingl\u00e9s.<\/li>\n<\/ol>\n\n\n\n<div style=\"height:24px\" aria-hidden=\"true\" class=\"wp-block-spacer\"><\/div>\n\n\n\n<p class=\"has-medium-font-size wp-block-paragraph\"><strong>Se precisas<\/strong> <strong>axuda<\/strong>:<\/p>\n\n\n\n<p class=\"has-medium-font-size wp-block-paragraph\">Sabemos que preparar unha ponencia require tempo e esforzo, pero estamos aqu\u00ed para apoiarte en cada paso do cami\u00f1o.<\/p>\n\n\n\n<p class=\"has-medium-font-size wp-block-paragraph\">O noso <strong>equipo de relatores <\/strong>estar\u00e1 \u00e1 t\u00faa disposici\u00f3n para<strong> brindarche asesoramento e recursos,<\/strong> e asegurarnos de que<strong> a t\u00faa presentaci\u00f3n sexa un \u00e9xito rotundo!<\/strong><\/p>\n<\/div>\n\n\n\n<div class=\"wp-block-group alignfull has-custom-gris-fondo-background-color has-background has-global-padding is-layout-constrained wp-block-group-is-layout-constrained\">\n<div class=\"wp-block-group formulario_registro has-global-padding is-content-justification-center is-layout-constrained wp-container-core-group-is-layout-d8b12361 wp-block-group-is-layout-constrained\" style=\"padding-top:40px;padding-bottom:40px\">\n<h2 class=\"wp-block-heading has-text-align-center\">Prazo de inscrici\u00f3n pechado<\/h2>\n\n\n\n<p class=\"has-text-align-center has-medium-font-size wp-block-paragraph\">Despois dun complexo e complicado traballo de selecci\u00f3n, configuramos un programa coas propostas recibidas que consideramos que pod\u00edan ser de maior valor e inter\u00e9s para os asistentes.<\/p>\n\n\n\n<p class=\"has-text-align-center wp-block-paragraph\">Xa podes consultar os relatorios e relatores seleccionados, no <a href=\"https:\/\/pontevedra.wordcamp.org\/2024\/programa\/\"><strong>programa<\/strong><\/a> da WordCamp Pontevedra 2024.<\/p>\n<\/div>\n<\/div>\n\n\n\n<div class=\"wp-block-group alignfull has-custom-gris-fondo-background-color has-background has-global-padding is-layout-constrained wp-block-group-is-layout-constrained\" style=\"margin-top:0;margin-bottom:0;padding-top:0;padding-bottom:0\">\n<div class=\"wp-block-group alignfull has-accent-4-background-color has-background has-global-padding is-layout-constrained wp-container-core-group-is-layout-6a899360 wp-block-group-is-layout-constrained\" style=\"padding-top:48px;padding-bottom:48px\">\n<h2 class=\"wp-block-heading has-text-align-center has-accent-3-color has-text-color has-link-color wp-elements-ac7c7dec550b307319364f92d2382b7e\">Subscr\u00edbete \u00f3 noso blog<\/h2>\n\n\n\n<p class=\"has-text-align-center has-base-2-color has-text-color has-link-color has-medium-font-size wp-elements-3363e27a44133c2f75a537ca32716fd9 wp-block-paragraph\">Ent\u00e9rate de todo o que estamos a facer para que este evento sexa inesquecible.<\/p>\n\n\n<div class=\"wp-block-jetpack-subscriptions__supports-newline suscripciones is-style-split wp-block-jetpack-subscriptions\">\n\t\t<div>\n\t\t\t<div>\n\t\t\t\t<div>\n\t\t\t\t\t<p >\n\t\t\t\t\t\t<a href=\"https:\/\/pontevedra.wordcamp.org\/2024\/?post_type=page&#038;p=2031\" style=\"font-size: 16px;padding: 15px 23px 15px 23px;margin: 0; margin-left: 10px;border-color: base-2;border-radius: 0px;border-width: 1px; text-decoration: none; white-space: nowrap; margin-left: 0\">Subscribirse<\/a>\n\t\t\t\t\t<\/p>\n\t\t\t\t<\/div>\n\t\t\t<\/div>\n\t\t<\/div>\n\t<\/div><\/div>\n<\/div>\n","protected":false},"excerpt":{"rendered":"<p>Informaci\u00f3n que debes saber para poder participar como relator na WordCamp Pontevedra 2024<\/p>\n","protected":false},"author":17330482,"featured_media":3712,"parent":0,"menu_order":0,"comment_status":"closed","ping_status":"closed","template":"wp-custom-template-p-xinas-gl","meta":{"_crdt_document":"","advanced_seo_description":"","jetpack_seo_html_title":"","jetpack_seo_noindex":false,"jetpack_post_was_ever_published":false,"footnotes":""},"class_list":["post-2031","page","type-page","status-publish","has-post-thumbnail","hentry"],"jetpack_sharing_enabled":true,"_links":{"self":[{"href":"https:\/\/pontevedra.wordcamp.org\/2024\/wp-json\/wp\/v2\/pages\/2031","targetHints":{"allow":["GET"]}}],"collection":[{"href":"https:\/\/pontevedra.wordcamp.org\/2024\/wp-json\/wp\/v2\/pages"}],"about":[{"href":"https:\/\/pontevedra.wordcamp.org\/2024\/wp-json\/wp\/v2\/types\/page"}],"author":[{"embeddable":true,"href":"https:\/\/pontevedra.wordcamp.org\/2024\/wp-json\/wp\/v2\/users\/17330482"}],"replies":[{"embeddable":true,"href":"https:\/\/pontevedra.wordcamp.org\/2024\/wp-json\/wp\/v2\/comments?post=2031"}],"version-history":[{"count":56,"href":"https:\/\/pontevedra.wordcamp.org\/2024\/wp-json\/wp\/v2\/pages\/2031\/revisions"}],"predecessor-version":[{"id":6282,"href":"https:\/\/pontevedra.wordcamp.org\/2024\/wp-json\/wp\/v2\/pages\/2031\/revisions\/6282"}],"wp:featuredmedia":[{"embeddable":true,"href":"https:\/\/pontevedra.wordcamp.org\/2024\/wp-json\/wp\/v2\/media\/3712"}],"wp:attachment":[{"href":"https:\/\/pontevedra.wordcamp.org\/2024\/wp-json\/wp\/v2\/media?parent=2031"}],"curies":[{"name":"wp","href":"https:\/\/api.w.org\/{rel}","templated":true}]}}