{"id":2157,"date":"2024-04-02T21:03:19","date_gmt":"2024-04-02T19:03:19","guid":{"rendered":"https:\/\/pontevedra.wordcamp.org\/2024\/?page_id=2157"},"modified":"2024-05-06T14:23:21","modified_gmt":"2024-05-06T12:23:21","slug":"politica-de-privacidade","status":"publish","type":"page","link":"https:\/\/pontevedra.wordcamp.org\/2024\/politica-de-privacidade\/","title":{"rendered":"Pol\u00edtica de privacidade"},"content":{"rendered":"\n<div class=\"wp-block-group has-global-padding is-layout-constrained wp-block-group-is-layout-constrained\" style=\"padding-top:48px;padding-bottom:48px\">\n<p class=\"wp-block-paragraph\">WordPress.org sitios web (colectivamente &#8220;WordPress.org&#8221; neste documento) ref\u00edrense a sitios aloxados no WordPress.org, WordPress.net, WordCamp.org, BuddyPress.org, bbPress.org e outros dominios e subdominios relacionados cos mesmos. Esta pol\u00edtica de privacidade describe c\u00f3mo WordPress.org utiliza e protexe calquera informaci\u00f3n que nos proporcione. Compromet\u00e9monos a garantir a protecci\u00f3n da s\u00faa privacidade. Se nos proporciona informaci\u00f3n persoal a trav\u00e9s de WordPress.org, pode estar seguro de que s\u00f3 se utilizar\u00e1 de acordo con esta declaraci\u00f3n de privacidade.<\/p>\n\n\n\n<div style=\"height:40px\" aria-hidden=\"true\" class=\"wp-block-spacer\"><\/div>\n\n\n\n<h2 class=\"wp-block-heading\">Visitantes do sitio web<\/h2>\n\n\n\n<p class=\"wp-block-paragraph\">\u00d3 igual que a maior\u00eda dos operadores de sitios web, WordPress.org recopila informaci\u00f3n de identificaci\u00f3n non persoal do tipo que os navegadores e servidores web adoitan po\u00f1er a disposici\u00f3n, como o tipo de navegador, a preferencia de idioma, o sitio de referencia e a data e hora de cada solicitude de visitante. O prop\u00f3sito de WordPress.org \u00f3 recopilar informaci\u00f3n de identificaci\u00f3n non persoal \u00e9 comprender mellor c\u00f3mo os visitantes de WordPress.org utilizan o seu sitio web. De vez en cando, WordPress.org pode divulgar informaci\u00f3n de identificaci\u00f3n non persoal no conxunto, por exemplo, mediante a publicaci\u00f3n dun informe sobre as tendencias no uso do seu sitio web.<\/p>\n\n\n\n<p class=\"wp-block-paragraph\">WordPress.org tam\u00e9n recopila informaci\u00f3n de identificaci\u00f3n persoal potencial, como direcci\u00f3ns de Protocolo de Internet (IP). Por\u00e9n, WordPress.org non utiliza direcciones IP para identificar \u00f3s seus visitantes e non divulga dita informaci\u00f3n, salvo nas mesmas circunstancias en que utiliza e divulga informaci\u00f3n de identificaci\u00f3n persoal, como se describe a continuaci\u00f3n.<\/p>\n\n\n\n<div style=\"height:40px\" aria-hidden=\"true\" class=\"wp-block-spacer\"><\/div>\n\n\n\n<h2 class=\"wp-block-heading\">Recopilaci\u00f3n de informaci\u00f3n de identificaci\u00f3n persoal<\/h2>\n\n\n\n<p class=\"wp-block-paragraph\">Certos visitantes de WordPress.org elixen interactuar con WordPress.org de maneiras que requiren que WordPress.org recopilen informaci\u00f3n de identificaci\u00f3n persoal. A cantidade e o tipo de informaci\u00f3n que recopila WordPress.org depende da naturaleza da interaci\u00f3n. Por exemplo, pedimos \u00f3s visitantes que utilizan os nosos foros que proporcionen un nome de usuario e unha direcci\u00f3n de correo electr\u00f3nico.<\/p>\n\n\n\n<p class=\"wp-block-paragraph\">En cada caso, WordPress.org recopila dita informaci\u00f3n s\u00f3 na medida en que sexa necesario ou axeitado para cumprir co prop\u00f3sito da interaci\u00f3n do visitante con WordPress.org. WordPress.org non divulga informaci\u00f3n de identificaci\u00f3n persoal que non sexa a que se describe a continuaci\u00f3n. E os visitantes sempre poden negarse a proporcionar informaci\u00f3n de identificaci\u00f3n persoal, coa advertencia de que pode impedirlles participar en certas actividades relacionadas co sitio web, como mercar unha entrada para a WordCamp.<\/p>\n\n\n\n<p class=\"wp-block-paragraph\">Toda a informaci\u00f3n que se recopila en WordPress.org manexarase de acordo coa  legislaci\u00f3n GDPR.<\/p>\n\n\n\n<div style=\"height:40px\" aria-hidden=\"true\" class=\"wp-block-spacer\"><\/div>\n\n\n\n<h2 class=\"wp-block-heading\">Protecci\u00f3n de certa informaci\u00f3n de identificaci\u00f3n persoal<\/h2>\n\n\n\n<p class=\"wp-block-paragraph\">WordPress.org divulga informaci\u00f3n de identificaci\u00f3n persoal e de identificaci\u00f3n persoal s\u00f3 a aqueles administradores de proxectos, empregados, contratistas e organizaci\u00f3ns afiliadas que (i) necesitan co\u00f1ecer esa informaci\u00f3n para procesala en nome de WordPress.org ou para proporcionar servizos dispo\u00f1ibles a trav\u00e9s de WordPress.org, y (ii) que acordaron no divulgala a outros. Alg\u00fans dese empregados, contratistas e organizaci\u00f3ns afiliadas poden estar ubicados f\u00f3ra do seu pa\u00eds de orixe; \u00d3 utilizar WordPress.org, vostede d\u00e1 o seu consentimento para a transferencia de dita informaci\u00f3n a eles.<\/p>\n\n\n\n<p class=\"wp-block-paragraph\">WordPress.org non alugar\u00e1 nin vender\u00e1 informaci\u00f3n de identificaci\u00f3n persoal e de identificaci\u00f3n persoal a ningu\u00e9n. Aparte dos administradores de proxectos, empregados, contratistas e organizaci\u00f3ns afiliadas, como se describe anteriormente, WordPress.org divulga informaci\u00f3n de identificaci\u00f3n persoal e de identificaci\u00f3n persoal s\u00f3 cando as\u00ed o esixe a lei, se vostede d\u00e1 permiso para que se comparta a s\u00faa informaci\u00f3n ou cando WordPress.org cre de boa fe que a divulgaci\u00f3n \u00e9 razoablemente necesaria para protexer a propiedade ou os dereitos de WordPress.org, terceiros, ou o p\u00fablico en xeral.<\/p>\n\n\n\n<p class=\"wp-block-paragraph\">Se vostede \u00e9 un usuario rexistrado dun sitio web de WordPress.org e proporcionou o seu enderezo de correo electr\u00f3nico, \u00e9 posible WordPress.org ocasionalmente lle env\u00ede un correo electr\u00f3nico para informarlle sobre novas funci\u00f3ns, solicitar os seus comentarios ou simplemente mantelo actualizado co que est\u00e1 sucedendo con WordPress.org e os nosos  produtos. Utilizamos principalmente o nosos blog para comunicar este tipo de informaci\u00f3n, polo que esperamos manter este tipo de correo electr\u00f3nico \u00f3 m\u00ednimo.<\/p>\n\n\n\n<p class=\"wp-block-paragraph\">Se nos env\u00eda unha solicitude (por exemplo, a trav\u00e9s dun correo electr\u00f3nico de soporte ou a trav\u00e9s dun dos nosos mecanismos de comentarios), reserv\u00e1monos o dereito de publicala para axudarnos a aclarar ou responder a s\u00faa solicitude ou para axudarnos a apoiar a outros usuarios. WordPress.org toma todas as medidas razoablemente necesarias para protexer contra o acceso non autorizado, o uso, a alteraci\u00f3n ou a destruci\u00f3n de informaci\u00f3n potencialmente identificable e de identificaci\u00f3n persoal.<\/p>\n\n\n\n<div style=\"height:40px\" aria-hidden=\"true\" class=\"wp-block-spacer\"><\/div>\n\n\n\n<h2 class=\"wp-block-heading\">Uso da informaci\u00f3n persoal<\/h2>\n\n\n\n<p class=\"wp-block-paragraph\">Non utilizaremos a informaci\u00f3n que proporcione cando se rexistre para obter unha conta, asista \u00f3s nosos eventos, reciba bolet\u00edns informativos, utilice outros servizos ou participe no proxecto de c\u00f3digo aberto de WordPress de ningunha outra maneira.<\/p>\n\n\n\n<p class=\"wp-block-paragraph\">Non venderemos nin arrendaremos a s\u00faa informaci\u00f3n persoal a terceiros a menos que te\u00f1amos o seu permiso ou que a lei nos esixa facelo.<\/p>\n\n\n\n<p class=\"wp-block-paragraph\">Gustar\u00edanos enviarlle comunicaci\u00f3ns de marketing por correo electr\u00f3nico que poidan ser do seu interese de vez en cando. Se deu o seu consentimento para o marketing, pode optar por non participar m\u00e1is adiante.<\/p>\n\n\n\n<p class=\"wp-block-paragraph\">Ten dereito en calquera momento a impedir que nos po\u00f1amos en contacto con vostede con fins de marketing. Se xa non desexa que nos po\u00f1amos en contacto con vostede con fins de marketing, faga clic na ligaz\u00f3n para darse de baixa na parte inferior do correo electr\u00f3nico.<\/p>\n\n\n\n<div style=\"height:40px\" aria-hidden=\"true\" class=\"wp-block-spacer\"><\/div>\n\n\n\n<h2 class=\"wp-block-heading\">Bases legales para o procesamento de informaci\u00f3n persoal<\/h2>\n\n\n\n<p class=\"wp-block-paragraph\">Base\u00e1monos nunha ou m\u00e1is das siguintes condici\u00f3ns de procesamento:<\/p>\n\n\n\n<ul class=\"wp-block-list\">\n<li>os nosos intereses lex\u00edtimos na entrega efectiva de informaci\u00f3n e servizos a vostede;<\/li>\n\n\n\n<li>consentimento expl\u00edcito que vostede deu;<\/li>\n\n\n\n<li>obrigas legais.<\/li>\n<\/ul>\n\n\n\n<div style=\"height:40px\" aria-hidden=\"true\" class=\"wp-block-spacer\"><\/div>\n\n\n\n<h2 class=\"wp-block-heading\">Acceso \u00f3s datos<\/h2>\n\n\n\n<p class=\"wp-block-paragraph\">Ten dereito a solicitar unha copia da informaci\u00f3n que temos sobre vostede. Se desexa unha copia de parte ou de toda a s\u00faa informaci\u00f3n persoal, siga as instrucci\u00f3ns \u00f3 final desta secci\u00f3n.<\/p>\n\n\n\n<p class=\"wp-block-paragraph\">Todos os datos proporcionados polos asistentes \u00e1 WordCamp poden ser vistos e modificados polo asistente a trav\u00e9s da URL do token de acceso que se env\u00eda por correo electr\u00f3nico para confirmar que a compra de entradas se realizou correctamente.<\/p>\n\n\n\n<p class=\"wp-block-paragraph\">WordPress.org contas de usuario p\u00f3dense editar seguindo estes pasos:<\/p>\n\n\n\n<ol class=\"wp-block-list\">\n<li>Visite&nbsp;<a href=\"https:\/\/login.wordpress.org\/\">https:\/\/login.wordpress.org\/<\/a>&nbsp;e ingrese o seu nome de usuario e contrasinal.<\/li>\n\n\n\n<li>Ser\u00e1 redirixido a https:\/\/profiles.wordpress.org\/your_username.<\/li>\n\n\n\n<li>Faga clic na liga\u00f3n &#8220;Editar&#8221; \u00f3 car\u00f3n do seu nome de usuario.<\/li>\n<\/ol>\n\n\n\n<p class=\"wp-block-paragraph\">Se desexa solicitar acceso \u00f3s datos da s\u00faa conta, siga estes pasos:<\/p>\n\n\n\n<ol class=\"wp-block-list\">\n<li>Visita&nbsp;<a href=\"https:\/\/wordpress.org\/about\/privacy\/data-export-request\/\">https:\/\/wordpress.org\/about\/privacy\/data-export-request\/<\/a>.<\/li>\n\n\n\n<li>Ingrese o seu enderezo de correo electr\u00f3nico.<\/li>\n\n\n\n<li>Faga clic en &#8220;Aceptar declaraci\u00f3n e solicitar exportaci\u00f3n&#8221;.<\/li>\n<\/ol>\n\n\n\n<p class=\"wp-block-paragraph\">Nota: Se ten unha conta WP.org, recomend\u00e1moslle que inicie sesi\u00f3n antes de enviar para asociar  a s\u00faa conta coa solicitude.<\/p>\n\n\n\n<div style=\"height:40px\" aria-hidden=\"true\" class=\"wp-block-spacer\"><\/div>\n\n\n\n<h2 class=\"wp-block-heading\">Retenci\u00f3n de informaci\u00f3n persoal<\/h2>\n\n\n\n<p class=\"wp-block-paragraph\">Conservaremos a s\u00faa informaci\u00f3n persoal nos nosos sistemas s\u00f3 durante o tempo que sexa preciso, para o \u00e9xito do proxecto de c\u00f3digo aberto de WordPress e os programas que WordPress.org admiten. Conservamos a informaci\u00f3n de contacto (como a informaci\u00f3n da lista de correo) ata que un usuario cancela a subscrici\u00f3n ou solicita que eliminemos esa informaci\u00f3n dos nosos sistemas en vivo. Se decide darse de baixa dunha lista de correo, \u00e9 posible que conservemos certa informaci\u00f3n limitada sobre vostede para poder cumprir coa s\u00faa solicitude.<\/p>\n\n\n\n<p class=\"wp-block-paragraph\">WordPress.org non eliminar\u00e1 os datos personais dos rexistros ou rexistros precisos para o funcionamento, o desenvolvemento ou os arquivos do proxecto de c\u00f3digo aberto de WordPress.<\/p>\n\n\n\n<p class=\"wp-block-paragraph\">WordPress.org manter\u00e1 os datos dos asistentes \u00e1 WordCamp durante 3 anos para realizar un mellor seguimento e fomentar o crecimento da comunidade, e despois, eliminar\u00e1 autom\u00e1ticamente os datos non esenciais recompilados a trav\u00e9s do registro. Os nomes e enderezos de correo electr\u00f3nico dos asistentes conservaranse indefinidamente, para preservar a nosa capacidade de responder \u00f3s informes do c\u00f3digo de conduta.<\/p>\n\n\n\n<p class=\"wp-block-paragraph\">En WordCamp.org sitios, os datos bancarios\/financieiros recompilados como parte dunha solicitude de reembolso eliminaranse a partir de WordCamp.org 7 d\u00edas despois de que a solicitude se marque como paga. O motivo do per\u00edodo de retenci\u00f3n de 7 d\u00edas \u00e9 evitar que os organizadores te\u00f1an que volver a ingresar os seus datos bancarios se falla unha transferencia ou se un pago se marcou como &#8220;Pago&#8221; por erro. As facturas e recibos relacionados cos gastos de WordCamp conservanse durante 7 anos despois do peche da auditor\u00eda do ano calendario, por instruci\u00f3n dos nosos consultores financieiros (auditores e posu\u00eddores de libros).<\/p>\n\n\n\n<p class=\"wp-block-paragraph\">Cando se solicite ou se requira a eliminaci\u00f3n, anonimizaremos os datos dos interesados e\/ou eliminaremos a s\u00faa informaci\u00f3n dos sitios de acceso p\u00fablico se a eliminaci\u00f3n dos datos romper\u00eda os sistemas esenciais ou danar\u00eda os rexistros ou rexistros precisos para o funcionamento, o desenvolvemento ou os rexistros de arquivo do proxecto de c\u00f3digo aberto de WordPress.<\/p>\n\n\n\n<p class=\"wp-block-paragraph\">Se desexa solicitar a eliminaci\u00f3n da s\u00faa conta e os datos asociados, siga estes pasos:<\/p>\n\n\n\n<ol class=\"wp-block-list\">\n<li>Visite&nbsp;<a href=\"https:\/\/wordpress.org\/about\/privacy\/data-erasure-request\/\">https:\/\/wordpress.org\/about\/privacy\/data-erasure-request\/<\/a>.<\/li>\n\n\n\n<li>Ingrese o seu enderezo de correo electr\u00f3nico.<\/li>\n\n\n\n<li>Faga clic en &#8220;Aceptar declaraci\u00f3n e solicitar a eliminaci\u00f3n permanente da conta&#8221;.<\/li>\n<\/ol>\n\n\n\n<p class=\"wp-block-paragraph\">Nota: Se ten unha conta WP.org, recomend\u00e1moslle que inicie sesi\u00f3n antes de enviar para asociar a s\u00faa conta coa solicitude.<\/p>\n\n\n\n<div style=\"height:40px\" aria-hidden=\"true\" class=\"wp-block-spacer\"><\/div>\n\n\n\n<h2 class=\"wp-block-heading\">Dereitos en relaci\u00f3n coa s\u00faa informaci\u00f3n<\/h2>\n\n\n\n<p class=\"wp-block-paragraph\">\u00c9 posible que te\u00f1a certos dereitos en virtude da lei de protecci\u00f3n de datos en relaci\u00f3n coa informaci\u00f3n persoal que temos sobre vostede. En particular, pode ter dereito a:<\/p>\n\n\n\n<ul class=\"wp-block-list\">\n<li>solicitar unha copia da informaci\u00f3n persoal que temos sobre vostede;<\/li>\n\n\n\n<li>solicitar que actualicemos a informaci\u00f3n persoal que temos sobre vostede, ou que corrixamos de forma independente dita informaci\u00f3n persoal que considere incorrecta ou incompleta;<\/li>\n\n\n\n<li>solicitar que eliminemos a informaci\u00f3n persoal que temos sobre vostede dos sistemas en vivo, ou que restrinxamos o xeito no que usamos dita informaci\u00f3n persoal (para obter informaci\u00f3n sobre a eliminaci\u00f3n de arquivos, consulte a secci\u00f3n &#8220;Retenci\u00f3n de informaci\u00f3n persoal&#8221;);<\/li>\n\n\n\n<li>opo\u00f1erse \u00f3 nosos procesamento da s\u00faa informaci\u00f3n persoal; e\/ou<\/li>\n\n\n\n<li>retirar o seu consentimento para que procesemos a s\u00faa informaci\u00f3n persoal (na medida en que dito procesamento se basee no consentimento e o consentimento sexa a \u00fanica base permitida para o procesamento).<\/li>\n<\/ul>\n\n\n\n<p class=\"wp-block-paragraph\">Se desexa exercer estes dereitos ou comprender se estes dereitos se aplican a vostede, siga as instrucci\u00f3ns \u00f3 final desta declaraci\u00f3n de privacidade.<\/p>\n\n\n\n<div style=\"height:40px\" aria-hidden=\"true\" class=\"wp-block-spacer\"><\/div>\n\n\n\n<h2 class=\"wp-block-heading\">Enlaces de terceiros<\/h2>\n\n\n\n<p class=\"wp-block-paragraph\">O noso sitio web pode conter ligaz\u00f3ns a outros sitios web proporcionados por terceiros que non est\u00e1n baixo o noso control. \u00d3 seguir unha ligaz\u00f3n e proporcionar informaci\u00f3n a un sitio web de terceiros, te\u00f1a en conta que non somos responsables dos datos proporcionados a ese terceiro. Esta pol\u00edtica de privacidade s\u00f3 se aplica \u00f3s sitios web enumerados \u00f3 principio deste documento, polo que cando visite outros sitios web, incluso cando faga clic nunha ligaz\u00f3n publicada en WordPress.org, debe ler as s\u00faas propias pol\u00edticas de privacidade.<\/p>\n\n\n\n<div style=\"height:40px\" aria-hidden=\"true\" class=\"wp-block-spacer\"><\/div>\n\n\n\n<h2 class=\"wp-block-heading\">Estat\u00edsticas agregadas<\/h2>\n\n\n\n<p class=\"wp-block-paragraph\">WordPress.org pode recompilar estat\u00edsticas sobre o comportamento dos visitantes dos seus sitios web. Por exemplo, WordPress.org pode revelar c\u00e1ntas veces se descargou unha versi\u00f3n particular de WordPress ou informar sobre qu\u00e9 complementos son os m\u00e1is populares, segundo os datos recompilados por , un servizo web utilizado polas instalaci\u00f3ns de WordPress para buscar novas versi\u00f3ns de WordPress e complementos. Por\u00e9n, WordPress.org non divulga informaci\u00f3n de identificaci\u00f3n persoal que non sexa a descrita nesta pol\u00edtica.<code>api.wordpress.org<\/code><\/p>\n\n\n\n<div style=\"height:40px\" aria-hidden=\"true\" class=\"wp-block-spacer\"><\/div>\n\n\n\n<h2 class=\"wp-block-heading\">Cookies<\/h2>\n\n\n\n<p class=\"wp-block-paragraph\">Ademais, a informaci\u00f3n sobre c\u00f3mo utiliza os nosos sitio web se recompila autom\u00e1ticamente mediante &#8220;cookies&#8221;. As cookies son arquivos de texto que se colocan no seu ordenador para recompilar informaci\u00f3n est\u00e1ndar de rexistro de Internet e informaci\u00f3n sobre o comportamento dos visitantes. Esta informaci\u00f3n util\u00edzase para realizar un seguimento do uso do sitio web por parte dos visitantes e para compilar informes estat\u00edsticos sobre a actividade do sitio web.<\/p>\n\n\n\n<p class=\"wp-block-paragraph\">Consulte&nbsp;a <a href=\"https:\/\/wordpress.org\/about\/privacy\/cookies\/\">nosa pol\u00edtica de cookies<\/a>&nbsp;para obter m\u00e1is informaci\u00f3n sobre qu\u00e9 cookies se recompilan en WordPress.org.<\/p>\n\n\n\n<div style=\"height:40px\" aria-hidden=\"true\" class=\"wp-block-spacer\"><\/div>\n\n\n\n<h2 class=\"wp-block-heading\">Cambios na pol\u00edtica de privacidade<\/h2>\n\n\n\n<p class=\"wp-block-paragraph\">A\u00ednda que \u00e9 probable que a maior\u00eda dos cambios sexan menores, WordPress.org pode cambiar a s\u00faa Pol\u00edtica de privacidade de vez en cando e a discreci\u00f3n exclusiva de WordPress.org. WordPress.org anima \u00f3s visitantes a consultar con frecuencia esta p\u00e1xina para ver se haicambios na s\u00faa Pol\u00edtica de privacidade. O uso continuado deste sitio despois de calquera cambio nesta Pol\u00edtica de Privacidade constituir\u00e1 a aceptaci\u00f3n de dito cambio.<\/p>\n\n\n\n<div style=\"height:40px\" aria-hidden=\"true\" class=\"wp-block-spacer\"><\/div>\n\n\n\n<h2 class=\"wp-block-heading\">Contacto<\/h2>\n\n\n\n<p class=\"wp-block-paragraph\">Te\u00f1a en conta que non podemos proporcionar axuda ou informaci\u00f3n sobre outros sitios web, incluidos aqueles que poden executarse no software de c\u00f3digo aberto de WordPress pero que est\u00e1n aloxados por terceiros.<\/p>\n\n\n\n<p class=\"wp-block-paragraph\">suxer\u00edmoslle que se po\u00f1a en contacto directamente co propietario ou autor do sitio. Para obter m\u00e1is informaci\u00f3n sobre o host ou o rexistrador de dominios do sitio, pode utilizar estas ferramentas:<\/p>\n\n\n\n<ul class=\"wp-block-list\">\n<li><a href=\"https:\/\/href.li\/?https:\/\/lookup.icann.org\">https:\/\/lookup.icann.org<\/a><\/li>\n\n\n\n<li><a href=\"https:\/\/href.li\/?https:\/\/www.whoishostingthis.com\/\">https:\/\/www.whoishostingthis.com\/<\/a><\/li>\n<\/ul>\n\n\n\n<p class=\"wp-block-paragraph\">P\u00f3\u00f1ase en contacto con n\u00f3s se ten algunha pregunta sobre a nosa pol\u00edtica de privacidade ou a informaci\u00f3n que temos sobre vostede enviando un correo electr\u00f3nico a dpo@wordpress.org.<\/p>\n<\/div>\n","protected":false},"excerpt":{"rendered":"<p>Informaci\u00f3n sobre a pol\u00edtica de privacidade<\/p>\n","protected":false},"author":17330482,"featured_media":0,"parent":0,"menu_order":0,"comment_status":"closed","ping_status":"closed","template":"wp-custom-template-p-xinas-gl","meta":{"_crdt_document":"","advanced_seo_description":"","jetpack_seo_html_title":"","jetpack_seo_noindex":false,"jetpack_post_was_ever_published":false,"footnotes":""},"class_list":["post-2157","page","type-page","status-publish","hentry"],"jetpack_sharing_enabled":true,"_links":{"self":[{"href":"https:\/\/pontevedra.wordcamp.org\/2024\/wp-json\/wp\/v2\/pages\/2157","targetHints":{"allow":["GET"]}}],"collection":[{"href":"https:\/\/pontevedra.wordcamp.org\/2024\/wp-json\/wp\/v2\/pages"}],"about":[{"href":"https:\/\/pontevedra.wordcamp.org\/2024\/wp-json\/wp\/v2\/types\/page"}],"author":[{"embeddable":true,"href":"https:\/\/pontevedra.wordcamp.org\/2024\/wp-json\/wp\/v2\/users\/17330482"}],"replies":[{"embeddable":true,"href":"https:\/\/pontevedra.wordcamp.org\/2024\/wp-json\/wp\/v2\/comments?post=2157"}],"version-history":[{"count":6,"href":"https:\/\/pontevedra.wordcamp.org\/2024\/wp-json\/wp\/v2\/pages\/2157\/revisions"}],"predecessor-version":[{"id":3749,"href":"https:\/\/pontevedra.wordcamp.org\/2024\/wp-json\/wp\/v2\/pages\/2157\/revisions\/3749"}],"wp:attachment":[{"href":"https:\/\/pontevedra.wordcamp.org\/2024\/wp-json\/wp\/v2\/media?parent=2157"}],"curies":[{"name":"wp","href":"https:\/\/api.w.org\/{rel}","templated":true}]}}