{"id":3257,"date":"2024-05-03T10:54:25","date_gmt":"2024-05-03T08:54:25","guid":{"rendered":"https:\/\/pontevedra.wordcamp.org\/2024\/?page_id=3257"},"modified":"2024-05-06T13:30:48","modified_gmt":"2024-05-06T11:30:48","slug":"conferencias","status":"publish","type":"page","link":"https:\/\/pontevedra.wordcamp.org\/2024\/es\/conferencias\/","title":{"rendered":"Conferencias"},"content":{"rendered":"\n<div class=\"wp-block-group has-global-padding is-layout-constrained wp-block-group-is-layout-constrained\" style=\"margin-bottom:48px;padding-top:48px;padding-bottom:48px\">\n<h2 class=\"wp-block-heading has-text-align-center has-accent-4-color has-text-color has-link-color wp-elements-f5f0d1c1961c9a1f758dfba4e2fb3d41\">S\u00e1bado, 21 de septiembre<\/h2>\n\n\n\n<p class=\"has-text-align-center has-medium-font-size wp-block-paragraph\">En este d\u00eda habr\u00e1 2 salas donde podr\u00e1s asistir a diferentes conferencias, talleres y formatos experimentales. Con m\u00e1s de 20 ponentes que cubrir\u00e1n todos los temas posibles relacionados con el mundo de las p\u00e1ginas web y el emprendimiento. Y diferentes niveles, para que tanto principiantes como expertos aprendan y disfruten.<\/p>\n\n\n\n<p class=\"has-text-align-center has-medium-font-size wp-block-paragraph\">Este a\u00f1o nos propusimos realizar <strong>diferentes actividades relacionadas con WordPress y el emprendimiento<\/strong>. Tocando \u00e1reas como el negocio digital, el comercio electr\u00f3nico, la marca personal, las redes sociales, el <em>copywrtiting<\/em>, el desarrollo web, el dise\u00f1o UX\/UI, la accesibilidad, el marketing y las ventas, el SEO, la seguridad, el WPO, los aspectos legales\u2026<\/p>\n\n\n\n<p class=\"has-text-align-center has-medium-font-size wp-block-paragraph\">Conferencias din\u00e1micas, lo m\u00e1s pr\u00e1cticas posibles con las que los asistentes acaban con muchas ganas de probar cosas nuevas.<strong> Ponentes con ideas innovadoras<\/strong>, historias que inspiren a otros o quiz\u00e1s <strong>consejos pr\u00e1cticos<\/strong> que podamos aplicar a nuestros proyectos.<\/p>\n\n\n\n<p class=\"has-text-align-center has-medium-font-size wp-block-paragraph\">Si quieres m\u00e1s detalles sobre las conferencias, consulta el programa para decidir a cu\u00e1l quieres asistir.<\/p>\n\n\n\n<div class=\"wp-block-buttons is-content-justification-center is-layout-flex wp-container-core-buttons-is-layout-ff57ccb5 wp-block-buttons-is-layout-flex\" style=\"margin-top:24px;margin-bottom:24px\">\n<div class=\"wp-block-button is-style-fill sombra-verde\"><a class=\"wp-block-button__link has-base-2-color has-accent-4-background-color has-text-color has-background has-link-color has-border-color wp-element-button\" href=\"https:\/\/pontevedra.wordcamp.org\/2024\/es\/programa\/\" style=\"border-color:#35ff69;border-radius:0px;padding-top:4px;padding-right:24px;padding-bottom:4px;padding-left:24px\">Ver programa<\/a><\/div>\n<\/div>\n<\/div>\n\n\n\n<div class=\"wp-block-group alignfull is-layout-flow wp-container-core-group-is-layout-c2db5122 wp-block-group-is-layout-flow\" style=\"padding-right:0px;padding-left:0px\">\n<figure class=\"wp-block-image alignfull size-large\"><img loading=\"lazy\" decoding=\"async\" width=\"1024\" height=\"47\" src=\"https:\/\/pontevedra.wordcamp.org\/2024\/files\/2024\/04\/onda_gris-1-1024x47.webp\" alt=\"\" class=\"wp-image-2396\" srcset=\"https:\/\/pontevedra.wordcamp.org\/2024\/files\/2024\/04\/onda_gris-1-1024x47.webp 1024w, https:\/\/pontevedra.wordcamp.org\/2024\/files\/2024\/04\/onda_gris-1-300x14.webp 300w, https:\/\/pontevedra.wordcamp.org\/2024\/files\/2024\/04\/onda_gris-1-768x36.webp 768w, https:\/\/pontevedra.wordcamp.org\/2024\/files\/2024\/04\/onda_gris-1-500x23.webp 500w, https:\/\/pontevedra.wordcamp.org\/2024\/files\/2024\/04\/onda_gris-1-1536x71.webp 1536w, https:\/\/pontevedra.wordcamp.org\/2024\/files\/2024\/04\/onda_gris-1.webp 1920w\" sizes=\"auto, (max-width: 1024px) 100vw, 1024px\" \/><\/figure>\n\n\n\n<div class=\"wp-block-group has-custom-gris-fondo-background-color has-background has-global-padding is-layout-constrained wp-container-core-group-is-layout-63946f58 wp-block-group-is-layout-constrained\" style=\"padding-top:0px;padding-bottom:0px\">\n<div class=\"wp-block-media-text is-stacked-on-mobile\" style=\"grid-template-columns:40% auto\"><figure class=\"wp-block-media-text__media\"><img loading=\"lazy\" decoding=\"async\" width=\"501\" height=\"483\" src=\"https:\/\/pontevedra.wordcamp.org\/2024\/files\/2024\/04\/formatos.webp\" alt=\"Uno de los t\u00e9cnicos que graba las sesiones para retransmitirlas y subirlas a internet.\" class=\"wp-image-2593 size-full\" srcset=\"https:\/\/pontevedra.wordcamp.org\/2024\/files\/2024\/04\/formatos.webp 501w, https:\/\/pontevedra.wordcamp.org\/2024\/files\/2024\/04\/formatos-300x289.webp 300w, https:\/\/pontevedra.wordcamp.org\/2024\/files\/2024\/04\/formatos-311x300.webp 311w\" sizes=\"auto, (max-width: 501px) 100vw, 501px\" \/><\/figure><div class=\"wp-block-media-text__content\">\n<h2 class=\"wp-block-heading has-text-align-left has-accent-4-color has-text-color has-link-color has-x-large-font-size wp-elements-734162e32ae971b6dc142b27214eeae9\"><strong>Formatos<\/strong><\/h2>\n\n\n\n<p class=\"has-text-align-left has-medium-font-size wp-block-paragraph\">Este a\u00f1o apostamos por una mayor participaci\u00f3n de los asistentes, y formatos m\u00e1s din\u00e1micos y pr\u00e1cticos para consolidar conocimientos aplicados a casos reales a trav\u00e9s de la experiencia personal.<\/p>\n\n\n\n<div class=\"wp-block-columns is-layout-flex wp-container-core-columns-is-layout-3a88641f wp-block-columns-is-layout-flex\">\n<div class=\"wp-block-column is-layout-flow wp-block-column-is-layout-flow\" style=\"padding-top:0;padding-bottom:0\">\n<ul class=\"is-style-default wp-block-list\">\n<li>Charla larga<\/li>\n\n\n\n<li>Charla corta<\/li>\n\n\n\n<li>Taller<\/li>\n\n\n\n<li>Demo<\/li>\n<\/ul>\n<\/div>\n\n\n\n<div class=\"wp-block-column is-layout-flow wp-block-column-is-layout-flow\" style=\"padding-top:0;padding-bottom:0\">\n<ul class=\"is-style-default wp-block-list\">\n<li>Auditor\u00eda<\/li>\n\n\n\n<li>Consultor\u00eda<\/li>\n\n\n\n<li>Debate abierto<\/li>\n<\/ul>\n<\/div>\n<\/div>\n<\/div><\/div>\n\n\n\n<div class=\"wp-block-media-text has-media-on-the-right is-stacked-on-mobile\" style=\"padding-top:24px;padding-bottom:24px;grid-template-columns:auto 40%\"><div class=\"wp-block-media-text__content\">\n<h2 class=\"wp-block-heading has-text-align-left has-accent-4-color has-text-color has-link-color has-large-font-size wp-elements-3b249b812869a9fac4ff2571bba5efad\"><strong>Charla larga<\/strong><\/h2>\n\n\n\n<p class=\"wp-block-paragraph\">La charla larga es una excelente oportunidad para <strong>profundizar en un tema<\/strong> espec\u00edfico. Con una duraci\u00f3n de 20 minutos, habr\u00e1 un tiempo al final para que el p\u00fablico presente preguntas.<\/p>\n\n\n\n<p class=\"wp-block-paragraph\">Las <strong>preguntas <\/strong>permiten profundizar en m\u00e1s detalles y <strong>abordar inquietudes<\/strong> directas de los asistentes.<\/p>\n<\/div><figure class=\"wp-block-media-text__media\"><img loading=\"lazy\" decoding=\"async\" width=\"497\" height=\"342\" src=\"https:\/\/pontevedra.wordcamp.org\/2024\/files\/2024\/04\/charla_longa.webp\" alt=\"Ponente dando una larga charla\" class=\"wp-image-2594 size-full\" srcset=\"https:\/\/pontevedra.wordcamp.org\/2024\/files\/2024\/04\/charla_longa.webp 497w, https:\/\/pontevedra.wordcamp.org\/2024\/files\/2024\/04\/charla_longa-300x206.webp 300w, https:\/\/pontevedra.wordcamp.org\/2024\/files\/2024\/04\/charla_longa-436x300.webp 436w\" sizes=\"auto, (max-width: 497px) 100vw, 497px\" \/><\/figure><\/div>\n\n\n\n<div class=\"wp-block-media-text is-stacked-on-mobile\" style=\"padding-top:24px;padding-bottom:24px;grid-template-columns:40% auto\"><figure class=\"wp-block-media-text__media\"><img loading=\"lazy\" decoding=\"async\" width=\"503\" height=\"343\" src=\"https:\/\/pontevedra.wordcamp.org\/2024\/files\/2024\/04\/charla-curta.webp\" alt=\"Ponente dando una breve charla.\" class=\"wp-image-2595 size-full\" srcset=\"https:\/\/pontevedra.wordcamp.org\/2024\/files\/2024\/04\/charla-curta.webp 503w, https:\/\/pontevedra.wordcamp.org\/2024\/files\/2024\/04\/charla-curta-300x205.webp 300w, https:\/\/pontevedra.wordcamp.org\/2024\/files\/2024\/04\/charla-curta-440x300.webp 440w\" sizes=\"auto, (max-width: 503px) 100vw, 503px\" \/><\/figure><div class=\"wp-block-media-text__content\">\n<h2 class=\"wp-block-heading has-accent-4-color has-text-color has-link-color has-large-font-size wp-elements-c5c72f1d0614680297389fd619440f3a\"><strong>Charla corta<\/strong><\/h2>\n\n\n\n<p class=\"wp-block-paragraph\">Estas conferencias s\u00f3lo duran 10 minutos y no hay posibilidad de hacer preguntas al final.<\/p>\n\n\n\n<p class=\"wp-block-paragraph\">La brevedad del tiempo te obliga a <strong>centrarte en los aspectos m\u00e1s importantes del tema<\/strong>, resaltar los puntos clave, ofrecer consejos pr\u00e1cticos y compartir ideas efectivas.<\/p>\n<\/div><\/div>\n\n\n\n<div class=\"wp-block-media-text has-media-on-the-right is-stacked-on-mobile\" style=\"padding-top:24px;padding-bottom:24px;grid-template-columns:auto 40%\"><div class=\"wp-block-media-text__content\">\n<h2 class=\"wp-block-heading has-text-align-left has-accent-4-color has-text-color has-link-color has-large-font-size wp-elements-47d173a461fc63266010335acde8d853\"><strong>Taller<\/strong><\/h2>\n\n\n\n<p class=\"wp-block-paragraph\">Este formato es una forma de<strong> aprender haciendo<\/strong>. Una sesi\u00f3n pr\u00e1ctica y participativa donde aplicas conceptos y herramientas directamente durante 60 minutos.<\/p>\n\n\n\n<p class=\"wp-block-paragraph\">El <strong>ponente ayudar\u00e1 y guiar\u00e1 a los participantes<\/strong> para que sean capaces de comprender y consolidar los conceptos.<\/p>\n<\/div><figure class=\"wp-block-media-text__media\"><img loading=\"lazy\" decoding=\"async\" width=\"504\" height=\"340\" src=\"https:\/\/pontevedra.wordcamp.org\/2024\/files\/2024\/04\/obradoiro.png\" alt=\"El ponente dando instrucciones a los participantes del taller.\" class=\"wp-image-2608 size-full\" srcset=\"https:\/\/pontevedra.wordcamp.org\/2024\/files\/2024\/04\/obradoiro.png 504w, https:\/\/pontevedra.wordcamp.org\/2024\/files\/2024\/04\/obradoiro-300x202.png 300w, https:\/\/pontevedra.wordcamp.org\/2024\/files\/2024\/04\/obradoiro-445x300.png 445w\" sizes=\"auto, (max-width: 504px) 100vw, 504px\" \/><\/figure><\/div>\n\n\n\n<div class=\"wp-block-media-text is-stacked-on-mobile\" style=\"padding-top:24px;padding-bottom:24px;grid-template-columns:40% auto\"><figure class=\"wp-block-media-text__media\"><img loading=\"lazy\" decoding=\"async\" width=\"498\" height=\"342\" src=\"https:\/\/pontevedra.wordcamp.org\/2024\/files\/2024\/04\/taller.webp\" alt=\"Participante de la demo poniendo en pr\u00e1ctica lo aprendido.\" class=\"wp-image-2596 size-full\" srcset=\"https:\/\/pontevedra.wordcamp.org\/2024\/files\/2024\/04\/taller.webp 498w, https:\/\/pontevedra.wordcamp.org\/2024\/files\/2024\/04\/taller-300x206.webp 300w, https:\/\/pontevedra.wordcamp.org\/2024\/files\/2024\/04\/taller-437x300.webp 437w\" sizes=\"auto, (max-width: 498px) 100vw, 498px\" \/><\/figure><div class=\"wp-block-media-text__content\">\n<h2 class=\"wp-block-heading has-accent-4-color has-text-color has-link-color has-large-font-size wp-elements-3f92d5308d2e161b7ca9986a3366042e\"><strong>Demo<\/strong><\/h2>\n\n\n\n<p class=\"wp-block-paragraph\">En tan s\u00f3lo 10 minutos, el ponente <strong>mostrar\u00e1 de forma pr\u00e1ctica c\u00f3mo funciona<\/strong> una aplicaci\u00f3n, un plugin, los pasos a seguir para realizar una estrategia concreta de\u2026<\/p>\n\n\n\n<p class=\"wp-block-paragraph\">Se trata de ver de una manera r\u00e1pida y sencilla la forma de hacer algo concreto para que los asistentes <strong>aprendan c\u00f3mo hacerlo<\/strong>.<\/p>\n<\/div><\/div>\n\n\n\n<div class=\"wp-block-media-text has-media-on-the-right is-stacked-on-mobile\" style=\"padding-top:24px;padding-bottom:24px;grid-template-columns:auto 40%\"><div class=\"wp-block-media-text__content\">\n<h2 class=\"wp-block-heading has-text-align-left has-accent-4-color has-text-color has-link-color has-large-font-size wp-elements-ebb4d94d9e30718c7602360e8973d755\"><strong><strong>Auditor\u00eda<\/strong><\/strong><\/h2>\n\n\n\n<p class=\"wp-block-paragraph\">Durante 20 minutos un experto en alg\u00fan \u00e1rea relacionada con el mundo de las p\u00e1ginas web o el emprendimiento <strong>revisar\u00e1 un proyecto real<\/strong>.<\/p>\n\n\n\n<p class=\"wp-block-paragraph\">Se trata de <strong>mostrar la metodolog\u00eda a seguir<\/strong> para identificar \u00e1reas de mejora y oportunidades para optimizar procesos en tu propio proyecto.<\/p>\n<\/div><figure class=\"wp-block-media-text__media\"><img loading=\"lazy\" decoding=\"async\" width=\"497\" height=\"340\" src=\"https:\/\/pontevedra.wordcamp.org\/2024\/files\/2024\/04\/auditoria.webp\" alt=\"Ponente mostrando los errores de un sitio web\" class=\"wp-image-2609 size-full\" srcset=\"https:\/\/pontevedra.wordcamp.org\/2024\/files\/2024\/04\/auditoria.webp 497w, https:\/\/pontevedra.wordcamp.org\/2024\/files\/2024\/04\/auditoria-300x205.webp 300w, https:\/\/pontevedra.wordcamp.org\/2024\/files\/2024\/04\/auditoria-439x300.webp 439w\" sizes=\"auto, (max-width: 497px) 100vw, 497px\" \/><\/figure><\/div>\n\n\n\n<div class=\"wp-block-media-text is-stacked-on-mobile\" style=\"padding-top:24px;padding-bottom:24px;grid-template-columns:40% auto\"><figure class=\"wp-block-media-text__media\"><img loading=\"lazy\" decoding=\"async\" width=\"501\" height=\"343\" src=\"https:\/\/pontevedra.wordcamp.org\/2024\/files\/2024\/04\/consultoria.webp\" alt=\"Participante de la consultor\u00eda haciendo una pregunta\" class=\"wp-image-2607 size-full\" srcset=\"https:\/\/pontevedra.wordcamp.org\/2024\/files\/2024\/04\/consultoria.webp 501w, https:\/\/pontevedra.wordcamp.org\/2024\/files\/2024\/04\/consultoria-300x205.webp 300w, https:\/\/pontevedra.wordcamp.org\/2024\/files\/2024\/04\/consultoria-438x300.webp 438w\" sizes=\"auto, (max-width: 501px) 100vw, 501px\" \/><\/figure><div class=\"wp-block-media-text__content\">\n<h2 class=\"wp-block-heading has-accent-4-color has-text-color has-link-color has-large-font-size wp-elements-3332cebc9aea1f3fb2121273fcc24b84\"><strong>Consultor\u00eda<\/strong><\/h2>\n\n\n\n<p class=\"wp-block-paragraph\">Durante 10 minutos, el ponente <strong>dar\u00e1 consejos y recomendaciones personalizadas <\/strong>sobre casos concretos de la audiencia para ayudarles a resolver sus dudas o problemas.<\/p>\n\n\n\n<p class=\"wp-block-paragraph\">Para ello <strong>se podr\u00e1n enviar preguntas con antelaci\u00f3n al evento<\/strong>, las cuales ser\u00e1n respondidas con soluciones basadas en la experiencia.<\/p>\n<\/div><\/div>\n\n\n\n<div class=\"wp-block-media-text has-media-on-the-right is-stacked-on-mobile\" style=\"padding-top:24px;padding-bottom:24px;grid-template-columns:auto 40%\"><div class=\"wp-block-media-text__content\">\n<h2 class=\"wp-block-heading has-text-align-left has-accent-4-color has-text-color has-link-color has-large-font-size wp-elements-fc8bc96349a547e92d73f09bedf92645\"><strong><strong>Debate abierto<\/strong><\/strong><\/h2>\n\n\n\n<p class=\"wp-block-paragraph\">Este formato es una oportunidad para entablar una <strong>conversaci\u00f3n abierta y din\u00e1mica<\/strong>, durante 60 minutos, sobre un tema relevante relacionado con WordPress y el emprendimiento.<\/p>\n\n\n\n<p class=\"wp-block-paragraph\">Se trata de identificar juntos problemas reales compartiendo perspectivas, ideas y experiencias para explorar diferentes puntos de vista y <strong>generar soluciones innovadoras.<\/strong><\/p>\n<\/div><figure class=\"wp-block-media-text__media\"><img loading=\"lazy\" decoding=\"async\" width=\"502\" height=\"340\" src=\"https:\/\/pontevedra.wordcamp.org\/2024\/files\/2024\/04\/debate_aberto.png\" alt=\"Grupo de participantes debatiendo\" class=\"wp-image-2606 size-full\" srcset=\"https:\/\/pontevedra.wordcamp.org\/2024\/files\/2024\/04\/debate_aberto.png 502w, https:\/\/pontevedra.wordcamp.org\/2024\/files\/2024\/04\/debate_aberto-300x203.png 300w, https:\/\/pontevedra.wordcamp.org\/2024\/files\/2024\/04\/debate_aberto-443x300.png 443w\" sizes=\"auto, (max-width: 502px) 100vw, 502px\" \/><\/figure><\/div>\n\n\n\n<div style=\"height:40px\" aria-hidden=\"true\" class=\"wp-block-spacer\"><\/div>\n<\/div>\n\n\n\n<div class=\"wp-block-group has-accent-4-background-color has-background is-layout-flow wp-block-group-is-layout-flow\" style=\"margin-top:0px;margin-bottom:0px;padding-top:48px;padding-bottom:48px\">\n<h2 class=\"wp-block-heading has-text-align-center con-interrogante has-accent-3-color has-text-color has-link-color wp-elements-212192436689112e1f3ba2cf69d0c849\"><strong>\u00bf<\/strong>Quieres ser ponente?<\/h2>\n\n\n\n<p class=\"has-text-align-center has-base-2-color has-text-color has-link-color has-medium-font-size wp-elements-4b4069270c2f5619208722fcbf18b16b wp-block-paragraph\">Para participar como ponente, mantente atento a la llamada y al periodo para presentar vuestras charlas y talleres.<\/p>\n\n\n\n<div class=\"wp-block-buttons is-content-justification-center is-layout-flex wp-container-core-buttons-is-layout-ff57ccb5 wp-block-buttons-is-layout-flex\" style=\"margin-top:24px;margin-bottom:24px\">\n<div class=\"wp-block-button is-style-fill sombra-verde\"><a class=\"wp-block-button__link has-accent-4-color has-base-2-background-color has-text-color has-background has-link-color has-border-color wp-element-button\" href=\"https:\/\/pontevedra.wordcamp.org\/2024\/participar-como-ponente\/\" style=\"border-color:#35ff69;border-radius:0px;padding-top:4px;padding-bottom:4px\">Participar<\/a><\/div>\n<\/div>\n<\/div>\n<\/div>\n","protected":false},"excerpt":{"rendered":"<p>Resumen y explicaci\u00f3n del tipo y formatos de conferencias que habr\u00e1 en la WordCamp Pontevedra 2024<\/p>\n","protected":false},"author":17330482,"featured_media":2595,"parent":3269,"menu_order":0,"comment_status":"closed","ping_status":"closed","template":"wp-custom-template-p-ginas-espa-ol","meta":{"_crdt_document":"","advanced_seo_description":"","jetpack_seo_html_title":"","jetpack_seo_noindex":false,"jetpack_post_was_ever_published":false,"footnotes":""},"class_list":["post-3257","page","type-page","status-publish","has-post-thumbnail","hentry"],"jetpack_sharing_enabled":true,"_links":{"self":[{"href":"https:\/\/pontevedra.wordcamp.org\/2024\/wp-json\/wp\/v2\/pages\/3257","targetHints":{"allow":["GET"]}}],"collection":[{"href":"https:\/\/pontevedra.wordcamp.org\/2024\/wp-json\/wp\/v2\/pages"}],"about":[{"href":"https:\/\/pontevedra.wordcamp.org\/2024\/wp-json\/wp\/v2\/types\/page"}],"author":[{"embeddable":true,"href":"https:\/\/pontevedra.wordcamp.org\/2024\/wp-json\/wp\/v2\/users\/17330482"}],"replies":[{"embeddable":true,"href":"https:\/\/pontevedra.wordcamp.org\/2024\/wp-json\/wp\/v2\/comments?post=3257"}],"version-history":[{"count":6,"href":"https:\/\/pontevedra.wordcamp.org\/2024\/wp-json\/wp\/v2\/pages\/3257\/revisions"}],"predecessor-version":[{"id":3725,"href":"https:\/\/pontevedra.wordcamp.org\/2024\/wp-json\/wp\/v2\/pages\/3257\/revisions\/3725"}],"up":[{"embeddable":true,"href":"https:\/\/pontevedra.wordcamp.org\/2024\/wp-json\/wp\/v2\/pages\/3269"}],"wp:featuredmedia":[{"embeddable":true,"href":"https:\/\/pontevedra.wordcamp.org\/2024\/wp-json\/wp\/v2\/media\/2595"}],"wp:attachment":[{"href":"https:\/\/pontevedra.wordcamp.org\/2024\/wp-json\/wp\/v2\/media?parent=3257"}],"curies":[{"name":"wp","href":"https:\/\/api.w.org\/{rel}","templated":true}]}}