{"id":3285,"date":"2024-05-03T11:16:50","date_gmt":"2024-05-03T09:16:50","guid":{"rendered":"https:\/\/pontevedra.wordcamp.org\/2024\/?page_id=3285"},"modified":"2024-09-20T10:21:20","modified_gmt":"2024-09-20T08:21:20","slug":"participar-taller-do_action","status":"publish","type":"page","link":"https:\/\/pontevedra.wordcamp.org\/2024\/es\/participar-taller-do_action\/","title":{"rendered":"Participar en el taller y en el do_action"},"content":{"rendered":"\n<div class=\"wp-block-group has-global-padding is-layout-constrained wp-block-group-is-layout-constrained\" style=\"margin-bottom:0px;padding-top:48px;padding-bottom:48px\">\n<h2 class=\"wp-block-heading has-text-align-center has-accent-4-color has-text-color has-link-color wp-elements-332545dbb5c90d448d0ae7cd1d9c0c9e\">Principiantes y profesionales<\/h2>\n\n\n\n<p class=\"has-text-align-center has-medium-font-size wp-block-paragraph\">Un a\u00f1o m\u00e1s, desde la Comunidad de WordPress Pontevedra, queremos reunir a principiantes, usuarios y profesionales de <a href=\"https:\/\/es.wordpress.org\/\" data-type=\"link\" data-id=\"https:\/\/es.wordpress.org\/\" target=\"_blank\" rel=\"noreferrer noopener\">WordPress<\/a> en un mismo evento mientras <strong>colaboran por una buena causa<\/strong>.<\/p>\n\n\n\n<p class=\"has-text-align-center has-medium-font-size wp-block-paragraph\">As\u00ed pues, realizaremos dos actividades en las que podr\u00e1s participar en ambas, o solo en la que prefieras:<\/p>\n\n\n\n<div class=\"wp-block-group has-global-padding is-layout-constrained wp-container-core-group-is-layout-9b26ac5f wp-block-group-is-layout-constrained\" style=\"margin-top:16px;margin-bottom:16px;padding-right:10%;padding-left:10%\">\n<ol class=\"wp-block-list\">\n<li class=\"has-medium-font-size\">Taller te\u00f3rico\/pr\u00e1ctico de iniciaci\u00f3n a WordPress.<\/li>\n\n\n\n<li class=\"has-medium-font-size\">do_action hackathon (Trabajo colaborativo).<\/li>\n<\/ol>\n<\/div>\n\n\n\n<p class=\"has-text-align-center has-medium-font-size wp-block-paragraph\">Aunque est\u00e1n dentro del programa de la PonteWordCamp, <strong>puedes participar en estas actividades sin necesidad de ser asistente de la WordCamp.<\/strong>&nbsp;<\/p>\n<\/div>\n\n\n\n<div class=\"wp-block-group alignfull is-layout-flow wp-container-core-group-is-layout-c2db5122 wp-block-group-is-layout-flow\" style=\"padding-right:0px;padding-left:0px\">\n<figure class=\"wp-block-image alignfull size-large\"><img loading=\"lazy\" decoding=\"async\" width=\"1024\" height=\"47\" src=\"https:\/\/pontevedra.wordcamp.org\/2024\/files\/2024\/04\/onda_gris-1-1024x47.webp\" alt=\"\" class=\"wp-image-2396\" srcset=\"https:\/\/pontevedra.wordcamp.org\/2024\/files\/2024\/04\/onda_gris-1-1024x47.webp 1024w, https:\/\/pontevedra.wordcamp.org\/2024\/files\/2024\/04\/onda_gris-1-300x14.webp 300w, https:\/\/pontevedra.wordcamp.org\/2024\/files\/2024\/04\/onda_gris-1-768x36.webp 768w, https:\/\/pontevedra.wordcamp.org\/2024\/files\/2024\/04\/onda_gris-1-500x23.webp 500w, https:\/\/pontevedra.wordcamp.org\/2024\/files\/2024\/04\/onda_gris-1-1536x71.webp 1536w, https:\/\/pontevedra.wordcamp.org\/2024\/files\/2024\/04\/onda_gris-1.webp 1920w\" sizes=\"auto, (max-width: 1024px) 100vw, 1024px\" \/><\/figure>\n\n\n\n<div class=\"wp-block-group has-custom-gris-fondo-background-color has-background has-global-padding is-layout-constrained wp-container-core-group-is-layout-feb6854e wp-block-group-is-layout-constrained\" style=\"padding-top:0px;padding-bottom:48px\">\n<div class=\"wp-block-media-text is-stacked-on-mobile\" style=\"padding-top:24px;padding-bottom:24px;grid-template-columns:40% auto\"><figure class=\"wp-block-media-text__media\"><img loading=\"lazy\" decoding=\"async\" width=\"502\" height=\"339\" src=\"https:\/\/pontevedra.wordcamp.org\/2024\/files\/2024\/04\/taller_fernando.webp\" alt=\"Foto durante o taller pr\u00e1ctico\" class=\"wp-image-2736 size-full\" srcset=\"https:\/\/pontevedra.wordcamp.org\/2024\/files\/2024\/04\/taller_fernando.webp 502w, https:\/\/pontevedra.wordcamp.org\/2024\/files\/2024\/04\/taller_fernando-300x203.webp 300w, https:\/\/pontevedra.wordcamp.org\/2024\/files\/2024\/04\/taller_fernando-444x300.webp 444w\" sizes=\"auto, (max-width: 502px) 100vw, 502px\" \/><\/figure><div class=\"wp-block-media-text__content\">\n<h2 class=\"wp-block-heading has-text-align-left has-accent-4-color has-text-color has-link-color has-love-ya-like-a-sister-font-family has-large-font-size wp-elements-2f4df052f5a422d549ac2323a5685f4b\"><strong>Taller te\u00f3rico\/pr\u00e1ctico de iniciaci\u00f3n a WordPress<\/strong><\/h2>\n\n\n\n<p class=\"has-medium-font-size wp-block-paragraph\">Pensado para cualquiera que le interese descubrir c\u00f3mo va eso de crear webs. Que siempre haya querido tener una web pero que le d\u00e9 pereza, o que le parezca demasiado complicado para hacerlo por su cuenta.<\/p>\n\n\n\n<p class=\"has-medium-font-size wp-block-paragraph\">De la mano de un\/a gran profesional, te adentrar\u00e1s en el mundo de WordPress y <strong>descubrir\u00e1s lo f\u00e1cil y r\u00e1pido que es crear una web con este gestor.<\/strong><\/p>\n<\/div><\/div>\n\n\n\n<div class=\"wp-block-media-text has-media-on-the-right is-stacked-on-mobile\" style=\"padding-top:24px;padding-bottom:24px;grid-template-columns:auto 40%\"><div class=\"wp-block-media-text__content\">\n<p class=\"has-text-align-left has-medium-font-size wp-block-paragraph\">Adem\u00e1s de los conocimientos, <strong>te llevar\u00e1s<\/strong>:<\/p>\n\n\n\n<div class=\"wp-block-group is-layout-flow wp-container-core-group-is-layout-fb6b32ec wp-block-group-is-layout-flow\" style=\"padding-right:2%;padding-left:2%\">\n<ol class=\"wp-block-list\">\n<li class=\"has-medium-font-size\">Una nueva <strong>instalaci\u00f3n de WordPress, propia y gratis, <\/strong>y todos los detalles de inicio de sesi\u00f3n precisos para que puedas comenzar a trabajar. Con un <strong>alojamiento gratuito durante 3 meses,<\/strong> para poder poner en pr\u00e1ctica o experimentar con lo aprendido.<\/li>\n\n\n\n<li class=\"has-medium-font-size\">Un <strong>certificado de asistencia<\/strong> que demuestre que tienes un dominio de los conceptos b\u00e1sicos.<\/li>\n<\/ol>\n<\/div>\n\n\n\n<p class=\"has-text-align-left has-medium-font-size wp-block-paragraph\"><strong>RECUERDA<\/strong> que est\u00e1 dirigido a <strong>principiantes <\/strong>sin conocimientos o con conocimientos b\u00e1sicos. Si est\u00e1s interesado\/a en participar en el Taller de Iniciaci\u00f3n, <strong>marca esta opci\u00f3n en el formulario<\/strong> de inscripci\u00f3n.<\/p>\n<\/div><figure class=\"wp-block-media-text__media\"><img loading=\"lazy\" decoding=\"async\" width=\"502\" height=\"340\" src=\"https:\/\/pontevedra.wordcamp.org\/2024\/files\/2024\/05\/taller_beneficios.webp\" alt=\"Foto de asistentes \u00f3 taller da WordCamp Pontevedra 2023\" class=\"wp-image-3123 size-full\" srcset=\"https:\/\/pontevedra.wordcamp.org\/2024\/files\/2024\/05\/taller_beneficios.webp 502w, https:\/\/pontevedra.wordcamp.org\/2024\/files\/2024\/05\/taller_beneficios-300x203.webp 300w, https:\/\/pontevedra.wordcamp.org\/2024\/files\/2024\/05\/taller_beneficios-443x300.webp 443w\" sizes=\"auto, (max-width: 502px) 100vw, 502px\" \/><\/figure><\/div>\n\n\n\n<div class=\"wp-block-media-text is-stacked-on-mobile\" style=\"padding-top:24px;padding-bottom:24px;grid-template-columns:40% auto\"><figure class=\"wp-block-media-text__media\"><img loading=\"lazy\" decoding=\"async\" width=\"500\" height=\"337\" src=\"https:\/\/pontevedra.wordcamp.org\/2024\/files\/2024\/04\/do_action_equipo.webp\" alt=\"Foto dun equipo traballando na web dunha das asociaci\u00f3ns\" class=\"wp-image-2743 size-full\" srcset=\"https:\/\/pontevedra.wordcamp.org\/2024\/files\/2024\/04\/do_action_equipo.webp 500w, https:\/\/pontevedra.wordcamp.org\/2024\/files\/2024\/04\/do_action_equipo-300x202.webp 300w, https:\/\/pontevedra.wordcamp.org\/2024\/files\/2024\/04\/do_action_equipo-445x300.webp 445w\" sizes=\"auto, (max-width: 500px) 100vw, 500px\" \/><\/figure><div class=\"wp-block-media-text__content\">\n<h2 class=\"wp-block-heading has-accent-4-color has-text-color has-link-color has-large-font-size wp-elements-b15f09662d5fdc3c88e463a844337610\"><strong>do_action hackathon<\/strong><\/h2>\n\n\n\n<p class=\"wp-block-paragraph\">do_action, simplemente es la forma que tiene la Comunidad de WordPress de nombrar a un evento en el que nos reunimos para planificar y crear el sitio web de unas organizaciones sin \u00e1nimo de lucro de \u00e1mbito local en un solo d\u00eda.<\/p>\n\n\n\n<p class=\"has-medium-font-size wp-block-paragraph\">Podr\u00e1n participar tanto los participantes del Taller de Iniciaci\u00f3n, como cualquiera que desee ayudar.<\/p>\n<\/div><\/div>\n\n\n\n<div class=\"wp-block-media-text has-media-on-the-right is-stacked-on-mobile\" style=\"padding-top:24px;padding-bottom:24px;grid-template-columns:auto 40%\"><div class=\"wp-block-media-text__content\">\n<p class=\"has-medium-font-size wp-block-paragraph\">Crearemos unos <strong>grupos de trabajo<\/strong> en base a los roles de los\/as participantes para cubrir todas las tareas precisas a la hora de crear una web. Seguiendo las indicaciones del Director\/a del Proyecto, se dise\u00f1ar\u00e1 y <strong>se crear\u00e1 una web a medida de lo acordado a las necesidades y caracter\u00edsticas de cada Asociaci\u00f3n.<\/strong><\/p>\n\n\n\n<p class=\"wp-block-paragraph\"><strong>RECUERDA<\/strong> que est\u00e1 dirigido a usuarios con <strong>conocimientos medios o avanzados<\/strong> e a profesionales. Si est\u00e1s interesado en participar en el do_action, <strong>marca esta opci\u00f3n en el formulario de inscrici\u00f3n<\/strong>.<\/p>\n<\/div><figure class=\"wp-block-media-text__media\"><img loading=\"lazy\" decoding=\"async\" width=\"504\" height=\"340\" src=\"https:\/\/pontevedra.wordcamp.org\/2024\/files\/2024\/04\/do_action_equipo_2.webp\" alt=\"Foto dun equipo traballando na web dunha das asociaci\u00f3ns\" class=\"wp-image-2744 size-full\" srcset=\"https:\/\/pontevedra.wordcamp.org\/2024\/files\/2024\/04\/do_action_equipo_2.webp 504w, https:\/\/pontevedra.wordcamp.org\/2024\/files\/2024\/04\/do_action_equipo_2-300x202.webp 300w, https:\/\/pontevedra.wordcamp.org\/2024\/files\/2024\/04\/do_action_equipo_2-445x300.webp 445w\" sizes=\"auto, (max-width: 504px) 100vw, 504px\" \/><\/figure><\/div>\n<\/div>\n<\/div>\n\n\n\n<div class=\"wp-block-group has-global-padding is-layout-constrained wp-block-group-is-layout-constrained\" style=\"margin-bottom:0px;padding-top:48px;padding-bottom:48px\">\n<h2 class=\"wp-block-heading has-text-align-left con-interrogante has-accent-4-color has-text-color has-link-color wp-elements-4bd6ffe871bb12c1aa7ca60d962bc221\"><span class=\"inv-question-mark\"><strong>\u00bf<\/strong><\/span>Qu\u00e9 incluye la inscripci\u00f3n?<\/h2>\n\n\n\n<p class=\"has-text-align-left has-medium-font-size wp-block-paragraph\">La inscripci\u00f3n es totalmente gratuita.<\/p>\n\n\n\n<ul class=\"wp-block-list is-style-checkmark-list\">\n<li>Poder participar en la actividad o actividades en las que te inscribas.<\/li>\n\n\n\n<li><strong>Caf\u00e9<\/strong> a media ma\u00f1ana (participantes del Taller de Iniciaci\u00f3n).<\/li>\n\n\n\n<li>Una <strong>comida<\/strong> en la cafeter\u00eda de la Universidad, gracias a patrocinadores.<\/li>\n\n\n\n<li><strong>Per\u00edodo de alojamiento gratuito<\/strong> en alguna de las empresas de hosting patrocinadoras del evento (participantes del Taller de Iniciaci\u00f3n).<\/li>\n\n\n\n<li><strong>Certificado de participaci\u00f3n<\/strong> firmado por el ponente e o grupo de WordPress de Pontevedra, (participantes do Taller de Iniciaci\u00f3n).<\/li>\n<\/ul>\n\n\n\n<div style=\"height:24px\" aria-hidden=\"true\" class=\"wp-block-spacer\"><\/div>\n\n\n\n<h2 class=\"wp-block-heading con-interrogante has-accent-4-color has-text-color has-link-color wp-elements-d1eabacaf7528eaf9e9eefc56f75e705\"><span class=\"inv-question-mark\"><strong>\u00bf<\/strong><\/span>Qu\u00e9 necesitas para participar?<\/h2>\n\n\n\n<p class=\"wp-block-paragraph\">Lo \u00fanico que debes traer es ganas de aprender, colaborar y un port\u00e1til. Te daremos WiFi para poder trabajar, pero no dispodremos de equipos inform\u00e1ticos.<\/p>\n\n\n\n<p class=\"wp-block-paragraph\">Deber\u00e1s contar con una cuenta de correo y poder acceder a ella. Recomendamos acceso a una cuenta de Google para poder compartir recursos gr\u00e1ficos para la web a trav\u00e9s de Drive.<\/p>\n\n\n\n<p class=\"wp-block-paragraph\">Tambi\u00e9n te pedimos que seas responsable. Son plazas limitadas. As\u00ed que, buscamos el m\u00e1ximo nivel de compromiso para poder organizar los equipos de trabajo y que sean lo m\u00e1s equilibrados posibles.<\/p>\n\n\n\n<div style=\"height:40px\" aria-hidden=\"true\" class=\"wp-block-spacer\"><\/div>\n\n\n\n<p class=\"has-text-align-center wp-block-paragraph\" style=\"font-size:clamp(15.747px, 0.984rem + ((1vw - 3.2px) * 1.006), 24px);\"><strong>IMPORTANTE:<\/strong><\/p>\n\n\n\n<p class=\"has-text-align-center has-medium-font-size wp-block-paragraph\">Tanto el <strong>Taller de Iniciaci\u00f3n como el do_action son gratuitos e independientes de la celebraci\u00f3n de la WordCamp<\/strong> al d\u00eda seguiente.<\/p>\n\n\n\n<div style=\"height:24px\" aria-hidden=\"true\" class=\"wp-block-spacer\"><\/div>\n\n\n\n<p class=\"has-text-align-center has-medium-font-size wp-block-paragraph\">Para participar en las <strong>sesiones del s\u00e1bado y domingo, necesitas comprar tu entrada.<\/strong> \u00a1No olvides comprar tu entrada si quieres asistir estos d\u00edas!<\/p>\n\n\n\n<div class=\"wp-block-buttons is-content-justification-center is-layout-flex wp-container-core-buttons-is-layout-ff57ccb5 wp-block-buttons-is-layout-flex\" style=\"margin-top:24px;margin-bottom:24px\">\n<div class=\"wp-block-button is-style-fill sombra-verde\"><a class=\"wp-block-button__link has-base-2-color has-accent-4-background-color has-text-color has-background has-link-color has-border-color wp-element-button\" href=\"https:\/\/pontevedra.wordcamp.org\/2024\/entradas_es\/\" style=\"border-color:#35ff69;border-radius:0px;padding-top:4px;padding-right:24px;padding-bottom:4px;padding-left:24px\">Comprar entrada<\/a><\/div>\n<\/div>\n<\/div>\n\n\n\n<div class=\"wp-block-group alignfull has-custom-gris-fondo-background-color has-background is-layout-flow wp-block-group-is-layout-flow\">\n<div class=\"wp-block-group has-global-padding is-layout-constrained wp-container-core-group-is-layout-e868fd80 wp-block-group-is-layout-constrained\" style=\"padding-top:40px;padding-bottom:40px\">\n<div class=\"wp-block-group has-global-padding is-layout-constrained wp-container-core-group-is-layout-e868fd80 wp-block-group-is-layout-constrained\" style=\"padding-top:40px;padding-bottom:40px\">\n<h2 class=\"wp-block-heading has-text-align-center\" style=\"font-size:clamp(17.371px, 1.086rem + ((1vw - 3.2px) * 1.174), 27px);\"><strong>Formulario de inscripci\u00f3n<\/strong><\/h2>\n\n\n\n<p class=\"has-text-align-center wp-block-paragraph\">INSCRIPCIONES CERRADAS<\/p>\n\n\n\n<p class=\"has-text-align-center has-medium-font-size wp-block-paragraph\">Para cualquier duda escr\u00edbenos a&nbsp;<a href=\"mailto:pontevedra@wordcamp.org\"><strong>pontevedra@wordcamp.org<\/strong><\/a><\/p>\n<\/div>\n<\/div>\n<\/div>\n\n\n\n<div class=\"wp-block-group alignfull has-accent-4-background-color has-background has-global-padding is-layout-constrained wp-block-group-is-layout-constrained\" style=\"margin-top:0;margin-bottom:0;padding-top:48px;padding-bottom:48px\">\n<h2 class=\"wp-block-heading has-text-align-center has-accent-3-color has-text-color has-link-color wp-elements-2eea2c4dc0afad805768b6d74230a468\">Suscr\u00edbete a nuestro blog<\/h2>\n\n\n\n<p class=\"has-text-align-center has-base-2-color has-text-color has-link-color has-medium-font-size wp-elements-4d77f6d6c7ee1de01b0557bd825116e8 wp-block-paragraph\">Ent\u00e9rate de todo lo que estamos haciendo para que este evento sea inolvidable.<\/p>\n\n\n<div class=\"wp-block-jetpack-subscriptions__supports-newline suscripciones is-style-split wp-block-jetpack-subscriptions\">\n\t\t<div>\n\t\t\t<div>\n\t\t\t\t<div>\n\t\t\t\t\t<p >\n\t\t\t\t\t\t<a href=\"https:\/\/pontevedra.wordcamp.org\/2024\/?post_type=page&#038;p=3285\" style=\"font-size: 16px;padding: 15px 23px 15px 23px;margin: 0; margin-left: 10px;border-color: base-2;border-radius: 0px;border-width: 1px; text-decoration: none; white-space: nowrap; margin-left: 0\">Suscribirse<\/a>\n\t\t\t\t\t<\/p>\n\t\t\t\t<\/div>\n\t\t\t<\/div>\n\t\t<\/div>\n\t<\/div><\/div>\n\n\n\n<div style=\"height:40px\" aria-hidden=\"true\" class=\"wp-block-spacer\"><\/div>\n\n\n\n<h2 class=\"wp-block-heading has-text-align-center has-accent-4-color has-text-color has-link-color wp-elements-7efacc85791abf166ac8cd033f1ba039\">Patrocinadores del taller y do_action<\/h2>\n\n\n\n<figure class=\"wp-block-gallery has-nested-images columns-default wp-block-gallery-1 is-layout-flex wp-block-gallery-is-layout-flex\">\n<figure class=\"wp-block-image size-medium\"><img decoding=\"async\" data-id=\"3954\" src=\"https:\/\/pontevedra.wordcamp.org\/2022\/files\/2022\/09\/logo_asociacion_pontupstore_horizontal_color_2022-300x138.png\" alt=\"\" class=\"wp-image-3954\" \/><\/figure>\n\n\n\n<figure class=\"wp-block-image size-full\"><img decoding=\"async\" data-id=\"212\" src=\"https:\/\/pontevedra.wordcamp.org\/2023\/files\/2023\/04\/siteground.jpg\" alt=\"SiteGround\" class=\"wp-image-212\" \/><\/figure>\n\n\n\n<figure class=\"wp-block-image size-full\"><img decoding=\"async\" data-id=\"222\" src=\"https:\/\/pontevedra.wordcamp.org\/2023\/files\/2023\/04\/lucushost.jpg\" alt=\"LucusHost\" class=\"wp-image-222\" \/><\/figure>\n<\/figure>\n","protected":false},"excerpt":{"rendered":"<p>Informaci\u00f3n que debes saber para poder participar en el taller de iniciaci\u00f3n a WordPress o\/y en el do_action hackathon<\/p>\n","protected":false},"author":17330482,"featured_media":2736,"parent":3269,"menu_order":0,"comment_status":"closed","ping_status":"closed","template":"wp-custom-template-p-ginas-espa-ol","meta":{"_crdt_document":"","advanced_seo_description":"","jetpack_seo_html_title":"","jetpack_seo_noindex":false,"jetpack_post_was_ever_published":false,"footnotes":""},"class_list":["post-3285","page","type-page","status-publish","has-post-thumbnail","hentry"],"jetpack_sharing_enabled":true,"_links":{"self":[{"href":"https:\/\/pontevedra.wordcamp.org\/2024\/wp-json\/wp\/v2\/pages\/3285","targetHints":{"allow":["GET"]}}],"collection":[{"href":"https:\/\/pontevedra.wordcamp.org\/2024\/wp-json\/wp\/v2\/pages"}],"about":[{"href":"https:\/\/pontevedra.wordcamp.org\/2024\/wp-json\/wp\/v2\/types\/page"}],"author":[{"embeddable":true,"href":"https:\/\/pontevedra.wordcamp.org\/2024\/wp-json\/wp\/v2\/users\/17330482"}],"replies":[{"embeddable":true,"href":"https:\/\/pontevedra.wordcamp.org\/2024\/wp-json\/wp\/v2\/comments?post=3285"}],"version-history":[{"count":15,"href":"https:\/\/pontevedra.wordcamp.org\/2024\/wp-json\/wp\/v2\/pages\/3285\/revisions"}],"predecessor-version":[{"id":7783,"href":"https:\/\/pontevedra.wordcamp.org\/2024\/wp-json\/wp\/v2\/pages\/3285\/revisions\/7783"}],"up":[{"embeddable":true,"href":"https:\/\/pontevedra.wordcamp.org\/2024\/wp-json\/wp\/v2\/pages\/3269"}],"wp:featuredmedia":[{"embeddable":true,"href":"https:\/\/pontevedra.wordcamp.org\/2024\/wp-json\/wp\/v2\/media\/2736"}],"wp:attachment":[{"href":"https:\/\/pontevedra.wordcamp.org\/2024\/wp-json\/wp\/v2\/media?parent=3285"}],"curies":[{"name":"wp","href":"https:\/\/api.w.org\/{rel}","templated":true}]}}