{"id":3337,"date":"2024-05-03T14:06:30","date_gmt":"2024-05-03T12:06:30","guid":{"rendered":"https:\/\/pontevedra.wordcamp.org\/2024\/?page_id=3337"},"modified":"2024-05-30T13:12:06","modified_gmt":"2024-05-30T11:12:06","slug":"noticias","status":"publish","type":"page","link":"https:\/\/pontevedra.wordcamp.org\/2024\/es\/noticias\/","title":{"rendered":"Noticias"},"content":{"rendered":"\n<div class=\"wp-block-group is-layout-flow wp-block-group-is-layout-flow\" style=\"padding-top:0px;padding-right:0px;padding-bottom:0px;padding-left:0px\">\n<div class=\"wp-block-query cl-news-pages is-layout-flow wp-block-query-is-layout-flow\"><ul class=\"columns-3 wp-block-post-template is-layout-grid wp-container-core-post-template-is-layout-3ff960a2 wp-block-post-template-is-layout-grid\"><li class=\"wp-block-post post-7552 post type-post status-publish format-standard has-post-thumbnail hentry category-uncategorized\">\n\n<div class=\"wp-block-group has-global-padding is-layout-constrained wp-container-core-group-is-layout-bddd0ca9 wp-block-group-is-layout-constrained\" style=\"border-style:none;border-width:0px;border-top-left-radius:8px;border-top-right-radius:8px;border-bottom-left-radius:8px;border-bottom-right-radius:8px;min-height:360px;padding-top:0;padding-right:2%;padding-bottom:0;padding-left:2%\"><figure style=\"aspect-ratio:4\/3;\" class=\"wp-block-post-featured-image\"><a href=\"https:\/\/pontevedra.wordcamp.org\/2024\/o-que-pasou-no-espazo-conecta\/\" target=\"_self\"  ><img loading=\"lazy\" decoding=\"async\" width=\"1440\" height=\"960\" src=\"https:\/\/pontevedra.wordcamp.org\/2024\/files\/2024\/09\/Juan.webp\" class=\"attachment-post-thumbnail size-post-thumbnail wp-post-image\" alt=\"O que pasou no Espazo Conecta\" style=\"width:100%;height:100%;object-fit:contain;\" srcset=\"https:\/\/pontevedra.wordcamp.org\/2024\/files\/2024\/09\/Juan.webp 1440w, https:\/\/pontevedra.wordcamp.org\/2024\/files\/2024\/09\/Juan-300x200.webp 300w, https:\/\/pontevedra.wordcamp.org\/2024\/files\/2024\/09\/Juan-1024x683.webp 1024w, https:\/\/pontevedra.wordcamp.org\/2024\/files\/2024\/09\/Juan-768x512.webp 768w, https:\/\/pontevedra.wordcamp.org\/2024\/files\/2024\/09\/Juan-450x300.webp 450w\" sizes=\"auto, (max-width: 1440px) 100vw, 1440px\" \/><\/a><\/figure>\n\n<div style=\"line-height:1; padding-top:0;padding-bottom:0;margin-top:0;margin-bottom:0;\" class=\"wp-block-post-date\"><time datetime=\"2024-09-30T12:30:00+02:00\">30 Setembro, 2024<\/time><\/div>\n\n<h2 style=\"font-size:clamp(15.747px, 0.984rem + ((1vw - 3.2px) * 1.006), 24px);font-style:normal;font-weight:600; padding-top:0;padding-right:2%;padding-bottom:0;padding-left:2%;\" class=\"has-link-color wp-elements-0b5b87d92951c2d8f0820b20a64d6e19 wp-block-post-title has-text-color has-accent-4-color has-open-sans-font-family\"><a href=\"https:\/\/pontevedra.wordcamp.org\/2024\/o-que-pasou-no-espazo-conecta\/\" target=\"_self\" >O que pasou no Espazo Conecta<\/a><\/h2>\n\n<div style=\"padding-right:2%;padding-left:2%;padding-bottom:0%;\" class=\"has-link-color wp-elements-2e844922313706ba8b5cc4d3dbd998fd wp-block-post-excerpt has-text-color has-contrast-color\"><p class=\"wp-block-post-excerpt__excerpt\">Resumo e vivencias de Juan Hernando no Espazo Conecta da WordCamp Pontevedra 2024<\/p><p class=\"wp-block-post-excerpt__more-text\"><a class=\"wp-block-post-excerpt__more-link\" href=\"https:\/\/pontevedra.wordcamp.org\/2024\/o-que-pasou-no-espazo-conecta\/\"><strong>Ver la entrada<\/strong><\/a><\/p><\/div><\/div>\n\n<\/li><li class=\"wp-block-post post-7540 post type-post status-publish format-standard has-post-thumbnail hentry category-uncategorized\">\n\n<div class=\"wp-block-group has-global-padding is-layout-constrained wp-container-core-group-is-layout-bddd0ca9 wp-block-group-is-layout-constrained\" style=\"border-style:none;border-width:0px;border-top-left-radius:8px;border-top-right-radius:8px;border-bottom-left-radius:8px;border-bottom-right-radius:8px;min-height:360px;padding-top:0;padding-right:2%;padding-bottom:0;padding-left:2%\"><figure style=\"aspect-ratio:4\/3;\" class=\"wp-block-post-featured-image\"><a href=\"https:\/\/pontevedra.wordcamp.org\/2024\/resumos-videos-e-podcast-da-pontewordcamp-2024\/\" target=\"_self\"  ><img loading=\"lazy\" decoding=\"async\" width=\"1440\" height=\"960\" src=\"https:\/\/pontevedra.wordcamp.org\/2024\/files\/2024\/09\/resumo.webp\" class=\"attachment-post-thumbnail size-post-thumbnail wp-post-image\" alt=\"Resumos, v\u00eddeos e podcast da PonteWordCamp 2024\" style=\"width:100%;height:100%;object-fit:contain;\" srcset=\"https:\/\/pontevedra.wordcamp.org\/2024\/files\/2024\/09\/resumo.webp 1440w, https:\/\/pontevedra.wordcamp.org\/2024\/files\/2024\/09\/resumo-300x200.webp 300w, https:\/\/pontevedra.wordcamp.org\/2024\/files\/2024\/09\/resumo-1024x683.webp 1024w, https:\/\/pontevedra.wordcamp.org\/2024\/files\/2024\/09\/resumo-768x512.webp 768w, https:\/\/pontevedra.wordcamp.org\/2024\/files\/2024\/09\/resumo-450x300.webp 450w\" sizes=\"auto, (max-width: 1440px) 100vw, 1440px\" \/><\/a><\/figure>\n\n<div style=\"line-height:1; padding-top:0;padding-bottom:0;margin-top:0;margin-bottom:0;\" class=\"wp-block-post-date\"><time datetime=\"2024-09-27T20:00:00+02:00\">27 Setembro, 2024<\/time><\/div>\n\n<h2 style=\"font-size:clamp(15.747px, 0.984rem + ((1vw - 3.2px) * 1.006), 24px);font-style:normal;font-weight:600; padding-top:0;padding-right:2%;padding-bottom:0;padding-left:2%;\" class=\"has-link-color wp-elements-0b5b87d92951c2d8f0820b20a64d6e19 wp-block-post-title has-text-color has-accent-4-color has-open-sans-font-family\"><a href=\"https:\/\/pontevedra.wordcamp.org\/2024\/resumos-videos-e-podcast-da-pontewordcamp-2024\/\" target=\"_self\" >Resumos, v\u00eddeos e podcast da PonteWordCamp 2024<\/a><\/h2>\n\n<div style=\"padding-right:2%;padding-left:2%;padding-bottom:0%;\" class=\"has-link-color wp-elements-2e844922313706ba8b5cc4d3dbd998fd wp-block-post-excerpt has-text-color has-contrast-color\"><p class=\"wp-block-post-excerpt__excerpt\">Como \u00e9 tradici\u00f3n recompilamos os resumos por escrito, en v\u00eddeo, audio o fotograf\u00edas desta gran WordCamp de Pontevedra. Grazas por formar parte, por viaxar, traer as t\u00faas ilusi\u00f3ns, enerx\u00eda e&hellip;<\/p><p class=\"wp-block-post-excerpt__more-text\"><a class=\"wp-block-post-excerpt__more-link\" href=\"https:\/\/pontevedra.wordcamp.org\/2024\/resumos-videos-e-podcast-da-pontewordcamp-2024\/\"><strong>Ver la entrada<\/strong><\/a><\/p><\/div><\/div>\n\n<\/li><li class=\"wp-block-post post-7544 post type-post status-publish format-standard has-post-thumbnail hentry category-uncategorized\">\n\n<div class=\"wp-block-group has-global-padding is-layout-constrained wp-container-core-group-is-layout-bddd0ca9 wp-block-group-is-layout-constrained\" style=\"border-style:none;border-width:0px;border-top-left-radius:8px;border-top-right-radius:8px;border-bottom-left-radius:8px;border-bottom-right-radius:8px;min-height:360px;padding-top:0;padding-right:2%;padding-bottom:0;padding-left:2%\"><figure style=\"aspect-ratio:4\/3;\" class=\"wp-block-post-featured-image\"><a href=\"https:\/\/pontevedra.wordcamp.org\/2024\/volverei-con-mais-gana\/\" target=\"_self\"  ><img loading=\"lazy\" decoding=\"async\" width=\"1440\" height=\"960\" src=\"https:\/\/pontevedra.wordcamp.org\/2024\/files\/2024\/09\/monica.webp\" class=\"attachment-post-thumbnail size-post-thumbnail wp-post-image\" alt=\"Volverei con m\u00e1is ga\u00f1a!\" style=\"width:100%;height:100%;object-fit:contain;\" srcset=\"https:\/\/pontevedra.wordcamp.org\/2024\/files\/2024\/09\/monica.webp 1440w, https:\/\/pontevedra.wordcamp.org\/2024\/files\/2024\/09\/monica-300x200.webp 300w, https:\/\/pontevedra.wordcamp.org\/2024\/files\/2024\/09\/monica-1024x683.webp 1024w, https:\/\/pontevedra.wordcamp.org\/2024\/files\/2024\/09\/monica-768x512.webp 768w, https:\/\/pontevedra.wordcamp.org\/2024\/files\/2024\/09\/monica-450x300.webp 450w\" sizes=\"auto, (max-width: 1440px) 100vw, 1440px\" \/><\/a><\/figure>\n\n<div style=\"line-height:1; padding-top:0;padding-bottom:0;margin-top:0;margin-bottom:0;\" class=\"wp-block-post-date\"><time datetime=\"2024-09-26T12:00:00+02:00\">26 Setembro, 2024<\/time><\/div>\n\n<h2 style=\"font-size:clamp(15.747px, 0.984rem + ((1vw - 3.2px) * 1.006), 24px);font-style:normal;font-weight:600; padding-top:0;padding-right:2%;padding-bottom:0;padding-left:2%;\" class=\"has-link-color wp-elements-0b5b87d92951c2d8f0820b20a64d6e19 wp-block-post-title has-text-color has-accent-4-color has-open-sans-font-family\"><a href=\"https:\/\/pontevedra.wordcamp.org\/2024\/volverei-con-mais-gana\/\" target=\"_self\" >Volverei con m\u00e1is ga\u00f1a!<\/a><\/h2>\n\n<div style=\"padding-right:2%;padding-left:2%;padding-bottom:0%;\" class=\"has-link-color wp-elements-2e844922313706ba8b5cc4d3dbd998fd wp-block-post-excerpt has-text-color has-contrast-color\"><p class=\"wp-block-post-excerpt__excerpt\">Resumo e visi\u00f3n da WordCamp Pontevedra 2024 por M\u00f3nica Saavedra, responsable do equipo de relatores.<\/p><p class=\"wp-block-post-excerpt__more-text\"><a class=\"wp-block-post-excerpt__more-link\" href=\"https:\/\/pontevedra.wordcamp.org\/2024\/volverei-con-mais-gana\/\"><strong>Ver la entrada<\/strong><\/a><\/p><\/div><\/div>\n\n<\/li><li class=\"wp-block-post post-7357 post type-post status-publish format-standard has-post-thumbnail hentry category-uncategorized\">\n\n<div class=\"wp-block-group has-global-padding is-layout-constrained wp-container-core-group-is-layout-bddd0ca9 wp-block-group-is-layout-constrained\" style=\"border-style:none;border-width:0px;border-top-left-radius:8px;border-top-right-radius:8px;border-bottom-left-radius:8px;border-bottom-right-radius:8px;min-height:360px;padding-top:0;padding-right:2%;padding-bottom:0;padding-left:2%\"><figure style=\"aspect-ratio:4\/3;\" class=\"wp-block-post-featured-image\"><a href=\"https:\/\/pontevedra.wordcamp.org\/2024\/o-plan-para-esta-wordcamp-pontevedra\/\" target=\"_self\"  ><img loading=\"lazy\" decoding=\"async\" width=\"1440\" height=\"960\" src=\"https:\/\/pontevedra.wordcamp.org\/2024\/files\/2024\/09\/Plan.webp\" class=\"attachment-post-thumbnail size-post-thumbnail wp-post-image\" alt=\"O plan para esta WordCamp Pontevedra\" style=\"width:100%;height:100%;object-fit:contain;\" srcset=\"https:\/\/pontevedra.wordcamp.org\/2024\/files\/2024\/09\/Plan.webp 1440w, https:\/\/pontevedra.wordcamp.org\/2024\/files\/2024\/09\/Plan-300x200.webp 300w, https:\/\/pontevedra.wordcamp.org\/2024\/files\/2024\/09\/Plan-1024x683.webp 1024w, https:\/\/pontevedra.wordcamp.org\/2024\/files\/2024\/09\/Plan-768x512.webp 768w, https:\/\/pontevedra.wordcamp.org\/2024\/files\/2024\/09\/Plan-450x300.webp 450w\" sizes=\"auto, (max-width: 1440px) 100vw, 1440px\" \/><\/a><\/figure>\n\n<div style=\"line-height:1; padding-top:0;padding-bottom:0;margin-top:0;margin-bottom:0;\" class=\"wp-block-post-date\"><time datetime=\"2024-09-17T20:00:00+02:00\">17 Setembro, 2024<\/time><\/div>\n\n<h2 style=\"font-size:clamp(15.747px, 0.984rem + ((1vw - 3.2px) * 1.006), 24px);font-style:normal;font-weight:600; padding-top:0;padding-right:2%;padding-bottom:0;padding-left:2%;\" class=\"has-link-color wp-elements-0b5b87d92951c2d8f0820b20a64d6e19 wp-block-post-title has-text-color has-accent-4-color has-open-sans-font-family\"><a href=\"https:\/\/pontevedra.wordcamp.org\/2024\/o-plan-para-esta-wordcamp-pontevedra\/\" target=\"_self\" >O plan para esta WordCamp Pontevedra<\/a><\/h2>\n\n<div style=\"padding-right:2%;padding-left:2%;padding-bottom:0%;\" class=\"has-link-color wp-elements-2e844922313706ba8b5cc4d3dbd998fd wp-block-post-excerpt has-text-color has-contrast-color\"><p class=\"wp-block-post-excerpt__excerpt\">Resumo das actividades e do que podes facer de venres a domingo na WordCamp Pontevedra<\/p><p class=\"wp-block-post-excerpt__more-text\"><a class=\"wp-block-post-excerpt__more-link\" href=\"https:\/\/pontevedra.wordcamp.org\/2024\/o-plan-para-esta-wordcamp-pontevedra\/\"><strong>Ver la entrada<\/strong><\/a><\/p><\/div><\/div>\n\n<\/li><li class=\"wp-block-post post-7374 post type-post status-publish format-standard has-post-thumbnail hentry category-novas tag-comunidade tag-contributor-day tag-pontevedra tag-wordcamp\">\n\n<div class=\"wp-block-group has-global-padding is-layout-constrained wp-container-core-group-is-layout-bddd0ca9 wp-block-group-is-layout-constrained\" style=\"border-style:none;border-width:0px;border-top-left-radius:8px;border-top-right-radius:8px;border-bottom-left-radius:8px;border-bottom-right-radius:8px;min-height:360px;padding-top:0;padding-right:2%;padding-bottom:0;padding-left:2%\"><figure style=\"aspect-ratio:4\/3;\" class=\"wp-block-post-featured-image\"><a href=\"https:\/\/pontevedra.wordcamp.org\/2024\/de-que-vai-iso-do-dia-da-comunidade\/\" target=\"_self\"  ><img loading=\"lazy\" decoding=\"async\" width=\"1440\" height=\"960\" src=\"https:\/\/pontevedra.wordcamp.org\/2024\/files\/2024\/09\/dia_comunidade.webp\" class=\"attachment-post-thumbnail size-post-thumbnail wp-post-image\" alt=\"De que vai iso do \u00abD\u00eda da Comunidade\u00bb?\" style=\"width:100%;height:100%;object-fit:contain;\" srcset=\"https:\/\/pontevedra.wordcamp.org\/2024\/files\/2024\/09\/dia_comunidade.webp 1440w, https:\/\/pontevedra.wordcamp.org\/2024\/files\/2024\/09\/dia_comunidade-300x200.webp 300w, https:\/\/pontevedra.wordcamp.org\/2024\/files\/2024\/09\/dia_comunidade-1024x683.webp 1024w, https:\/\/pontevedra.wordcamp.org\/2024\/files\/2024\/09\/dia_comunidade-768x512.webp 768w, https:\/\/pontevedra.wordcamp.org\/2024\/files\/2024\/09\/dia_comunidade-450x300.webp 450w\" sizes=\"auto, (max-width: 1440px) 100vw, 1440px\" \/><\/a><\/figure>\n\n<div style=\"line-height:1; padding-top:0;padding-bottom:0;margin-top:0;margin-bottom:0;\" class=\"wp-block-post-date\"><time datetime=\"2024-09-16T20:01:13+02:00\">16 Setembro, 2024<\/time><\/div>\n\n<h2 style=\"font-size:clamp(15.747px, 0.984rem + ((1vw - 3.2px) * 1.006), 24px);font-style:normal;font-weight:600; padding-top:0;padding-right:2%;padding-bottom:0;padding-left:2%;\" class=\"has-link-color wp-elements-0b5b87d92951c2d8f0820b20a64d6e19 wp-block-post-title has-text-color has-accent-4-color has-open-sans-font-family\"><a href=\"https:\/\/pontevedra.wordcamp.org\/2024\/de-que-vai-iso-do-dia-da-comunidade\/\" target=\"_self\" >De que vai iso do \u00abD\u00eda da Comunidade\u00bb?<\/a><\/h2>\n\n<div style=\"padding-right:2%;padding-left:2%;padding-bottom:0%;\" class=\"has-link-color wp-elements-2e844922313706ba8b5cc4d3dbd998fd wp-block-post-excerpt has-text-color has-contrast-color\"><p class=\"wp-block-post-excerpt__excerpt\">Explicaci\u00f3n sobre o D\u00eda da Comunidade e das mesas de traballo da WordCamp Pontevedra nas que podes colaborar.<\/p><p class=\"wp-block-post-excerpt__more-text\"><a class=\"wp-block-post-excerpt__more-link\" href=\"https:\/\/pontevedra.wordcamp.org\/2024\/de-que-vai-iso-do-dia-da-comunidade\/\"><strong>Ver la entrada<\/strong><\/a><\/p><\/div><\/div>\n\n<\/li><li class=\"wp-block-post post-7345 post type-post status-publish format-standard has-post-thumbnail hentry category-uncategorized\">\n\n<div class=\"wp-block-group has-global-padding is-layout-constrained wp-container-core-group-is-layout-bddd0ca9 wp-block-group-is-layout-constrained\" style=\"border-style:none;border-width:0px;border-top-left-radius:8px;border-top-right-radius:8px;border-bottom-left-radius:8px;border-bottom-right-radius:8px;min-height:360px;padding-top:0;padding-right:2%;padding-bottom:0;padding-left:2%\"><figure style=\"aspect-ratio:4\/3;\" class=\"wp-block-post-featured-image\"><a href=\"https:\/\/pontevedra.wordcamp.org\/2024\/porque-non-hai-un-planeta-b\/\" target=\"_self\"  ><img loading=\"lazy\" decoding=\"async\" width=\"1440\" height=\"960\" src=\"https:\/\/pontevedra.wordcamp.org\/2024\/files\/2024\/09\/sostibilidade.webp\" class=\"attachment-post-thumbnail size-post-thumbnail wp-post-image\" alt=\"Porque non hai un planeta B\" style=\"width:100%;height:100%;object-fit:contain;\" srcset=\"https:\/\/pontevedra.wordcamp.org\/2024\/files\/2024\/09\/sostibilidade.webp 1440w, https:\/\/pontevedra.wordcamp.org\/2024\/files\/2024\/09\/sostibilidade-300x200.webp 300w, https:\/\/pontevedra.wordcamp.org\/2024\/files\/2024\/09\/sostibilidade-1024x683.webp 1024w, https:\/\/pontevedra.wordcamp.org\/2024\/files\/2024\/09\/sostibilidade-768x512.webp 768w, https:\/\/pontevedra.wordcamp.org\/2024\/files\/2024\/09\/sostibilidade-450x300.webp 450w\" sizes=\"auto, (max-width: 1440px) 100vw, 1440px\" \/><\/a><\/figure>\n\n<div style=\"line-height:1; padding-top:0;padding-bottom:0;margin-top:0;margin-bottom:0;\" class=\"wp-block-post-date\"><time datetime=\"2024-09-15T11:12:23+02:00\">15 Setembro, 2024<\/time><\/div>\n\n<h2 style=\"font-size:clamp(15.747px, 0.984rem + ((1vw - 3.2px) * 1.006), 24px);font-style:normal;font-weight:600; padding-top:0;padding-right:2%;padding-bottom:0;padding-left:2%;\" class=\"has-link-color wp-elements-0b5b87d92951c2d8f0820b20a64d6e19 wp-block-post-title has-text-color has-accent-4-color has-open-sans-font-family\"><a href=\"https:\/\/pontevedra.wordcamp.org\/2024\/porque-non-hai-un-planeta-b\/\" target=\"_self\" >Porque non hai un planeta B<\/a><\/h2>\n\n<div style=\"padding-right:2%;padding-left:2%;padding-bottom:0%;\" class=\"has-link-color wp-elements-2e844922313706ba8b5cc4d3dbd998fd wp-block-post-excerpt has-text-color has-contrast-color\"><p class=\"wp-block-post-excerpt__excerpt\">Informaci\u00f3n sobre as medidas de sostibilidade que implementamos este ano na WordCamp Pontevedra, e recomendaci\u00f3ns para os asistentes.<\/p><p class=\"wp-block-post-excerpt__more-text\"><a class=\"wp-block-post-excerpt__more-link\" href=\"https:\/\/pontevedra.wordcamp.org\/2024\/porque-non-hai-un-planeta-b\/\"><strong>Ver la entrada<\/strong><\/a><\/p><\/div><\/div>\n\n<\/li><\/ul>\n\n<nav class=\"wp-block-query-pagination is-content-justification-center is-layout-flex wp-container-core-query-pagination-is-layout-b29d4327 wp-block-query-pagination-is-layout-flex\" aria-label=\"Paxinaci\u00f3n\">\n\n\n<div class=\"wp-block-query-pagination-numbers\"><span aria-current=\"page\" class=\"page-numbers current\">1<\/span>\n<a class=\"page-numbers\" href=\"?query-47-page=2\">2<\/a>\n<a class=\"page-numbers\" href=\"?query-47-page=3\">3<\/a>\n<a class=\"page-numbers\" href=\"?query-47-page=4\">4<\/a><\/div>\n\n<a href=\"\/2024\/wp-json\/wp\/v2\/pages\/3337?query-47-page=2\" class=\"wp-block-query-pagination-next\">P\u00e1gina siguiente<span class='wp-block-query-pagination-next-arrow is-arrow-arrow' aria-hidden='true'>\u2192<\/span><\/a>\n<\/nav><\/div>\n<\/div>\n","protected":false},"excerpt":{"rendered":"","protected":false},"author":17330482,"featured_media":0,"parent":3269,"menu_order":0,"comment_status":"closed","ping_status":"closed","template":"wp-custom-template-p-ginas-espa-ol","meta":{"_crdt_document":"","advanced_seo_description":"","jetpack_seo_html_title":"","jetpack_seo_noindex":false,"jetpack_post_was_ever_published":false,"footnotes":""},"class_list":["post-3337","page","type-page","status-publish","hentry"],"jetpack_sharing_enabled":true,"_links":{"self":[{"href":"https:\/\/pontevedra.wordcamp.org\/2024\/wp-json\/wp\/v2\/pages\/3337","targetHints":{"allow":["GET"]}}],"collection":[{"href":"https:\/\/pontevedra.wordcamp.org\/2024\/wp-json\/wp\/v2\/pages"}],"about":[{"href":"https:\/\/pontevedra.wordcamp.org\/2024\/wp-json\/wp\/v2\/types\/page"}],"author":[{"embeddable":true,"href":"https:\/\/pontevedra.wordcamp.org\/2024\/wp-json\/wp\/v2\/users\/17330482"}],"replies":[{"embeddable":true,"href":"https:\/\/pontevedra.wordcamp.org\/2024\/wp-json\/wp\/v2\/comments?post=3337"}],"version-history":[{"count":6,"href":"https:\/\/pontevedra.wordcamp.org\/2024\/wp-json\/wp\/v2\/pages\/3337\/revisions"}],"predecessor-version":[{"id":4342,"href":"https:\/\/pontevedra.wordcamp.org\/2024\/wp-json\/wp\/v2\/pages\/3337\/revisions\/4342"}],"up":[{"embeddable":true,"href":"https:\/\/pontevedra.wordcamp.org\/2024\/wp-json\/wp\/v2\/pages\/3269"}],"wp:attachment":[{"href":"https:\/\/pontevedra.wordcamp.org\/2024\/wp-json\/wp\/v2\/media?parent=3337"}],"curies":[{"name":"wp","href":"https:\/\/api.w.org\/{rel}","templated":true}]}}